{"text_format":"1","workbook":"xlsx","n_sheets":4,"sheets":["Run Count Table","10 year club","Data","Notes"],"not_rendered":{"charts":0,"images":0,"macros":0,"external_links":0,"defined_names":9,"comments":0,"pivot_tables":1},"unopened":[],"bounds":{"document_bytes":16777216,"sheet_cells":100000,"rows_first":2000,"rows_last":500,"rows_between":2000,"halvings":0,"cell_chars":16384,"cell_head_chars":4096},"cells_cut":0,"cells_raw":0,"read":"whole","date_system":"1900"}

{"sheet":"Run Count Table","index":0,"n_rows":2233,"n_cols":4,"rows_kept":2233,"cut":false,"hidden":false,"merged":[]}
["TRF Running Festival - Marathon Records"]
["From 1973 to 2024"]
["Number of Marathons Runs Completed",null,null,{"$f":"COUNTIFS(Data!G3:G3663,\"<>DNF\")","v":3599}]
["Total Kilometres Run at TRF Marathon",null,null,{"$f":"D3*42.2","v":151877.80000000002}]
[]
["Name","Year","Time H.MM.SS","Count of Marathons completed"]
["ABDULRAHIM IKHWAN",null,null,1]
["ABEL CRAIG",null,null,1]
["ABRAHAM LOUISE",null,null,2]
["ADAMS BRIAN",null,null,1]
["ADAMS NATHAN",null,null,2]
["ADAMS STEVE",null,null,1]
["ADIE IWALI",null,null,1]
["AINSCOUGH NICK",null,null,3]
["AITKEN RON",null,null,3]
["AKINS DANNY",null,null,3]
["ALBERT RORY",null,null,1]
["ALBURY JIM",null,null,1]
["ALDERSON BENJAMIN",null,null,2]
["ALDERSON JACKSON",null,null,1]
["ALEXANDER KATHERINE",null,null,1]
["ALEXANDER KATIE",null,null,1]
["ALLEN GRAEME",null,null,1]
["ALLEN LISA",null,null,1]
["ALLEN PETE",null,null,1]
["ALROE KATHERINE",null,null,1]
["AMBROSE KYLE",null,null,1]
["AMOS BEAR",null,null,1]
["ANASSON ALEXANDRA",null,null,1]
["ANASSON TOM",null,null,1]
["ANDERSEN MICKAYLA",null,null,1]
["ANDERSEN SHAWN",null,null,1]
["ANDERSON BEN",null,null,1]
["ANDERSON CHELSEA",null,null,1]
["ANDERSON G",null,null,1]
["ANDERSON JOHN",null,null,1]
["ANDERSON KAY",null,null,1]
["ANDERSON LORNE",null,null,1]
["ANDERSON TREVOR",null,null,1]
["ANDERSON WAYNE JOHN",null,null,1]
["ANDERSSEN THOROLD",null,null,1]
["ANDRESS GREG",null,null,1]
["ANDREWS WILLIAM",null,null,1]
["ANSELL TERRY",null,null,2]
["APONTE JUAN",null,null,1]
["APPLEFORD D",null,null,1]
["AQUILINA CHRISTA",null,null,1]
["ARCHER CHRIS",null,null,1]
["ARCHER DEBORAH",null,null,3]
["ARCHER MICHAEL",null,null,4]
["ARDILL JOHN",null,null,1]
["ARMIT BRIAN",null,null,4]
["ARNOLD DAVID",null,null,4]
["ARNOLD ROBERT",null,null,1]
["ARNOLD VANESSA",null,null,1]
["ASHKETTLE BENJAMIN",null,null,1]
["ASHTON BRETT",null,null,1]
["ASTILL NEIL",null,null,2]
["ATCHESON DON",null,null,1]
["ATCHESON PARMY",null,null,1]
["ATKINSON BEN",null,null,1]
["ATKINSON CAMERON",null,null,2]
["ATKINSON DAVID",null,null,1]
["ATWELL ELAINE",null,null,2]
["AULBURY CHRIS",null,null,3]
["AUMULLER ALAN",null,null,1]
["AVENELL KEN",null,null,1]
["AVERY JACQUELINE",null,null,1]
["AXFORD BRENDAN",null,null,2]
["AYERS JOHN",null,null,2]
["AYERS NATALIE",null,null,1]
["AYUKAI MISAKI",null,null,1]
["BABORE TREVOR",null,null,1]
["BACHE MICHAEL",null,null,1]
["BACON LUKE",null,null,1]
["BADDELEY JOANNE",null,null,1]
["BADHAM ANKUR",null,null,1]
["BAGENT ADRIAN",null,null,1]
["BAINBRIDGE DEAN",null,null,7]
["BAINES ALEX",null,null,1]
["BAINES KESTER",null,null,2]
["BAIRD CATHY",null,null,2]
["BAIRD WARREN",null,null,2]
["BAIROS-NOVAK YOLOSWAG",null,null,1]
["BAKER EMILY",null,null,1]
["BAKER H",null,null,1]
["BAKER HOWARD",null,null,1]
["BAKER LUKE",null,null,1]
["BAKER MATT",null,null,9]
["BAKER NICHOLE",null,null,3]
["BAKER(2) MATT",null,null,1]
["BAKER-PERI DEBBIE",null,null,1]
["BAKURSKI CARMEL",null,null,1]
["BALDOCK TREVOR",null,null,1]
["BALDWIN CHERIE",null,null,1]
["BALL BELINDA",null,null,1]
["BALTAIS JONATHON",null,null,1]
["BAMBRICK TOM",null,null,6]
["BANAGHAN GLENDA",null,null,1]
["BANKS COLIN",null,null,7]
["BANKS RICHARD",null,null,9]
["BARBER DARREN",null,null,1]
["BARFIELD CHRISTOPHER",null,null,1]
["BARLOW AMANDA",null,null,1]
["BARNES ANTHONY",null,null,1]
["BARNES REBECCA",null,null,1]
["BARRA JASON",null,null,2]
["BARRALET GRAHAM",null,null,1]
["BARRETT ELLIE",null,null,1]
["BARRETT MARGARETT",null,null,1]
["BARRETT NEVILLE",null,null,1]
["BARRON ADAM",null,null,2]
["BARROT GRAHAM",null,null,1]
["BART ADAM",null,null,1]
["BARTLETT GARRY",null,null,1]
["BARTLETT RICHARD",null,null,1]
["BARTON JOHN",null,null,1]
["BARTUREN DANIEL",null,null,1]
["BATHGATE RAY",null,null,2]
["BATHIS AARON",null,null,1]
["BAULEKA JOELI",null,null,1]
["BAWDEN DAVE",null,null,1]
["BAXTER JOHN",null,null,1]
["BAYLEY CHRISTINE",null,null,1]
["BAYLISS TRENT",null,null,3]
["BEADNELL CHRIS",null,null,1]
["BEARD ADRIAN",null,null,1]
["BEARHAM SCOTT",null,null,1]
["BEATTIE THERESA",null,null,1]
["BEAVIS DAVE",null,null,1]
["BECK JODI",null,null,2]
["BECK MALCOLM",null,null,1]
["BECK TREVOR",null,null,1]
["BECK VICTORIA",null,null,1]
["BEECH COL",null,null,1]
["BEESLEY RON",null,null,1]
["BEIL LYNDIE",null,null,1]
["BEKEDORF JOACHIM",null,null,1]
["BELL DANIEL",null,null,1]
["BELL DYLAN",null,null,1]
["BELL MARK",null,null,1]
["BELL ROBERT",null,null,2]
["BELL TESS",null,null,1]
["BELLA JANINE",null,null,1]
["BELONOGOFF ALEXANDER",null,null,1]
["BENN WAYNE",null,null,1]
["BENNETT ELIZABETH",null,null,1]
["BENNETT MARK",null,null,1]
["BENSON DARREN",null,null,1]
["BENSON ROSS",null,null,1]
["BENSON ZACHARY",null,null,1]
["BERESFORD AYDEN",null,null,1]
["BERNSTONE MAX",null,null,1]
["BERRIDGE ÁKRISTY",null,null,1]
["BERRY JOSHUA",null,null,1]
["BERTANI JOEL",null,null,1]
["BETHUNE ROBERT",null,null,1]
["BETTANIN ERIC",null,null,1]
["BEVERLEY JADE",null,null,1]
["BILLOT JAMIE",null,null,1]
["BIRD DEVEN",null,null,5]
["BISH JOHN",null,null,3]
["BISHOP BRETT",null,null,1]
["BISHOP KAY",null,null,1]
["BIWER ISAK",null,null,1]
["BLACK BRIAN",null,null,1]
["BLACK NEIL",null,null,1]
["BLIESNER CHRISTINE",null,null,1]
["BLINCO GARY",null,null,1]
["BLINCO HELLEN",null,null,1]
["BLINCO TRENT",null,null,1]
["BLOOMFIELD MARK",null,null,1]
["BOEKAMP CHRIS",null,null,1]
["BOLES RACHAEL",null,null,1]
["BOLTON LINDA",null,null,1]
["BOLTON ROBBIE",null,null,1]
["BONA CLARE",null,null,2]
["BONANNO KIRSTIN",null,null,2]
["BOOTH CHRIS",null,null,1]
["BORELLINI ALLISON",null,null,1]
["BORWICK STUART",null,null,1]
["BOSCHEN MATTHEW",null,null,17]
["BOSCO VINCE",null,null,2]
["BOSHAMMER SHANE",null,null,1]
["BOSWORTH GEORGINA LOUISE",null,null,1]
["BOTTERILL ARTHUR",null,null,2]
["BOTWRIGHT P",null,null,1]
["BOURGONJE ERIC",null,null,1]
["BOU-SAMRA LEEANNE",null,null,1]
["BOUVIER JEAN",null,null,1]
["BOWEN ANNA",null,null,1]
["BOWES STUART",null,null,1]
["BOWIE HAYLEY",null,null,1]
["BOWLES SIMONE",null,null,1]
["BOWREY IAN",null,null,3]
["BOXSELL AYDEN",null,null,1]
["BOYCE ANDREA",null,null,1]
["BRADBURN BRITTANY",null,null,1]
["BRADING JOHN",null,null,1]
["BRADING TOM",null,null,1]
["BRADRIDGE HUGH",null,null,1]
["BRAMLEY CRAIG",null,null,1]
["BRANNAN CARMEN",null,null,1]
["BRAYSHER PHILIP",null,null,2]
["BRAZIL TERRY",null,null,5]
["BREADSELL GRANT",null,null,1]
["BRENNAN GABRIEL",null,null,2]
["BRENTON PAUL",null,null,3]
["BRERETON MIKE",null,null,1]
["BRERETON SARAH",null,null,3]
["BRESSAN GABE",null,null,1]
["BRHANE EKUBAY",null,null,1]
["BRIDGE DEAN",null,null,1]
["BRIGHT QUENTIN",null,null,1]
["BRIME LEONEL FERNANDO",null,null,1]
["BRINDLEY JAMES",null,null,1]
["BRITTAIN SCOTT",null,null,1]
["BRODRIBB KELSIE",null,null,1]
["BROOK DAVID",null,null,1]
["BROOKE SEAMUS",null,null,1]
["BROOS FRITS",null,null,1]
["BROSTROM ELDERENE",null,null,11]
["BROWN CAMPBELL",null,null,1]
["BROWN DAVID",null,null,3]
["BROWN JENNY",null,null,8]
["BROWN KEN",null,null,1]
["BROWN MORGAN",null,null,1]
["BROWN NICHOLAS",null,null,2]
["BROWN RHIANNON",null,null,1]
["BROWN SCOTT",null,null,3]
["BROWN SHANE",null,null,1]
["BROWN SHAUN",null,null,1]
["BROWN SONYA",null,null,1]
["BROWN TARYN",null,null,1]
["BROWN TREVOR",null,null,7]
["BRUGGEMANN ADAM",null,null,1]
["BRUMBY DENIS",null,null,2]
["BRUNNER CHRISTOPHER",null,null,1]
["BUCHANAN STEVE",null,null,1]
["BUCHANAN STUART",null,null,1]
["BUCHANEN B",null,null,1]
["BUCHANON J",null,null,1]
["BUCHHOLZ MARK",null,null,1]
["BUCKBY JOHN",null,null,4]
["BUCKLAND PETER",null,null,2]
["BUDD ROSLYN",null,null,2]
["BUDDEN CRAIG",null,null,1]
["BUENEN DANIEL",null,null,1]
["BUGEJA JOHN",null,null,1]
["BULLEN RUTH",null,null,1]
["BULLEY GEORGIA",null,null,1]
["BULLOCK LARA",null,null,1]
["BURCIN CHRIS",null,null,1]
["BURKE BRIAN",null,null,2]
["BURKE DAVID",null,null,1]
["BURKE JASON",null,null,1]
["BURKE JEFFREY",null,null,1]
["BURNS TYSON",null,null,3]
["BURROWS DAMIEN",null,null,3]
["BUSHELL LINDA",null,null,1]
["BUTLER MINETTE",null,null,1]
["BUTLER RYAN",null,null,1]
["BUTSON BEN",null,null,1]
["BUTSON HARRY",null,null,1]
["BUTSON LISA",null,null,1]
["BUTTIGIEG JASON",null,null,1]
["BUXTON JOSH",null,null,3]
["BYRNE DONNA",null,null,1]
["BYRNE STEPHEN",null,null,1]
["BYRNE ZOE",null,null,2]
["BYRNES RYAN",null,null,1]
["BYRNES TAYLOR",null,null,1]
["CADDY TIM",null,null,1]
["CADELL STEVE",null,null,1]
["CAHAYAG MICHAEL",null,null,2]
["CAIN MATTHEW",null,null,2]
["CAMERON DAVID",null,null,1]
["CAMERON DONALD",null,null,1]
["CAMILLERI JONATHAN",null,null,4]
["CAMILLERI KEVIN",null,null,1]
["CAMPBELL BRONWYN",null,null,1]
["CAMPBELL GLEN",null,null,1]
["CAMPBELL MARTIN",null,null,1]
["CAMPBELL PETER",null,null,2]
["CAMPBELL RALPH",null,null,1]
["CAMPERO CARLOS",null,null,1]
["CAMPHER ANKIE",null,null,1]
["CAMPHER MATIE",null,null,1]
["CANAPI ALEXANDRIA",null,null,1]
["CANDLER JAMES",null,null,1]
["CANNINGS DAVID",null,null,21]
["CAREY OLIVER",null,null,5]
["CARLISLE KAREN",null,null,1]
["CARLTON JOHN",null,null,6]
["CARMAN JO",null,null,1]
["CARMICHAEL KERRI",null,null,1]
["CARMODY SAM",null,null,1]
["CARRETTE WILL",null,null,1]
["CARRISON MARNIE",null,null,1]
["CARRODUS BILL",null,null,1]
["CARRUTHERS BEN",null,null,1]
["CARTER BEN",null,null,3]
["CARTER EVAN",null,null,1]
["CARTER NATALIE",null,null,1]
["CARTER PAUL",null,null,1]
["CASANOVAS RUSSEL",null,null,1]
["CASON GEORGE",null,null,2]
["CASPANI ANGELINA",null,null,1]
["CASTELLO SHANAY",null,null,2]
["CASTLEY BARRY",null,null,1]
["CASTLEY ZAHNE",null,null,1]
["CATON ANDREW",null,null,1]
["CAVANAGH BEN",null,null,1]
["CAVE MARK",null,null,1]
["CAVILL JIM",null,null,1]
["CAVIN BEN",null,null,1]
["CERNAZ MARK",null,null,2]
["CHALKER LAURIE",null,null,2]
["CHAND KUSH",null,null,1]
["CHANNELLS DAVID",null,null,1]
["CHAPMAN IAN",null,null,1]
["CHARLES DANIEL",null,null,1]
["CHARLES DARRAN",null,null,1]
["CHASE KIM",null,null,2]
["CHASSEUIL GEORGES",null,null,1]
["CHASSEUIL PATRICIA",null,null,1]
["CHATTERTON SUZANNE",null,null,1]
["CHEERS SCOTT",null,null,1]
["CHEYNE CLAIRE",null,null,1]
["CHING CHAN SHAN",null,null,1]
["CHOUKROUN SYLVIE",null,null,1]
["CHURCH ANDREW",null,null,1]
["CHURCHILL ALAN",null,null,3]
["CI JIREH TEO EN",null,null,1]
["CIRCOSTA PAUL",null,null,1]
["CIVIDIN MATTHEW",null,null,1]
["CLAIR LACHLAN",null,null,1]
["CLAPP PATCH",null,null,1]
["CLARE ELSIE",null,null,2]
["CLARK SCOTT",null,null,2]
["CLARKE KASEY",null,null,1]
["CLAUSS ROBERT",null,null,1]
["CLAYTON CAMERON",null,null,2]
["CLEMENTS KIARA",null,null,1]
["CLEMENTS MICHAEL",null,null,2]
["CLIFFORD PETER",null,null,1]
["CLINCH RODNEY",null,null,1]
["CLITHEROE REG",null,null,1]
["CLOSE KIM",null,null,1]
["CLOWES ANDREW",null,null,1]
["CLOWES MONTY",null,null,2]
["CLYNE DAN",null,null,1]
["CLYNK STEVE",null,null,1]
["COBURN RON",null,null,4]
["COBURN SUZANNE",null,null,1]
["COCHRANE TIM",null,null,1]
["COCKSHOTT JOE",null,null,1]
["COGHLAN JAMES",null,null,1]
["COHEN CHRIS",null,null,1]
["COLDITZ MICHAEL",null,null,1]
["COLE TAYLAH",null,null,1]
["COLEMAN BILL",null,null,1]
["COLEMAN JESS",null,null,1]
["COLEMAN MIKE",null,null,1]
["COLEMAN STEVE",null,null,1]
["COLLARD KAREN",null,null,3]
["COLLIER LLOYD",null,null,1]
["COLLIHOLE PAUL",null,null,1]
["COLLINGS LIAM",null,null,1]
["COLLINS JON",null,null,1]
["COLOMBO JOSH",null,null,1]
["COMAN RORY",null,null,1]
["COMPTON LIV",null,null,1]
["CONDON IAN",null,null,1]
["CONDREN MICHAEL",null,null,1]
["CONDUIT ALEX",null,null,2]
["CONNOLLY MAIREAD",null,null,1]
["CONNOR M",null,null,1]
["CONNOR MIKE",null,null,2]
["CONNOR TIMOTHY",null,null,3]
["CONROY JESS",null,null,1]
["CONYERS CHRISTINE",null,null,1]
["COOK GARRY",null,null,1]
["COOK GARY",null,null,1]
["COOK HANNAH",null,null,1]
["COOK JACKY",null,null,1]
["COOK JADE",null,null,1]
["COOK JOHN",null,null,1]
["COOKE BRENDAN",null,null,1]
["COOKE JACKY",null,null,2]
["COOLEE LIZ",null,null,1]
["COOP LEIGH",null,null,1]
["COOPER ARTHUR",null,null,1]
["COOPER BEN",null,null,2]
["COOPER BRAD",null,null,2]
["COPP PHIL",null,null,10]
["CORDEROY BOB",null,null,2]
["CORMACK SANDRA",null,null,1]
["CORNEY NIKKI",null,null,1]
["CORRADI JASON",null,null,3]
["CORRIE KAREY",null,null,2]
["CORSET RAY",null,null,1]
["COSTELLO NATASCHA",null,null,6]
["COTTERAL D",null,null,1]
["COULL ERIC",null,null,2]
["COULTER IAN",null,null,1]
["COVA KIM",null,null,1]
["COVACEVICH JOHN",null,null,2]
["COWDEN KEN",null,null,2]
["COWEN MICHAEL",null,null,1]
["COX RUPERT",null,null,1]
["COX SHERRY",null,null,1]
["COX W",null,null,1]
["COXON CHRIS",null,null,1]
["COYLE GRAHAM",null,null,1]
["COYSH DAVID",null,null,3]
["CRABB PETER",null,null,6]
["CRAIG C",null,null,1]
["CRAIG MAURIE",null,null,1]
["CRANER JEFF",null,null,1]
["CRASE WAYNE",null,null,13]
["CRAWFORD LES",null,null,2]
["CRAWFORD MICHELLE",null,null,1]
["CRAWFORD-NUTT ANNE",null,null,1]
["CRINITI DAVID",null,null,2]
["CRINITI MELISSA",null,null,1]
["CROESE JOHN",null,null,4]
["CROMPTON PETER",null,null,4]
["CROSS ADAM",null,null,1]
["CROSS PAUL",null,null,1]
["CROUCH-CHIVERS PAUL",null,null,13]
["CROWE SUSAN",null,null,3]
["CROWLEY DENISE",null,null,1]
["CROWLEY SARAH",null,null,1]
["CROWTHER JASON",null,null,1]
["CRUZEL CHRISTOPHE",null,null,1]
["CULLEN DAVID",null,null,7]
["CULLEN MITCH",null,null,1]
["CUMMINGS MITCHELL",null,null,1]
["CUNNINGHAM CAROL",null,null,1]
["CUNNINGHAM STEPHEN",null,null,1]
["CURLEY HEATH",null,null,1]
["CURNOCK D",null,null,1]
["CURTIS BILL",null,null,1]
["DABELSTEIN KELLI",null,null,1]
["DAHN-HARVEY ANGELA",null,null,1]
["DAITO CHIEMI",null,null,1]
["D'ALCORN SHANE",null,null,1]
["DALEY JONATHAN",null,null,1]
["DALL-HJORRING MICHAEL",null,null,1]
["DALTON LAURENCE",null,null,1]
["DALY MICHAEL",null,null,1]
["D'AMICO TONY",null,null,1]
["DANELLO KATRINA",null,null,1]
["DANELLO LEE",null,null,1]
["DANIELS PETER",null,null,1]
["DANN ZACHARY",null,null,1]
["DARVENIZA TRACY",null,null,1]
["DAVEL CORRIE",null,null,3]
["DAVEY JANE",null,null,1]
["DAVIDSON AROHA",null,null,1]
["DAVIE GREGOR",null,null,3]
["DAVIE MHAIRI",null,null,1]
["DAVIES BRENDAN",null,null,1]
["DAVIES GLEN",null,null,2]
["DAVIES LAUREN",null,null,1]
["DAVILL CAITLYN",null,null,1]
["DAVIS ELIZABETH",null,null,1]
["DAVIS KATE",null,null,1]
["DAVIS LACHIE",null,null,1]
["DAVY MARTIN",null,null,1]
["DAVY PJ",null,null,1]
["DAWES GLEN",null,null,1]
["DAWS PETER",null,null,1]
["DAWSON ROSS",null,null,1]
["DAY ALEC",null,null,2]
["DAY DANIEL",null,null,1]
["DAY JARED",null,null,2]
["DAY PAUL",null,null,3]
["DE HAAN KIMBERLEY",null,null,1]
["DE JONG JAAP",null,null,8]
["DE KIEVETH MARCEL",null,null,1]
["DE LANGE BRONWEN",null,null,1]
["DE SOUZA PAULO",null,null,2]
["DE WEE ADELE",null,null,1]
["DEAN GREG",null,null,1]
["DEAN YONATHAN",null,null,1]
["DEARAUGO SEAN",null,null,1]
["DEBONA B",null,null,1]
["DEEN ROB",null,null,1]
["DEMIRCAN EKREM",null,null,1]
["DEMOOR MARGARET",null,null,1]
["DENNIS CATHERINE",null,null,1]
["DENYER LAZAREDES JEAN-LUC",null,null,1]
["DENYER TRIS",null,null,1]
["DERRY GEOFFREY",null,null,1]
["DESAILLY NICOLE",null,null,1]
["DESSAIX-CHIN RUSSELL",null,null,1]
["DEVINE SUE",null,null,3]
["DEWAR MATTHEW",null,null,1]
["DEYANA BRUNYA",null,null,1]
["DI COSTANZO FRANÇOIS",null,null,1]
["DIAMOND MICHAEL",null,null,1]
["DIBELLA MAREE",null,null,1]
["DICKINS MICHAEL",null,null,1]
["DICKINSON ERICA",null,null,1]
["DICKS CALVIN",null,null,1]
["DINGAI TAM",null,null,1]
["DIXON DAMIAN",null,null,1]
["DIZON MARIA CELESTE",null,null,1]
["DOBSON JOHN",null,null,1]
["DOCTOR RUNNING",null,null,2]
["DOHERTY BILL",null,null,4]
["DOLL PETER",null,null,1]
["DONELEY ELIZA",null,null,1]
["DONNELLY ANN",null,null,1]
["DONNOLLAN ELLA",null,null,1]
["DONNOLLAN SHANE",null,null,1]
["DONOGHUE MIKE",null,null,8]
["DONOVAN DALE",null,null,1]
["DOODY JOHN",null,null,1]
["DORNEY JOHN",null,null,1]
["DOUGHERTY PETE",null,null,2]
["DOUGLAS AMANDA",null,null,1]
["DOUGLAS FRANK",null,null,3]
["DOULIS SCOT",null,null,1]
["DOULMAN GUY",null,null,1]
["DOWD RODNEY",null,null,1]
["DOWIE BILL",null,null,1]
["DOWN BOB",null,null,2]
["DOWNES M",null,null,2]
["DOWNEY ROBYN",null,null,2]
["DOYLE RACHEL",null,null,1]
["DREGER ANDREW",null,null,1]
["DRUMMOND DEREK",null,null,1]
["DRUMMOND TOM",null,null,1]
["DRURY ADAM",null,null,1]
["DU PLESSIS CORNELIS",null,null,1]
["DU PLESSIS GERHARDUS",null,null,1]
["DUBERY AARON",null,null,1]
["DUCKWORTH STEPHAN",null,null,1]
["DUDENAS L",null,null,1]
["DUDMAN CHRIS",null,null,2]
["DUFFY ALLAN",null,null,3]
["DUIGNAN PAUL",null,null,1]
["DUNBAR ADAM",null,null,1]
["DUNBAR-REID KYLIE",null,null,1]
["DUNDASS LUCAS",null,null,1]
["DUNN MITCH",null,null,1]
["DUNSTAN JAMES",null,null,5]
["DUNSTAN LAURA",null,null,1]
["DUROX TONY",null,null,1]
["DURRANT KIERA",null,null,1]
["DWYER MIKE",null,null,2]
["DYER ALEXANDRA",null,null,1]
["DYER GEORGE",null,null,1]
["DYER SAM",null,null,1]
["EAGLES RUTH",null,null,7]
["EASEY CINDY",null,null,1]
["EASTWOOD MATTHEW",null,null,1]
["EAVES HEATH",null,null,1]
["EBDY KAREN",null,null,4]
["EDGAR ALEXANDER",null,null,1]
["EDKINS SHERREN",null,null,1]
["EDMOND DEVITT",null,null,1]
["EDWARDS ALANNA",null,null,1]
["ELLERSHAW ROBERT",null,null,5]
["ELLIOTT CLINTON",null,null,1]
["ELLIOTT WARREN",null,null,1]
["ELLISON DAVID",null,null,1]
["ELLSMORE VERONICA",null,null,1]
["ELMS DAVID",null,null,5]
["ELMS N",null,null,1]
["ELSDON-BELL ALAN",null,null,2]
["ELWORTHY MATTHEW",null,null,1]
["ELWORTHY RYAN",null,null,1]
["EMERSON JOHN",null,null,7]
["EN CI JIREH TEO",null,null,1]
["ENGLISH STEPHEN",null,null,3]
["ERHART HAYLEY",null,null,2]
["ERNST TOM",null,null,1]
["EVANS ALAN",null,null,3]
["EVANS DAVID",null,null,1]
["EVANS DEAN",null,null,1]
["EVANS DERRICK",null,null,6]
["EVANS MIKE",null,null,1]
["EVANS VIVIEN",null,null,2]
["EVERNDEN MAREE",null,null,1]
["EWENS TIM",null,null,5]
["EY JASON",null,null,1]
["EZEKIELA DARRYL",null,null,1]
["FABIAN THERESA",null,null,1]
["FADDY SANDI",null,null,2]
["FAGG KEITH",null,null,11]
["FAHERTY CONOR",null,null,1]
["FALK BRIAN",null,null,1]
["FALLON MICK",null,null,1]
["FALLS J",null,null,1]
["FANNING BRIAN",null,null,3]
["FARLEY TRAVIS",null,null,1]
["FAULKNER SALLY",null,null,1]
["FEAVER MICHAEL",null,null,1]
["FELESINA MICHELLE",null,null,1]
["FELESINA TONY",null,null,24]
["FELS NICOLE",null,null,2]
["FENTIMAN CALEB",null,null,1]
["FENTON MICHAEL",null,null,1]
["FERDINANDS KAREN",null,null,1]
["FERGUSON ANN",null,null,1]
["FERGUSON CLAIRE",null,null,2]
["FERGUSON TONI",null,null,1]
["FERIK NICK",null,null,2]
["FERNANDO BRIME LEONEL",null,null,1]
["FICKEL BOB",null,null,1]
["FIELD JARRED",null,null,1]
["FILBEE LAUREN",null,null,1]
["FINET BASTIEN",null,null,1]
["FINLAY CORAL",null,null,1]
["FIOR SUZANNE",null,null,1]
["FIRTH PAUL",null,null,1]
["FISICARO MICHAEL",null,null,1]
["FITTLER PAT",null,null,2]
["FITTOCK PAUL",null,null,2]
["FITZGERALD TOM",null,null,1]
["FITZSIMMONS MICHAEL",null,null,9]
["FITZSIMONS STEVEN",null,null,1]
["FLANDERS TONY",null,null,2]
["FLAUS STEVE",null,null,2]
["FLEER KYLE",null,null,2]
["FLEISCHFRESSER TRACEY",null,null,1]
["FLORENCE CHRISTOPHER",null,null,1]
["FLORENS DANIELLE",null,null,3]
["FLOYD JORDAN",null,null,1]
["FLYNN-PITTAR AJIA-MOON",null,null,2]
["FLYNN-PITTAR DEE",null,null,5]
["FLYNN-PITTAR ISHKA",null,null,1]
["FLYNN-PITTAR ISIS",null,null,3]
["FOLEY MARK",null,null,1]
["FOLEY WANDA",null,null,1]
["FORD BARRY",null,null,2]
["FORD GEOFF",null,null,1]
["FORD MICHAEL",null,null,1]
["FORD PADDY",null,null,1]
["FORD PAUL",null,null,1]
["FORD SHANNON",null,null,1]
["FORDHAM LEIGH",null,null,1]
["FORSTER NICK",null,null,1]
["FORSTER SAMANTHA",null,null,1]
["FORSYTH JULIAN",null,null,1]
["FOSTER BRIDGET",null,null,2]
["FOSTER CHRIS",null,null,1]
["FOSTER DAMIEN",null,null,2]
["FOSTER RODNEY",null,null,1]
["FOTHERINGHAM JAMES",null,null,2]
["FOULDS GARY",null,null,1]
["FOULKES WENDY",null,null,1]
["FOWLER CHRISTOPHER",null,null,1]
["FOX ADAM",null,null,2]
["FRANEY NICK",null,null,1]
["FRASER HELEN",null,null,1]
["FRASER LISA",null,null,1]
["FRAZER IAN",null,null,4]
["FRAZER JAEMIN",null,null,6]
["FRECKLINGTON KERI",null,null,1]
["FRENCH CHRISTOPHER",null,null,1]
["FRIEDMAN BETH",null,null,1]
["FRISWELL ALISON",null,null,1]
["FRY TIMOTHY",null,null,1]
["FULLER GRADON",null,null,1]
["FULLER KAREN",null,null,1]
["FULLER KYLIE",null,null,1]
["FULLER ROBERT",null,null,1]
["FUNCH DONNA",null,null,1]
["FUNCH ELAINE",null,null,1]
["FUNCH TREVOR",null,null,1]
["FURLONG GRANT",null,null,1]
["FURNELL JAMES",null,null,1]
["FURNESS SCOTT",null,null,1]
["FUSTER ANTHONY",null,null,1]
["GADSBY CARL",null,null,1]
["GAGE JEREMY",null,null,1]
["GAINS TOMMY",null,null,1]
["GAIR PETER",null,null,1]
["GAIRE SUE",null,null,1]
["GALE JOHN",null,null,1]
["GALEA CORAL",null,null,1]
["GALEA DAREN",null,null,1]
["GAMERTSFELDER LEIF",null,null,1]
["GARBACZ R",null,null,1]
["GARNER LAURA",null,null,1]
["GARNETT ADRIAN",null,null,2]
["GARNHAM AARON",null,null,1]
["GARRIGUES DAVID",null,null,1]
["GAUDIN JAMES",null,null,2]
["GEBREMICHAEL SAMMY",null,null,1]
["GEBRESELASSIE DEJEN",null,null,2]
["GEEVES SCOTT",null,null,1]
["GEIGER MARTIN",null,null,1]
["GENGE MARK",null,null,1]
["GEORGAKOPOULOS BLAKE",null,null,1]
["GEORGEE RODNEY",null,null,2]
["GEORGOPOULOS KON",null,null,1]
["GERSEKOWSKI TOM",null,null,2]
["GIBBIE JOHN",null,null,2]
["GIBSON MIKE",null,null,1]
["GIEBEL KIM",null,null,1]
["GILBOY LARRY",null,null,2]
["GILESPIE BOB",null,null,1]
["GILL MARTIN",null,null,5]
["GILL RUSSELL",null,null,2]
["GILLETT MELISSA",null,null,1]
["GIRVEN SAM",null,null,1]
["GIVNEY TOM",null,null,2]
["GLASSON CHRISTOPHER",null,null,1]
["GLAVIN MAEVE",null,null,1]
["GLENWRIGHT BILL",null,null,1]
["GLENWRIGHT DEBBIE",null,null,1]
["GLUER ROBERT",null,null,2]
["GOBBI ALDO",null,null,1]
["GOBBY KAREN",null,null,1]
["GODINEZ JANUEL",null,null,1]
["GOENER JACK",null,null,1]
["GOODMAN DUDLEY",null,null,1]
["GOODWIN BLAKE",null,null,1]
["GOODWIN TODD",null,null,1]
["GORBAL DAVID",null,null,2]
["GORDON SHAILEIGH",null,null,1]
["GORDON TONY",null,null,10]
["GORDON-MAHONEY ANYA",null,null,1]
["GORI ALLF",null,null,1]
["GOULD PETER",null,null,2]
["GOULD VINCENT",null,null,2]
["GOURLAY SCOTT",null,null,1]
["GOVEA PAOLA",null,null,1]
["GOWER ADAM",null,null,1]
["GRABOWSKI H",null,null,1]
["GRACE KEVIN",null,null,2]
["GRACIA ADRIANA",null,null,1]
["GRAHAM ANGELA",null,null,1]
["GRAHAM MARK",null,null,1]
["GRAHAM PAUL",null,null,1]
["GRAMS F",null,null,1]
["GRAMUNT GUILLEM",null,null,1]
["GRANT ALAN",null,null,1]
["GRANT BRADLEY",null,null,2]
["GRASPERGE EVELYNE",null,null,1]
["GREAVES STUART",null,null,1]
["GRECH JOE",null,null,1]
["GREEN CAROLYN",null,null,1]
["GREEN CLAYTON",null,null,1]
["GREEN GEORGE",null,null,1]
["GREEN LORYN",null,null,1]
["GREEN STUART",null,null,1]
["GREEN TIM",null,null,1]
["GRIFFIN DONALD",null,null,1]
["GRIFFIN ELIZABETH",null,null,1]
["GRIFFIN MIKAYLA",null,null,1]
["GRIFFIN NICHOLAS",null,null,1]
["GRIFFITHS CAROLYN",null,null,1]
["GRIFFITHS JASON",null,null,1]
["GRIMMER ELLY",null,null,1]
["GRIP PER",null,null,1]
["GROEN ESTHER",null,null,1]
["GROUNDWATER DAVE",null,null,1]
["GROVES TRENT",null,null,1]
["GRUHN JOHN",null,null,3]
["GRUNDY ANNE",null,null,1]
["GUARD R",null,null,2]
["GUILLOT STPHANE",null,null,1]
["GUINEA CHRISTY",null,null,1]
["GUINEE NICHOLAS",null,null,1]
["GULBINAS RAY",null,null,2]
["GUNN DONALD",null,null,4]
["GUNN JARRED",null,null,1]
["GUNN LEN",null,null,1]
["GUNN R",null,null,1]
["GURNEY MICHAEL",null,null,1]
["GURNICK KARL",null,null,1]
["GURRY PAUL",null,null,1]
["GUSTAVSON RUSSELL",null,null,5]
["GUY BRAD",null,null,1]
["GUY DAVID",null,null,1]
["GUY WILLIAM",null,null,4]
["HA DANIEL",null,null,1]
["HACKNEY TERESA",null,null,1]
["HAERTSCH ROBERT",null,null,1]
["HAFENSTEIN DETLEF",null,null,1]
["HAHLOS ALEX",null,null,1]
["HALBERG JONATHAN",null,null,1]
["HALL JASON",null,null,1]
["HALL PETER",null,null,2]
["HALL-MATTHEWS BERNERS",null,null,2]
["HALPIN ROBIN",null,null,3]
["HALTINER LYN",null,null,1]
["HAMADI LAZHAR",null,null,1]
["HAMILTON JOCK",null,null,1]
["HAMILTON LINDSAY",null,null,2]
["HAMLYN JASON",null,null,1]
["HAMMOND TONI",null,null,1]
["HAMS TIM",null,null,3]
["HANLEY AARON",null,null,1]
["HANLEY AMY",null,null,1]
["HANNA L",null,null,2]
["HANNAFORD GARY",null,null,5]
["HARDIE CAM",null,null,1]
["HARDIMAN LUCIE",null,null,1]
["HARDMAN TROY",null,null,1]
["HARDY RAY",null,null,1]
["HARGRAVE EDWARD",null,null,1]
["HARGREAVES BRUCE",null,null,4]
["HARKER GLEN",null,null,2]
["HARMSEN TIM",null,null,1]
["HARNISCHFEGER MICK",null,null,1]
["HARRIS BRENT",null,null,2]
["HARRIS DIANE",null,null,1]
["HARRIS ILONA",null,null,1]
["HARRIS RICHARD",null,null,7]
["HARRIS SCOTT",null,null,1]
["HARRIS SHIRLEY",null,null,6]
["HART BRIDGET",null,null,5]
["HART DAVID",null,null,1]
["HART JACQUI",null,null,1]
["HARTE THOMAS",null,null,1]
["HARTWELL NGAIRIE",null,null,1]
["HARVEY FRANCIS",null,null,1]
["HARVEY LORETTO",null,null,1]
["HASLAM N",null,null,1]
["HASTEWELL BRAD",null,null,9]
["HATCH DEREK",null,null,1]
["HATTON MAXIM",null,null,1]
["HAWKINS ZOE",null,null,1]
["HAWKSWORTH DANNY",null,null,3]
["HAWTHORN NATALIE",null,null,1]
["HAYDEN DARREN",null,null,1]
["HEAD DANIEL",null,null,1]
["HEADS BECKY",null,null,4]
["HEALEY JOSH",null,null,1]
["HEALY BLAKE",null,null,1]
["HEARN KENNY",null,null,2]
["HEATH WAYNE",null,null,1]
["HEATLEY JENNIFER",null,null,1]
["HEATON HERB",null,null,1]
["HEBB MICHAEL",null,null,1]
["HEDGES DAVID",null,null,2]
["HEDIN MADELEINE",null,null,1]
["HEDLEY SCOTT",null,null,5]
["HEISE CARLENE",null,null,1]
["HEITMANN STEFAN",null,null,1]
["HENDER BRIAN",null,null,1]
["HENDERAON GAVIN",null,null,1]
["HENDERSON ANTHEA",null,null,2]
["HENDERSON MIKE",null,null,1]
["HENDRIE DAN",null,null,1]
["HENRY E",null,null,1]
["HENRY GAVIN",null,null,1]
["HEPPEL JOHN",null,null,1]
["HEPPLE JOHN",null,null,2]
["HERLIHY LYALL",null,null,1]
["HERMANN MATT",null,null,1]
["HERON MARK",null,null,2]
["HERRIDGE JOHN",null,null,1]
["HERTEN PETER",null,null,1]
["HESLOP IAN",null,null,2]
["HIATT ANDREW",null,null,1]
["HICKEY SAMANTHA",null,null,1]
["HICKS BRIAN",null,null,1]
["HIGGERSON AMANDA",null,null,1]
["HIGGINS CAMERON",null,null,1]
["HIGHAM WILLIAM",null,null,1]
["HIGHDUCHECK BILL",null,null,1]
["HILDER KATHRYN",null,null,1]
["HILL CAMERON",null,null,1]
["HILL GREG",null,null,1]
["HILL KEVIN",null,null,3]
["HILLS PAT",null,null,1]
["HILTON AMANDA",null,null,1]
["HILTON JAMES",null,null,1]
["HILTON SHANE",null,null,1]
["HINDMARSH GREG",null,null,1]
["HINDMARSH JANE",null,null,1]
["HINKLEY DANIEL",null,null,1]
["HIRATA TATSUYA",null,null,1]
["HIRAYAMA MASAKI",null,null,1]
["HIRUTA YUDAI",null,null,1]
["HOAD IAN",null,null,1]
["HOBBS KATRINA",null,null,1]
["HOBBS SARAH",null,null,2]
["HOCHEDER MARGIT",null,null,1]
["HOCKING ROBERT",null,null,5]
["HOCKINGS DAVID",null,null,4]
["HODGE KERRI",null,null,1]
["HODGES BRUCE",null,null,1]
["HODGES P",null,null,1]
["HODGSON TARA",null,null,1]
["HOEY THOMAS",null,null,1]
["HOGAN DANIEL",null,null,3]
["HOGGAN JOHN",null,null,12]
["HOILES AMANDA",null,null,1]
["HOLLOWAY GEOFF",null,null,1]
["HOLMES ANTHONY",null,null,2]
["HOLMES STEVEN",null,null,1]
["HOMMA TAMAKI",null,null,1]
["HOOD MARC",null,null,4]
["HOOK ANDREW",null,null,1]
["HOOK SARAH",null,null,1]
["HOOKER TIMOTHY",null,null,1]
["HOOPER GARRY",null,null,2]
["HOOPER KERRY",null,null,1]
["HORE BRIANNA",null,null,1]
["HORE LIZZY",null,null,1]
["HORN ANGELA",null,null,1]
["HORN LILLY",null,null,1]
["HORN MICHAEL",null,null,1]
["HORNER ALES",null,null,1]
["HORNMAN MICHAEL",null,null,1]
["HOSHINO KIMIKO",null,null,1]
["HOSKING JOSIAH",null,null,1]
["HOSKING LAURENCE",null,null,2]
["HOUGHTON DARCY",null,null,1]
["HOUGHTON PETER",null,null,5]
["HOULAHAN KATE",null,null,1]
["HOWARD VAL",null,null,1]
["HOWARTH JILL",null,null,1]
["HOWARTH LAURETTA",null,null,1]
["HOWE BARRIE",null,null,1]
["HOWELL ANGELA",null,null,2]
["HOWELL GEOFF",null,null,1]
["HOWELL TEGWEN",null,null,2]
["HOWES ANDREW",null,null,1]
["HOWES BILLY",null,null,1]
["HOWIE DAVID",null,null,2]
["HOWSON LARRY",null,null,1]
["HUANG CHING-TE",null,null,1]
["HUANG DALE",null,null,4]
["HUGGET COURTNEY",null,null,1]
["HUGGET J",null,null,1]
["HUGHES TIMBO",null,null,7]
["HULL ALEX",null,null,2]
["HUMBER JUSTIN",null,null,2]
["HUMBER MELANIE",null,null,2]
["HUMPHREY JASON",null,null,1]
["HUMPHREYS AMBER",null,null,1]
["HUMPHREYS GARETH",null,null,1]
["HUNDERTMARK MICHAELA",null,null,1]
["HUNT BLAIR",null,null,1]
["HUNTER CATHERINE",null,null,1]
["HUNTER MATTHEW",null,null,2]
["HUNTER MICHAEL",null,null,1]
["HUNTER ROBERT",null,null,2]
["HUNTLEY WAYNE",null,null,1]
["HUPP JOSEPH",null,null,1]
["HURD JOSH",null,null,1]
["HURREN SARA",null,null,1]
["HUTCHINSON DI",null,null,3]
["HUTCHINSON MARK",null,null,1]
["HUTCHINSON RICHARD",null,null,1]
["HUTCHINSON SCOTT",null,null,1]
["HVALA VIV",null,null,1]
["HYDE JEVYN",null,null,4]
["HYNES SARAH",null,null,3]
["HYNES SHANE",null,null,9]
["IDE JOHN",null,null,1]
["IGNATOV ALEXANDER",null,null,1]
["ILLES TIMOTHY",null,null,1]
["IRELAND DUANE",null,null,1]
["IRELAND LARA",null,null,1]
["IRVING JENNIFER",null,null,4]
["ISBISTER LILIANA",null,null,1]
["ISHIDA MASAKO",null,null,1]
["IWAYA TSUBASA",null,null,1]
["JACKSON BRIAN",null,null,5]
["JACKSON MARK",null,null,2]
["JACKSON PHILLIP",null,null,1]
["JACKSON STEWART",null,null,2]
["JACKSON STUART",null,null,3]
["JAENKE DAMON",null,null,3]
["JAMES BOB",null,null,2]
["JAMES KEVIN",null,null,1]
["JAYCOCK RUSSELL",null,null,5]
["JEANNERET RACHEL",null,null,1]
["JEFFERIS JENNI",null,null,2]
["JEFFRIES STEVEN",null,null,1]
["JELLEY SUSAN",null,null,1]
["JENKINS PETER",null,null,4]
["JENKINSON AMY",null,null,1]
["JENKINSON GARY",null,null,1]
["JENNINGS ALLIRRA",null,null,1]
["JENNY BETH",null,null,1]
["JENSEN GARY",null,null,1]
["JEROME IAKIMO",null,null,1]
["JERVIS BETHAN",null,null,1]
["JEWELL JAI",null,null,1]
["JIGANG OU RAYMOND",null,null,1]
["JO YOUNGSU",null,null,1]
["JOCUMSEN AMANDA",null,null,1]
["JOHANNESEN SALLY",null,null,1]
["JOHANSSON JOHN",null,null,1]
["JOHNSON BEN",null,null,1]
["JOHNSON CRAIG",null,null,1]
["JOHNSTON ARCHIE",null,null,4]
["JOHNSTON COLIN",null,null,2]
["JOHNSTON JOHNATHAN",null,null,1]
["JOHNSTON RICHARD",null,null,1]
["JOHNSTON STEVIE",null,null,1]
["JOHNSTONE ROBERT",null,null,2]
["JOHNSTONE ROD",null,null,1]
["JONES CAMERON",null,null,1]
["JONES CHERYL",null,null,3]
["JONES DAVE",null,null,1]
["JONES DEAN",null,null,1]
["JONES DIANE",null,null,1]
["JONES GWEN",null,null,4]
["JONES PETER",null,null,1]
["JONES RYAN",null,null,1]
["JONES STEVE",null,null,5]
["JORDAN ALISON",null,null,1]
["JOY CHRIS",null,null,1]
["JUCHNIEWICZ NATHAN",null,null,1]
["JUHASZ A",null,null,1]
["JURRIAANS SASKIA",null,null,1]
["KAEDING N",null,null,1]
["KAHURYZI OSWALD",null,null,1]
["KAI NGAN XUE",null,null,1]
["KANG JIN-SEUNG",null,null,1]
["KAPA WARREN",null,null,2]
["KAWATANI NOBUHIRO",null,null,1]
["KAZAMA YOICHI",null,null,1]
["KEADING NEV",null,null,1]
["KEANE M",null,null,1]
["KEENAN BRENDON",null,null,1]
["KEHOE MAJELLA",null,null,1]
["KEILLOR CHRIS",null,null,1]
["KEIR THERESE",null,null,1]
["KELLAHAN LES",null,null,2]
["KELLY DAVE",null,null,6]
["KELLY MIRANDA",null,null,1]
["KELLY(2) DAVE",null,null,1]
["KELSO SYLVIA",null,null,3]
["KEMEI JOSEPH",null,null,2]
["KENDAL RICHARD",null,null,1]
["KENNEDY KAYLER",null,null,1]
["KENNEDY OLIVIA",null,null,1]
["KENNEDY ROBIN",null,null,1]
["KENNEDY STUART",null,null,1]
["KENNY EAMON",null,null,2]
["KERR RYAN",null,null,1]
["KERR VINNIE",null,null,1]
["KERRISK JOHN",null,null,4]
["KERRUISH GRAHAME",null,null,2]
["KETTLE CATHERINE",null,null,1]
["KHAN MELANIE",null,null,1]
["KIEFER HARTMUTH",null,null,1]
["KILBY KATE",null,null,1]
["KILKELLY JOHN",null,null,1]
["KILOH KEITH",null,null,4]
["KIM BJ",null,null,2]
["KIM JIN-YOUNG",null,null,1]
["KIM SAM",null,null,1]
["KINBACHER ANDREW",null,null,1]
["KINBACHER DAWN",null,null,3]
["KINBACHER JESSE",null,null,1]
["KING CAMERON",null,null,1]
["KING DAN",null,null,1]
["KING MICHAEL",null,null,1]
["KING PAUL",null,null,1]
["KINGSLEY ROSS",null,null,4]
["KINLEY ADAM",null,null,1]
["KITSON JANE",null,null,1]
["KITTO PHOEBE",null,null,1]
["KLINGNER TIM",null,null,1]
["KLOSE BRADLEY",null,null,2]
["KNEWSTUB MICK",null,null,3]
["KNIGHT AARON",null,null,1]
["KNIGHT-GRAY JUSTIN",null,null,3]
["KO WILSON",null,null,1]
["KOEHLER MICHELLE",null,null,1]
["KOHLITZ SHANNON",null,null,1]
["KOMOTO SHUNYA",null,null,5]
["KONNO TAKUMA",null,null,1]
["KORMAN LUKE",null,null,1]
["KOTULSKI ANDREW",null,null,1]
["KRAKE MICK",null,null,1]
["KRUEGER KAI",null,null,2]
["KRZELY V",null,null,1]
["KUHNE ADRIAN",null,null,2]
["KUNKEL SVEN",null,null,1]
["KUNZ KARL",null,null,1]
["KUSHIDA KOICHI",null,null,1]
["KUSHIDA MEGUMI",null,null,1]
["KWA PAUL",null,null,1]
["LABINSKY NEIL",null,null,3]
["LABUSCHAGNE CELESTE",null,null,1]
["LABUSCHAGNE ROSEMARIE",null,null,6]
["LACEY REBECCA",null,null,1]
["LAGUNDAY RENIER",null,null,1]
["LAHIFF PETER",null,null,9]
["LAIDLER MANSELL",null,null,1]
["LALOR MERRICK",null,null,1]
["LAMONT STRUAN",null,null,1]
["LAMPERD JAMIE",null,null,1]
["LANCINI LUKE",null,null,1]
["LANG'AT GEOFFREY",null,null,1]
["LANGE ANDREW",null,null,1]
["LANGLEY OWEN",null,null,1]
["LANING DAVID",null,null,1]
["LANSKY CATHERINE",null,null,1]
["LARSEN JUNIA",null,null,1]
["LAURIE SARAH",null,null,1]
["LAURITZ JAKE",null,null,1]
["LAW KARINNE",null,null,1]
["LAW LAURA",null,null,1]
["LAW PHIL",null,null,2]
["LAWRENCE RON",null,null,1]
["LAWSON LARRY",null,null,1]
["LAWSON LORRAINE",null,null,4]
["LAZARUS MAURIE",null,null,2]
["LEACH SANDY",null,null,1]
["LEAK JACLYN",null,null,1]
["LEAK RAYMOND",null,null,4]
["LEAKE ANGELA",null,null,1]
["LEAKE JOANNA",null,null,1]
["LEBISH ROGER",null,null,9]
["LECKENBY JAMES",null,null,1]
["LEE CHRIS",null,null,5]
["LEE DOMINIC",null,null,1]
["LEE JAMES",null,null,1]
["LEE JENNIFER",null,null,4]
["LEE JOSEPH",null,null,1]
["LEE PAUL",null,null,3]
["LEIBLING WOLFGANG",null,null,1]
["LEITCH CAM",null,null,2]
["LEITCH TED",null,null,5]
["LEMANIS ANGELA",null,null,1]
["LEMCKE DAVE",null,null,1]
["LENNON MARK",null,null,2]
["LENNOX GREG",null,null,1]
["LEONARD JAMES",null,null,2]
["LEONARDI FRED",null,null,2]
["LESKE STUART",null,null,1]
["LETT FAITH",null,null,1]
["LEVRIER SASHA",null,null,1]
["LEWANDOWSKI MATTHEW",null,null,1]
["LEWIS AMELIA",null,null,2]
["LEWIS ANDREA",null,null,1]
["LEWIS FRED",null,null,2]
["LEWIS TONY",null,null,1]
["LEWIS-STAPLETON LARA",null,null,1]
["LIDDELL MARNI",null,null,1]
["LIEBING WOLFGANG",null,null,1]
["LIGHTBOUND BRIDIE",null,null,1]
["LIGHTBOUND PAUL",null,null,1]
["LIGHTFOOT JULIE",null,null,2]
["LIM RUPERT",null,null,1]
["LIM SOON CHUNG",null,null,1]
["LINDLEY JASON",null,null,1]
["LINDSAY DAVID",null,null,1]
["LINTON FINNIAN",null,null,1]
["LIS JACINTA",null,null,1]
["LISTER I",null,null,1]
["LITTLE GARY",null,null,1]
["LLEWELLYN DAVE",null,null,1]
["LLEWELLYN PETER",null,null,2]
["LLLOYD TONY",null,null,1]
["LLOYD ANDREW",null,null,6]
["LLOYD ROHAN",null,null,1]
["LO ELSA",null,null,3]
["LO TAI-HUA",null,null,1]
["LOADER MARK",null,null,1]
["LOCHARD ALAIN",null,null,2]
["LODWICK LISA",null,null,1]
["LOFTUS JO",null,null,3]
["LOGAN BRENDAN",null,null,1]
["LOGAN MACKENZIE",null,null,1]
["LONERAGAN DANIEL",null,null,1]
["LONG JAMES",null,null,1]
["LORIMER DAVID",null,null,1]
["LOTHIAN JODIE",null,null,1]
["LOTT JACSON",null,null,1]
["LOUSICH LEVI",null,null,1]
["LOUTH C",null,null,2]
["LOW ADRIAN",null,null,1]
["LOW BRUCE",null,null,1]
["LOW SIMONE",null,null,1]
["LOWE DARREN",null,null,1]
["LOWE GRAHAM",null,null,1]
["LOWE KAYO",null,null,1]
["LP THOMAS",null,null,1]
["LUCAS JOHN",null,null,1]
["LUCAS SUSAN",null,null,1]
["LUCK JODIE",null,null,1]
["LUCK MICHEAL",null,null,3]
["LUCKEL DANIEL",null,null,1]
["LUDEWIG RALF",null,null,1]
["LUKE BENJAMIN",null,null,1]
["LUM LUKE",null,null,1]
["LUNT VICTOR",null,null,1]
["LUPSON DONNA",null,null,1]
["LYDEAMORE JOANNA",null,null,1]
["LYLE STEWART",null,null,1]
["LYNCH ROBERT",null,null,2]
["LYONS ROISIN",null,null,2]
["MACDONALD ALISTAIR",null,null,2]
["MACDONALD DAVID",null,null,1]
["MACDONALD IAIN",null,null,1]
["MACDONALD JENNY",null,null,1]
["MACKENZIE BRIGITTE",null,null,1]
["MACKENZIE PAUL",null,null,1]
["MACKIE TESSA",null,null,2]
["MACLAUGHLIN CANDY",null,null,1]
["MACPHERSON CAMERON",null,null,1]
["MADDEN DAVID",null,null,1]
["MADDERN ROBERT",null,null,1]
["MADDERS JACK",null,null,1]
["MADGE LACHLAN",null,null,1]
["MAGUIRE GERRY",null,null,1]
["MAGUIRE LIZ",null,null,4]
["MAHER BEN",null,null,1]
["MAHER DEBBIE",null,null,1]
["MAITLAND BILL",null,null,5]
["MAITLAND COOPER",null,null,1]
["MAITLAND TEGAHN",null,null,1]
["MAJEWSKI CAMERON",null,null,1]
["MALCOLM CRAIG",null,null,1]
["MALHERBE HENDRIK",null,null,1]
["MALONE DEAN",null,null,1]
["MALONEY BRETT",null,null,1]
["MALY ANDI",null,null,1]
["MAMERS CHUCK",null,null,1]
["MANFORD JAMES",null,null,1]
["MANICI ARNO",null,null,1]
["MANN ROBERT",null,null,1]
["MANTHEY MICHAEL",null,null,1]
["MARANO JOHN",null,null,2]
["MARINO HELEN",null,null,1]
["MARKIE NIEL",null,null,1]
["MARNOCK FRED",null,null,1]
["MARONEY PAUL",null,null,1]
["MAROSI BERTALAN",null,null,1]
["MARRINAN ISA",null,null,2]
["MARRINAN MICHAEL",null,null,1]
["MARRIOTT KRYSSI",null,null,2]
["MARSH DUNCAN",null,null,1]
["MARSH PAUL",null,null,1]
["MARSHALL CHARLES",null,null,1]
["MARSHALL LYNDON",null,null,1]
["MARTELL CHARLY",null,null,2]
["MARTIN CLAUDE",null,null,1]
["MARTIN CRAIG",null,null,1]
["MARTIN JUSTIN",null,null,1]
["MARTIN ROB",null,null,1]
["MARTIN STEPHEN",null,null,1]
["MARTINEZ BRIAN",null,null,1]
["MARUFF TIMOTHY",null,null,4]
["MARUNA BRANDON",null,null,1]
["MASON MIKE",null,null,1]
["MASSON JOHN",null,null,1]
["MATHESON CHRISTIAN",null,null,3]
["MATHESON RENEE",null,null,1]
["MATHEWS TANIA",null,null,1]
["MATTHEWS ROY",null,null,5]
["MAUDSLEY CHRIS",null,null,1]
["MAUREL OLIVIER",null,null,1]
["MAWDSLEY DAVID",null,null,1]
["MAY JARRAH",null,null,1]
["MC DONAGH DEREK",null,null,1]
["MCALLISTER HELEN",null,null,1]
["MCARDLE JIM",null,null,1]
["MCARTHUR NATALIE",null,null,1]
["MCARTHUR SAMANTHA",null,null,1]
["MCAULLAY JOEL",null,null,1]
["MCBRIDE ERIN",null,null,1]
["MCBRYDE LEAH",null,null,1]
["MCCABE JUSTIN",null,null,1]
["MCCABE MICHAEL",null,null,1]
["MCCARTHY EVAN",null,null,1]
["MCCARTHY SHANNON",null,null,1]
["MCCARTHY TIMOTHY",null,null,1]
["MCCLINTOCK MATTHEW",null,null,1]
["MCCOLL CHRIS",null,null,1]
["MCCONVILLE DEBRA",null,null,4]
["MCCOOK LAURENCE",null,null,1]
["MCCORMACK SCOTT",null,null,1]
["MCCORMICK CALLUM",null,null,1]
["MCCULLOCH MAL",null,null,1]
["MCCULLOUGH HOLLIE",null,null,1]
["MCDONAGH DEREK",null,null,4]
["MCDONALD CHRIS",null,null,1]
["MCDONALD DAVID",null,null,1]
["MCDONALD KURT",null,null,1]
["MCDONALD STEVEN",null,null,1]
["MCDONALD WARREN",null,null,1]
["MCDONNELL PETER",null,null,1]
["MCFADZEN MARK",null,null,5]
["MCGAGH FIONA",null,null,1]
["MCGANN CAROLINE",null,null,2]
["MCGANN DOMINIC",null,null,1]
["MCGANN JUSTIN",null,null,3]
["MCGOLDRICK FRANK",null,null,2]
["MCGOWAN MADDY",null,null,1]
["MCGOWAN MILLIE",null,null,1]
["MCGRATH GARY",null,null,1]
["MCGRATH MADDY",null,null,1]
["MCGRATH NILE",null,null,1]
["MCGRATH SIMON",null,null,1]
["MCGRATH WAYNE",null,null,1]
["MCINERNEY W",null,null,1]
["MCINNES SCOTT",null,null,8]
["MCINTOSH LACHLAN",null,null,1]
["MCINTYRE DUNCAN",null,null,1]
["MCINTYRE JOSH",null,null,1]
["MCKEAN TIMOTHY",null,null,1]
["MCKEANE STEVE",null,null,1]
["MCKENZIE PETER R",null,null,1]
["MCKEON CATHY",null,null,2]
["MCKEON MARK",null,null,2]
["MCKEOWN HUGH",null,null,1]
["MCLAINE KAHRYN",null,null,2]
["MCLEAN ABBY",null,null,1]
["MCLEAN GARY",null,null,1]
["MCLELLAN HELEN",null,null,1]
["MCMAHON CALLUM",null,null,2]
["MCMANUS SEAN",null,null,1]
["MCMARTIN KERRY",null,null,1]
["MCMILLAN TRUDY",null,null,1]
["MCNABB JIM",null,null,2]
["MCNAUGHT BOB",null,null,1]
["MCOMBER CASSIDY",null,null,1]
["MCOMISH CAMERON",null,null,1]
["MCQUEEN NICK",null,null,1]
["MCQUEEN WAYNE",null,null,1]
["MCSWEENEY SIMON",null,null,2]
["MEADOWS R",null,null,1]
["MEALEY JOHN",null,null,1]
["MECEDA EVE",null,null,1]
["MEGAW CHRIS",null,null,2]
["MEHIGAN BENJAMIN",null,null,1]
["MELLICK PETER",null,null,1]
["MELLINGER CATHERINE",null,null,1]
["MELLOR SCOTT",null,null,1]
["MELLORS HOLLY",null,null,1]
["MELVILLE BEN",null,null,1]
["MENKENS MARGOT",null,null,2]
["MENTIPLAY STEVE",null,null,1]
["MENTOR ANDRE",null,null,4]
["MENZIES DAMIEN",null,null,1]
["MENZIES JODI",null,null,1]
["MERRY BRUCE",null,null,8]
["MESSENGER BRUCE",null,null,2]
["MESSMER ANTHEA",null,null,1]
["METCALF R",null,null,1]
["METCALFE BOB",null,null,1]
["METCALFE DANIEL",null,null,1]
["METTAM JIM",null,null,1]
["METTAM TIM",null,null,4]
["MIBUS LUKE",null,null,1]
["MICALLEF STEPHANIE",null,null,1]
["MICHAELIS SOPHIA",null,null,1]
["MICHALSKI ALEXANDRA",null,null,1]
["MICHEL GILLIAN",null,null,1]
["MIDDLETON HELEN",null,null,2]
["MIFSUD ADRIANNE",null,null,1]
["MIFSUD RODNEY",null,null,1]
["MIKIC ADAM",null,null,1]
["MILBURN NATHAN",null,null,1]
["MILDRUM JOSHUA",null,null,1]
["MILES JACOB",null,null,1]
["MILES LUKE",null,null,2]
["MILES MARK",null,null,1]
["MILLER ANNE",null,null,2]
["MILLER BRAY",null,null,3]
["MILLER JANE",null,null,1]
["MILLIGAN E",null,null,1]
["MILLIGAN ED",null,null,1]
["MILLS MARTIN",null,null,1]
["MINNS RILEY",null,null,1]
["MITAI ANTOINETTE",null,null,1]
["MITAI JOSEPH",null,null,1]
["MITCHEL BARRY",null,null,3]
["MITCHELL BARRY",null,null,2]
["MITCHELL GLENDA",null,null,1]
["MITCHELL GREGOR",null,null,1]
["MITCHELL WALTER",null,null,1]
["MOCK ANDREW",null,null,1]
["MOES ANDREW",null,null,1]
["MOES TIM",null,null,1]
["MOINE HERVE",null,null,1]
["MOLL CHRIS",null,null,3]
["MOLL DEBRA",null,null,1]
["MOLONY BRETT",null,null,1]
["MONKS JACINTA",null,null,2]
["MOORE BRENDAN",null,null,1]
["MOORE CHRIS",null,null,1]
["MOORE IAN",null,null,4]
["MOORE SAM",null,null,1]
["MOORE STUART",null,null,2]
["MORAN HUBERT",null,null,1]
["MORES JIMSON",null,null,1]
["MORETON DON",null,null,3]
["MORGAN ANNA",null,null,5]
["MORGAN PAULA",null,null,1]
["MORRIS ANDREW",null,null,1]
["MORRIS DOUG",null,null,1]
["MORRIS IAN",null,null,1]
["MORRIS RON",null,null,1]
["MORRIS STEVEN",null,null,1]
["MORRISON SAM",null,null,1]
["MORRISSEY PAUL",null,null,1]
["MORROW NICK",null,null,1]
["MORROW TRENT",null,null,1]
["MORTON ALASTAIR",null,null,1]
["MORTON D",null,null,1]
["MORTON OWEN",null,null,1]
["MOSS BILL",null,null,3]
["MOTTI HELEN",null,null,1]
["MOULDEY KEVIN",null,null,1]
["MOUSTOUKAS ALLAN",null,null,7]
["MUDDOCK SHAUN",null,null,1]
["MUIR JAMES",null,null,1]
["MULHOLLAND NICOLE",null,null,1]
["MULLEN ALAN",null,null,4]
["MULLEN ELIZABETH",null,null,1]
["MULLER KEVIN",null,null,1]
["MULLIGAN JOEL",null,null,1]
["MULLINS GREG",null,null,1]
["MULLINS NATALIE",null,null,1]
["MUNCKTON ANNETTE",null,null,1]
["MUNDY JUSTIN",null,null,1]
["MUNRO STUART",null,null,2]
["MURCH ROBERT",null,null,1]
["MURDOCH LINCOLN",null,null,1]
["MUROI MICHIHITO",null,null,1]
["MURPHY AARON",null,null,3]
["MURPHY HELEN",null,null,1]
["MURPHY JOSHUA",null,null,2]
["MURPHY LORNA",null,null,1]
["MURPHY TIM",null,null,1]
["MURRAY BARRY",null,null,1]
["MURRAY COLIN",null,null,1]
["MURRAY GARTH",null,null,2]
["MURRAY KERRIN",null,null,4]
["MURRAY PAUL",null,null,1]
["MURTHA JULIE",null,null,1]
["MUSUMBA CRISPIN",null,null,1]
["MWARIA DAVID",null,null,2]
["MYERS ASHTON",null,null,1]
["NAKAJIMA MICHIKO",null,null,1]
["NAN TIE RODNEY",null,null,1]
["NAN TIE SHAREE LEE",null,null,5]
["NAPIER LUKE",null,null,1]
["NASH ETHAN",null,null,1]
["NATHAN MONIQUE",null,null,1]
["NAU MATTHEW",null,null,1]
["NAUGHTON SCOTT",null,null,1]
["NAVARRO OTERO ALEJANDRO",null,null,1]
["NEAL MATTHEW",null,null,5]
["NEIMANIS GRETA",null,null,3]
["NEIMANIS KATHLEEN",null,null,2]
["NEIMANIS PETER",null,null,9]
["NEISLER BASIL",null,null,1]
["NEL BELTHAZER",null,null,1]
["NEL BILLY",null,null,1]
["NEL PIETER",null,null,1]
["NELL LIENCA",null,null,1]
["NELSON JOHN",null,null,1]
["NELSON LYNDSAY",null,null,1]
["NELSON MIRANDA",null,null,1]
["NEMECEK MICHAL",null,null,1]
["NEMOTO YUTO",null,null,1]
["NESVEDA PETER",null,null,1]
["NEVILLE ANNE",null,null,1]
["NEW RON",null,null,1]
["NEW RONALD",null,null,1]
["NEWBOND DAVID",null,null,1]
["NEWMAN PAT",null,null,3]
["NEWMAN PETER",null,null,1]
["NEWSOME DARRELL",null,null,1]
["NEWTON PETER",null,null,2]
["NICHOLAS PAUL",null,null,1]
["NICHOLS TREVOR",null,null,2]
["NICHOLSON GLENN",null,null,1]
["NICOLOSI KARL",null,null,2]
["NIELSEN CRAIG",null,null,1]
["NIEMI NOAH",null,null,2]
["NIHEI TETSUYA",null,null,1]
["NILSEN MICHELLE",null,null,1]
["NING ROSANNE (ROSIE)",null,null,1]
["NISENBLAT MICHAL",null,null,1]
["NIXON GARY",null,null,2]
["NOLAN ADAM",null,null,1]
["NORRIS BERNIE",null,null,20]
["NORRIS JOELLE",null,null,1]
["NORRIS KENT",null,null,2]
["NORTHFIELD RODNEY",null,null,15]
["NORTON D",null,null,1]
["NORTON NANCY",null,null,1]
["NUGENT MICHAEL",null,null,1]
["NUI MARVIN",null,null,1]
["NUTTALL GRAHAM",null,null,2]
["NUTTALL JOHN",null,null,14]
["NU'U BOB",null,null,1]
["NYENUH KAY",null,null,1]
["OATES MICK",null,null,2]
["OATS CHERYL",null,null,1]
["OBORNE TIM",null,null,1]
["OBRIAN D",null,null,1]
["O'BRIEN ANDREW",null,null,5]
["OBRIEN DAVID",null,null,2]
["O'BRIEN GARY",null,null,1]
["O'BRIEN RAY",null,null,7]
["O'BRIEN SHANEEN",null,null,1]
["O'BRIEN SUE",null,null,6]
["O'CONNOR CHRISTIAN",null,null,1]
["O'CONNOR THERESA",null,null,11]
["O'CONNOR TONY",null,null,5]
["O'DONNELL COLIN",null,null,1]
["O'DWYER L",null,null,1]
["O'GRADY JOHN",null,null,3]
["O'GRADY THOMAS",null,null,1]
["OHTSUKI CHIKAKO",null,null,1]
["OKAMOTO DAISUKE",null,null,1]
["O'KEEFFE CATHERINE",null,null,1]
["OLLSON COL",null,null,1]
["O'LOUGHLIN M",null,null,1]
["OLSEN JOHN",null,null,7]
["O'MALLEY JACK",null,null,1]
["O'NEILL PAUL",null,null,1]
["O'NEILL SCOTT",null,null,1]
["O'REAGAIN JOSEPH",null,null,1]
["O'REGAN PAUL",null,null,1]
["O'REILLY PHIL",null,null,3]
["ORIZENCO MICK",null,null,1]
["OSBERGER MATTHEW",null,null,1]
["OSBORNE NICHOLAS",null,null,1]
["OSBORNE ROBERT",null,null,1]
["O'SHAUGHNESSSY KELLY",null,null,1]
["O'SHEA GREG",null,null,1]
["O'SHEA MICHAEL",null,null,1]
["OSTLER TOBY",null,null,1]
["O'SULLIVAN ROBERT",null,null,1]
["OTANI RUMI",null,null,1]
["OTTO ANNALIESE",null,null,3]
["OWEN ETHYN",null,null,1]
["OWEN RICKY",null,null,1]
["OXENBURGH NICHOLAS",null,null,1]
["PACEY BILL",null,null,2]
["PACEY CHRIS",null,null,2]
["PAGE HAYLEY",null,null,1]
["PAIN GAVIN",null,null,2]
["PAINE KEVIN",null,null,1]
["PALFREY CHRIS",null,null,2]
["PALFREY-SNEDDON HARRY",null,null,1]
["PALLING JESSICA",null,null,1]
["PALMER BILL",null,null,1]
["PALMERO ELLIE",null,null,1]
["PAPA AMELIA",null,null,1]
["PAPADOPOULOS JAKE",null,null,1]
["PARE ROBERT",null,null,1]
["PARKER BRENDA",null,null,2]
["PARKER MARKHAM",null,null,2]
["PARKER TYESEN",null,null,1]
["PARKINS SARAH",null,null,4]
["PARKINSON RICHARD",null,null,1]
["PARKS MICHAEL",null,null,1]
["PARR SHARMAN",null,null,4]
["PARRY RYAN",null,null,1]
["PART BERT",null,null,2]
["PARTRIDGE ISOBEL",null,null,1]
["PARTRIDGE TIM",null,null,1]
["PASK S",null,null,1]
["PASKE DAVE",null,null,1]
["PATANE NADINE",null,null,1]
["PATERSON SARAH",null,null,1]
["PATZOLD RICK",null,null,11]
["PAXTON JON",null,null,1]
["PAYNE REBECCA",null,null,1]
["PAYNE ZACHARY",null,null,1]
["PEACH ROB",null,null,1]
["PEACOCK GORDON",null,null,1]
["PEARCE JAYSON",null,null,1]
["PEARCE JEFF",null,null,1]
["PEARCE RYAN",null,null,1]
["PEARS JACKIE",null,null,1]
["PEARSON KRYSTAL",null,null,1]
["PEARSON NEIL",null,null,3]
["PECKETT DARYL",null,null,1]
["PECKHAM ANNA",null,null,1]
["PELLER LINDA",null,null,1]
["PELLING WAYNE",null,null,1]
["PELTIER HELYETTE",null,null,1]
["PELUCHETTI HAILEY",null,null,1]
["PEMBERTON GRAHAM",null,null,1]
["PEMBERTON PAMELA",null,null,1]
["PENNINGTON RICHARD",null,null,1]
["PENTA THOMAS",null,null,1]
["PERKINS DAVE",null,null,17]
["PERKINS SAMUEL",null,null,1]
["PERRY TODD",null,null,1]
["PERRY VIC",null,null,1]
["PESCATORE MATTHEW",null,null,1]
["PETERS RON",null,null,1]
["PETERSEN AMY",null,null,1]
["PETERSON JASON",null,null,3]
["PFLIEGER HUGUES",null,null,1]
["PFOEFFER LUKE",null,null,2]
["PHILLIPS MIKE",null,null,1]
["PHILLIPS SHANE",null,null,1]
["PICCINELLI SCOTT",null,null,1]
["PICOT JULIAN",null,null,1]
["PIENAAR ERIC",null,null,2]
["PIKOULAS VALENTINO",null,null,1]
["PITCHER RODNEY",null,null,1]
["PIVA DREW",null,null,3]
["PIVA RONETTE",null,null,1]
["PLA PERERNAU EDUARD",null,null,1]
["PLATT STEELE",null,null,1]
["POCOCK CHRIS",null,null,3]
["POCOCK MICHAEL",null,null,1]
["POLETTI ALANA",null,null,7]
["POLLARD MIKE",null,null,1]
["PONTI BENEDICT",null,null,1]
["PORTER MARK",null,null,1]
["POSTMA STEVE",null,null,2]
["POTTER KEITH",null,null,1]
["POWELL GAVIN",null,null,5]
["POWELL TONY",null,null,1]
["POWER DIANNE",null,null,2]
["PRALICA ELIZABETH",null,null,2]
["PRATT MATT",null,null,1]
["PRAVEEN VENKATA",null,null,2]
["PREIN JONAS",null,null,1]
["PREISIG BENTLEY",null,null,1]
["PRENTICE GLENN",null,null,1]
["PRENTICE MARLENE",null,null,1]
["PRENTIS TONY",null,null,1]
["PRESSLEY DAMIEN",null,null,1]
["PRESSLEY PHIL",null,null,1]
["PRESTIDGE MARK",null,null,1]
["PRIDDLE BEN",null,null,1]
["PRIOR SAM",null,null,1]
["PRONGER M",null,null,1]
["PRUDEAU JULIE",null,null,2]
["PRYTZ ARNSTEIN",null,null,1]
["PUGLISI ANNA",null,null,1]
["PUNSHON MICHAEL",null,null,2]
["QAZIM DEBBIE",null,null,1]
["QIAN LIYING",null,null,1]
["QUAGLIATA LAURA",null,null,1]
["QUAGLIOTTO EVAN",null,null,2]
["QUAINE JULIANNE",null,null,1]
["QUARRELL TONY",null,null,2]
["QUINN JENNY",null,null,1]
["QUINN RICHARD",null,null,1]
["QUINNEY DARRYL",null,null,6]
["QUINTAVALLE KIETH",null,null,2]
["RACITI SEBASTIEN",null,null,2]
["RADFORD DAVID",null,null,1]
["RAFFERTY SALLY",null,null,1]
["RAFTER JESSICA",null,null,1]
["RAILTON GRAEME",null,null,1]
["RAINS ALEX",null,null,4]
["RAINS JAYMIE",null,null,1]
["RALPH ANTHONY",null,null,1]
["RANDALL IMOGEN",null,null,1]
["RANE AJAY",null,null,1]
["RASMUSSEN RAYLENE",null,null,1]
["RATTRAY MATTHEW",null,null,1]
["RAUT BIMAL",null,null,1]
["RAWSTRON JANE",null,null,1]
["RAYNER JEFF",null,null,1]
["REA NEVILLE",null,null,1]
["READ COLETTE",null,null,13]
["READING NEV",null,null,1]
["REAKES HAYDEN",null,null,2]
["REASTON BEV",null,null,1]
["REDDERHOF NICOLE",null,null,1]
["REDL NICKY",null,null,1]
["REED CHRIS",null,null,1]
["REGAN ANDREW",null,null,1]
["REICHER BERNARD",null,null,1]
["REID ANDREW",null,null,1]
["REID JACK",null,null,2]
["REID PAUL",null,null,1]
["REILLY JOHN",null,null,2]
["REINKE MICHAEL",null,null,2]
["RENDELL ALAN",null,null,1]
["RENKEN JO",null,null,1]
["RENOUF CODY",null,null,1]
["RESTALL DAVE",null,null,1]
["REYNOLDS ANDREA",null,null,1]
["REYNOLDS HELEN",null,null,1]
["RICH KEITH",null,null,8]
["RICHARDS ALEXANDER",null,null,1]
["RICHARDSON MICHAEL",null,null,1]
["RICHARDSON PETER",null,null,1]
["RICHTER KAY",null,null,2]
["RICHTER MARTY",null,null,3]
["RIDGWELL JAMES",null,null,1]
["RIFAI BELINDA",null,null,1]
["RIGBY PAUL",null,null,1]
["RIGBY ZACHARY",null,null,1]
["RISKE KATIE",null,null,2]
["RISKE LACHLAN",null,null,1]
["RITTER CARMEN",null,null,2]
["ROBERTS GLEN",null,null,1]
["ROBERTS GUY",null,null,1]
["ROBERTS LEN",null,null,1]
["ROBERTS TAKAE",null,null,1]
["ROBERTS WILL",null,null,1]
["ROBERTS ZAC",null,null,1]
["ROBERTSON FLETCHER",null,null,1]
["ROBERTSON SHARON",null,null,1]
["ROBINSON BILL",null,null,5]
["ROBINSON GEORGE",null,null,1]
["ROBINSON GLEN",null,null,2]
["ROBINSON H",null,null,1]
["ROBINSON HAL",null,null,1]
["ROBINSON JODIE",null,null,1]
["ROBINSON MICHELLE",null,null,1]
["ROBINSON RACHEL",null,null,1]
["ROBSON SHARON",null,null,3]
["RODGER-BURTWELL TRACEY",null,null,1]
["RODSJO KENT",null,null,1]
["ROGERS VICKY",null,null,1]
["ROLF KAREEN MAREE",null,null,1]
["ROLFE MATT",null,null,1]
["ROMEO MARIO",null,null,1]
["ROOKE B",null,null,1]
["ROSENGREN PATRICK",null,null,1]
["ROSS DAVID",null,null,1]
["ROSSITER RON",null,null,1]
["ROUSE AMY",null,null,1]
["ROWCLIFFE NAOMI",null,null,1]
["ROWDEN WIDGE",null,null,4]
["ROWLAND KIERAN",null,null,1]
["ROY WAYNE",null,null,1]
["ROYALL AARON",null,null,1]
["RUNDE GAVIN",null,null,1]
["RUSCOE BRITANI",null,null,1]
["RUSSELL PEITA",null,null,1]
["RUTHERFORD CHRIS",null,null,1]
["RUTHERFORD ROD",null,null,14]
["RUTHERFORD TRISH",null,null,1]
["RUTLEDGE ALEX",null,null,1]
["RUYS JUANITA",null,null,1]
["RYAN COLIN",null,null,1]
["RYAN GARY",null,null,1]
["RYAN K",null,null,1]
["RYAN ROBBIE",null,null,2]
["RYAN TAMARA",null,null,10]
["RYAN TOM",null,null,3]
["RYDER SHARON",null,null,1]
["SABADINA CHRIS",null,null,1]
["SAFE NATHAN",null,null,1]
["SAGER JULIE",null,null,1]
["SALAMA WISSAM",null,null,1]
["SALES STEPHEN",null,null,1]
["SALIBA FRED",null,null,3]
["SALIBA ROB",null,null,1]
["SALINOVICH MATTHEW",null,null,1]
["SANCHES EDSON",null,null,1]
["SANDRASEGARAN ARAN",null,null,1]
["SANDREY GREGORY",null,null,1]
["SANOUILLER ALAIN",null,null,1]
["SANSALONE LUCA",null,null,2]
["SANT MONIQUE",null,null,1]
["SAPIR RON",null,null,1]
["SATO SHIGENOBU",null,null,1]
["SAUNDERS CHARLENE",null,null,1]
["SAVAGE JESSICA",null,null,3]
["SAWYER JARROD",null,null,1]
["SAXBY DAVID",null,null,2]
["SAXBY JUDITH",null,null,1]
["SAXON MARTIN",null,null,1]
["SAYED RENNA",null,null,1]
["SCHAAF CONSTANTIN",null,null,1]
["SCHAFFERIUS BEVAN",null,null,2]
["SCHAFRANEK VANESSA",null,null,1]
["SCHICK GERARD",null,null,1]
["SCHINKEL JACQUI",null,null,1]
["SCHMITT MARK",null,null,1]
["SCHMITT TRAVIS",null,null,1]
["SCHOEN ALEXANDRA",null,null,1]
["SCHOEN ELLIOTT",null,null,1]
["SCHOENE KIRSTINE",null,null,1]
["SCHOEPFLIN LEO",null,null,2]
["SCHOLER MICHAEL",null,null,2]
["SCHONEVELD JOHN",null,null,1]
["SCHONFELDT-ROY SONJA",null,null,5]
["SCHOUTEN MELANIE",null,null,1]
["SCHRODTER ROB",null,null,1]
["SCHROEDER DEBBIE",null,null,1]
["SCHULZ PETER",null,null,1]
["SCHUTT BEN",null,null,1]
["SCHWARTZ GIDEON",null,null,1]
["SCHWARTZ JAKO",null,null,1]
["SCHWEIZER RALPH",null,null,1]
["SCOTT GARTH",null,null,1]
["SCOTT JOE",null,null,4]
["SCOTT MICHELLE",null,null,2]
["SCUDERI MARIA",null,null,3]
["SCULLY DAVE",null,null,3]
["SCULLY SAM",null,null,1]
["SCURRAH ALENA",null,null,2]
["SEARLE NOELENE",null,null,1]
["SEARSTON JOHN",null,null,1]
["SEDGWICK JACQUI",null,null,1]
["SEFTON MIKE",null,null,1]
["SELBY MEL",null,null,1]
["SELLECK COLIN",null,null,1]
["SELMAN JASON",null,null,2]
["SEMMLER ANDREA",null,null,1]
["SEMPLE GILLIAN",null,null,1]
["SENSE RICHMOND",null,null,1]
["SEYMOUR ALANA",null,null,1]
["SHAND ADAM",null,null,1]
["SHANNON EVAN",null,null,2]
["SHANNON PATRICK",null,null,5]
["SHAO YIFENG",null,null,1]
["SHARMA KIRAN",null,null,1]
["SHARPE CLIVE",null,null,1]
["SHARROCK LEANNE",null,null,1]
["SHEERS MADELINE",null,null,1]
["SHEPHERD JASON",null,null,1]
["SHEPHERD STEPHEN",null,null,2]
["SHERLOCK DANIELLE",null,null,1]
["SHIELD R",null,null,1]
["SHIELDS JEREMY",null,null,1]
["SHIELDS MERV",null,null,6]
["SHIRLAW ROBYN",null,null,1]
["SHOEBRIDGE JO",null,null,1]
["SHOEBRIDGE WAYNE",null,null,1]
["SHORT ANDREW",null,null,1]
["SIMMONS JON",null,null,2]
["SIMMONS SALLY",null,null,2]
["SIMMONS SHANE",null,null,2]
["SIMMONS SHARON",null,null,1]
["SIMPSON ERIN",null,null,6]
["SIMPSON JACK",null,null,1]
["SIMPSON LACHLAN",null,null,1]
["SINGLE RICKIE",null,null,1]
["SINTON PENELOPE",null,null,1]
["SIWERSKI NICK",null,null,1]
["SKINNER KRISTIAN",null,null,2]
["SKINNER VICKI",null,null,1]
["SKVARIL VLASTIK",null,null,1]
["SLANEY DAVID",null,null,1]
["SLATCHER MATTHEW",null,null,1]
["SLATYER LINA",null,null,1]
["SLEGERS SHANE",null,null,1]
["SLEIGHT MICHAEL",null,null,1]
["SMALES CLAYTON",null,null,1]
["SMALL TYRONE",null,null,1]
["SMART JASON",null,null,1]
["SMID MICHAEL",null,null,1]
["SMIT ANDRIES",null,null,1]
["SMITH AARON",null,null,3]
["SMITH ANDY",null,null,1]
["SMITH ARI",null,null,1]
["SMITH BENJAMIN",null,null,1]
["SMITH BRADLEY",null,null,1]
["SMITH BRISTOW",null,null,1]
["SMITH DAVID",null,null,1]
["SMITH ESTHER",null,null,7]
["SMITH EVAN",null,null,2]
["SMITH GARY",null,null,1]
["SMITH HAILEY",null,null,1]
["SMITH KEN",null,null,1]
["SMITH KYLE",null,null,1]
["SMITH MATTY",null,null,1]
["SMITH NATHAN",null,null,1]
["SMITH PETER",null,null,1]
["SMITH VANESSA",null,null,2]
["SMYTHE LUKE",null,null,1]
["SNELL MATTHEW",null,null,4]
["SNELLING BRENTON",null,null,1]
["SOLDATI JAYDEN",null,null,1]
["SOPAKUWA THOMMY",null,null,1]
["SOTAMAA HELSINKI",null,null,1]
["SPARKES DAVID",null,null,1]
["SPEKKING ALEX",null,null,2]
["SPENCE AL",null,null,2]
["SPENCELEY JAMIE",null,null,1]
["SPENCELEY YVONNE",null,null,1]
["SPENCER DAVID",null,null,2]
["SPERLING DAVID",null,null,1]
["SPIVEY CHRIS",null,null,1]
["SPOKES GRAHAM",null,null,1]
["SPOKES LEIGH",null,null,1]
["SPRATLING MICK",null,null,1]
["SPRINGBORG JENS",null,null,1]
["SPROTT GEOFFREY",null,null,10]
["SPRUNT BRETT",null,null,1]
["STAATS JANET",null,null,1]
["STAFFORD ERIN",null,null,7]
["STALKER LEIGH",null,null,1]
["STAMNAS KEL",null,null,1]
["STANBROOK ALLAN",null,null,5]
["STANEK NICHOLAS",null,null,1]
["STANTON GEOFF",null,null,20]
["STANTON KRISHNA",null,null,1]
["STAPLES JANET",null,null,1]
["STAROSTKA CHRIS",null,null,1]
["STAROSTKA MICHELE",null,null,1]
["STASSEN VINCENT",null,null,1]
["STEAD PETER",null,null,2]
["STEDMAN SAM",null,null,5]
["STEEL CORRIE",null,null,1]
["STEEN MISCHA",null,null,1]
["STEEN RACHEL",null,null,1]
["STEVENS ADAM",null,null,1]
["STEVENS ALEC",null,null,2]
["STEVENS MATT",null,null,1]
["STEVENSON ALEC",null,null,1]
["STEWART BRETT",null,null,2]
["STEWART CRAIG",null,null,1]
["STEWART G",null,null,1]
["STEWART L",null,null,1]
["STEWART REBECCA",null,null,1]
["STEWART VIJAYA",null,null,1]
["STJEPIC DOUG",null,null,1]
["STOCKWELL TROY",null,null,1]
["STODDART RYAN",null,null,1]
["STOKES DOUGLAS",null,null,2]
["STOKES ELOISE",null,null,1]
["STOLZ NATHAN",null,null,1]
["STOLZENBERG ERIC",null,null,1]
["STOMAN DANIEL",null,null,2]
["STONE JANE",null,null,2]
["STOREY LEANNE",null,null,1]
["STORM GEORGIA",null,null,2]
["STOVER ERIC",null,null,1]
["STRACHAN ANDREW",null,null,1]
["STRID ANGELA",null,null,1]
["STRIPP DEON",null,null,3]
["STURGESS ROSS",null,null,1]
["STURZAKER JANE",null,null,6]
["SUANA ENRIQUE",null,null,4]
["SUCKLING CARY",null,null,1]
["SULLIVAN PETER",null,null,1]
["SULZBERGER AIMEE",null,null,1]
["SUN SIZHONG",null,null,1]
["SUTHERLAND MICHAEL",null,null,1]
["SWAN SAM",null,null,1]
["SWEENEY FRASER",null,null,2]
["SWEENEY SEAN",null,null,1]
["SWEETING HEIDI",null,null,1]
["SYMONS JOANNE",null,null,1]
["SYPOTT COURTNEY",null,null,1]
["SZABO DANIEL",null,null,1]
["TAGGART JACK",null,null,1]
["TAHANA CAROLINE",null,null,1]
["TAIT DOUGLAS",null,null,1]
["TAKANO MIYUKI",null,null,1]
["TAMBLYN JODI",null,null,1]
["TAPLIN JOHN",null,null,1]
["TASSELLI STEPHEN",null,null,3]
["TAT YAN WONG PAUL",null,null,1]
["TATTERAL GRAHAM",null,null,1]
["TAUFOOU JACOB",null,null,2]
["TAVILL RJ",null,null,1]
["TAYLOR CHRIS",null,null,2]
["TAYLOR CLAIRE",null,null,1]
["TAYLOR DARRELLE",null,null,1]
["TAYLOR DON",null,null,1]
["TAYLOR RICHARD",null,null,1]
["TAYLOR SCOTT",null,null,1]
["TAZEL STEVEN",null,null,1]
["TE HUANG CHING",null,null,1]
["TELFORD JAMES",null,null,1]
["TELFORD TONY",null,null,1]
["TESSIER CHRISTIAN",null,null,1]
["TEWARI ANUBHAV",null,null,1]
["THIELTGES MAJA",null,null,1]
["THOMAS BENJAMIN",null,null,1]
["THOMAS CHRIS",null,null,1]
["THOMAS DANE",null,null,2]
["THOMAS GARY",null,null,1]
["THOMAS JACQUI",null,null,3]
["THOMAS KEVIN",null,null,3]
["THOMPSON GARY",null,null,1]
["THOMPSON LUKE",null,null,1]
["THOMPSON SIMON",null,null,1]
["THOMPSON STAFFORD",null,null,1]
["THOMPSON WALTER",null,null,1]
["THOMPSON-LANG CHRIS",null,null,1]
["THOMSON DAVID",null,null,1]
["THORBURN KARIN",null,null,2]
["THORN JULIA",null,null,1]
["THORNTON RUSSELL",null,null,1]
["THORNTON S",null,null,1]
["THWAITES MICHAEL",null,null,1]
["TIDEMAN ROB",null,null,1]
["TIDMAS ADRIAN",null,null,7]
["TIETZ ANDREW",null,null,1]
["TIKEL DANI",null,null,1]
["TILSE JANELLE",null,null,1]
["TINDALL GRAEME",null,null,3]
["TINDALL JONATHAN",null,null,1]
["TITMUS STEVEN",null,null,20]
["TODD ERIN",null,null,1]
["TODD SCOTT",null,null,2]
["TOMLIN BARRY",null,null,8]
["TOMMASINI EDI",null,null,1]
["TOMPKINS MICHAEL",null,null,1]
["TOMS ADAM",null,null,1]
["TONKIN COREY",null,null,1]
["TORPELUND ANDREW",null,null,1]
["TORPIE KEVIN",null,null,1]
["TORRENS ADAM",null,null,1]
["TORRENS GABRIELA",null,null,1]
["TORY SAM",null,null,1]
["TOTH CSABA",null,null,1]
["TRACEY JESSICA",null,null,1]
["TRACEY KRISTINE",null,null,1]
["TREACHER MATHEW",null,null,1]
["TREE TRACEY",null,null,1]
["TREVOR THOMAS",null,null,1]
["TREZONA BARNEY",null,null,1]
["TRICARICO GEORGE",null,null,1]
["TRISTRAM HAMISH",null,null,1]
["TRUEBODY LUKE",null,null,1]
["TSE CHUN HUNG",null,null,1]
["TSIRONIS DIMITRIOS",null,null,1]
["TUDEHOPE GREG",null,null,3]
["TUNNAH ALUN",null,null,1]
["TURNBULL DEAHNE",null,null,1]
["TURNBULL GLENN",null,null,1]
["TURNBULL ROWEN",null,null,1]
["TURNER GLEN",null,null,3]
["TURNER JOHN",null,null,1]
["TURNER P",null,null,1]
["TURNER RHYS",null,null,1]
["TWAALFHOVE PATRICIA",null,null,1]
["UCHIOKE ASAMI",null,null,1]
["URLICH TOMISLAV",null,null,1]
["UTAN SIMON",null,null,1]
["UZAKI KENICHI",null,null,1]
["VALENA TOM",null,null,2]
["VALENTINE JAMIE",null,null,1]
["VALLANCE PAT",null,null,1]
["VAN AKKEREN KALI",null,null,1]
["VAN AKKEREN STEPHEN",null,null,1]
["VAN ANTWERP CHARLES",null,null,5]
["VAN BEKKUM PETA",null,null,2]
["VAN DER MEER MARTIN",null,null,2]
["VAN DER VELDEN WES",null,null,1]
["VAN EVERY DALE",null,null,1]
["VAN EWYK JOANNE",null,null,1]
["VAN GORP JO",null,null,1]
["VAN IWAARDEN HANNAH",null,null,1]
["VAN LEEUWEN JANE",null,null,1]
["VAN VUUREN PIETER",null,null,1]
["VANCE DAVID",null,null,4]
["VANDERVOET DANIEL",null,null,1]
["VANDERVOET DAVID",null,null,1]
["VANDUIJN H",null,null,1]
["VARDY JESSICA",null,null,2]
["VARDY RODNEY",null,null,1]
["VASSALLO LEAH",null,null,1]
["VASSALO MARY ANNE",null,null,1]
["VENKATARAMAN AJAY",null,null,1]
["VENZ GARY",null,null,1]
["VICARY SARAH",null,null,1]
["VICKERS ROSS",null,null,2]
["VICKERS VICKI",null,null,6]
["VIEJOEN MAREE",null,null,1]
["VIGERZI FRANK",null,null,7]
["VIVIAN MICK",null,null,1]
["VLOTMAN DAVID",null,null,1]
["VOLPI LOU",null,null,1]
["VON SENDEN DAVID",null,null,4]
["VOOLSTRA JACK",null,null,2]
["VORDING MARCUS",null,null,1]
["WADE MARK",null,null,1]
["WAKELIN TREVOR",null,null,1]
["WALKER BOB",null,null,3]
["WALKER DAVID",null,null,1]
["WALKER JARREN",null,null,1]
["WALKER MIKE",null,null,1]
["WALKOM BRENDAN",null,null,6]
["WALL ANDY",null,null,1]
["WALLACE ROBYN",null,null,1]
["WALLER SHARON",null,null,4]
["WALLIS CAMERON",null,null,1]
["WALMSLEY BRIAN",null,null,1]
["WALPOLE COL",null,null,1]
["WALQUIST WILL",null,null,1]
["WALSH JOE",null,null,2]
["WALSH KERRY",null,null,1]
["WALSH SHANE",null,null,1]
["WALSH VANESSA",null,null,1]
["WALSHAW MATTHEW",null,null,2]
["WALTERS BRENTON",null,null,1]
["WALTON MARI-MAR",null,null,1]
["WANG NANCY",null,null,1]
["WANG WENHONG",null,null,1]
["WANT MERLE",null,null,1]
["WARAGAI SEIYA",null,null,1]
["WARBURTON TREVOR",null,null,1]
["WARD DOUG",null,null,1]
["WARD LISA",null,null,2]
["WARD NIBODDHRI",null,null,1]
["WARD WARWICK",null,null,3]
["WARDLE MARTIN",null,null,1]
["WAREHAM RAYMOND",null,null,1]
["WARMAN CHRISSY",null,null,2]
["WASSMUTH CHRISTIAN",null,null,1]
["WATERFIELD JOHN",null,null,3]
["WATERFIELD THOMAS",null,null,1]
["WATERS ALLISON",null,null,1]
["WATFERN KARL",null,null,1]
["WATKINS MEREDITH",null,null,2]
["WATTLE PETER",null,null,1]
["WEARNE AMANDA",null,null,1]
["WEATHERSTONE KELLY",null,null,1]
["WEBB G",null,null,1]
["WEBB ROLY",null,null,2]
["WEBBER BRIDGET",null,null,6]
["WEBBER MEGAN",null,null,2]
["WEBSTER CAMERON",null,null,1]
["WEBSTER IAIN",null,null,1]
["WEEKS EMILY",null,null,1]
["WEEKS ROGER",null,null,1]
["WEGNER ALLAN",null,null,1]
["WEIDNER CAROLA",null,null,1]
["WEIR HENRY",null,null,1]
["WEISE NEIL",null,null,1]
["WELLS STEVEN",null,null,1]
["WELTON RONELLE",null,null,1]
["WENTA BRENDEN",null,null,1]
["WERBELOFF GAVIN",null,null,1]
["WERNER CHRIS",null,null,1]
["WESLAN ADAM",null,null,1]
["WEST DANE",null,null,4]
["WEST DANNY",null,null,1]
["WESTON AMRI",null,null,1]
["WESTON ANDREA",null,null,1]
["WESTON SIMON",null,null,1]
["WHARTON DAVE",null,null,6]
["WHATMOUGH MICHELLE",null,null,1]
["WHEELER CONNOR",null,null,1]
["WHEELER JESS",null,null,1]
["WHEELER JUDE",null,null,2]
["WHEELER PETER",null,null,1]
["WHELAN BRENDAN",null,null,1]
["WHISTON SCOTT",null,null,1]
["WHITE BILL",null,null,1]
["WHITE CHRIS",null,null,1]
["WHITE RICHARD",null,null,3]
["WHITFIELD DIANDRA",null,null,1]
["WHITMORE GREG",null,null,2]
["WHITTLE IVAN",null,null,1]
["WHITTY CHRIS",null,null,2]
["WHITTY MICK",null,null,1]
["WIGGINS LINDSEY",null,null,1]
["WILD DENNIS",null,null,1]
["WILD KEVIN",null,null,4]
["WILD REUBEN",null,null,1]
["WILDMAN MARK",null,null,1]
["WILES R",null,null,3]
["WILLARD CLAIRE",null,null,1]
["WILLIAMS CAINE",null,null,1]
["WILLIAMS JOSHUA",null,null,2]
["WILLIAMS LYLE",null,null,1]
["WILLIAMS MATT",null,null,2]
["WILLIAMS PAMELA",null,null,4]
["WILLIAMS TIM",null,null,1]
["WILLIAMS WARREN",null,null,1]
["WILLIAMSON MARK",null,null,1]
["WILLIAMSON SALLY",null,null,1]
["WILSON BRENTON",null,null,2]
["WILSON BRETT",null,null,1]
["WILSON DAVID",null,null,1]
["WILSON GREG",null,null,10]
["WILSON HANNAH",null,null,1]
["WILSON RHYS",null,null,1]
["WILSON SEAN",null,null,1]
["WILSON VANESSA",null,null,1]
["WILTON BRAD",null,null,1]
["WINDLE DANNY",null,null,1]
["WINGREEN CAROL",null,null,1]
["WINNING DREW",null,null,1]
["WINTER CRAIG",null,null,1]
["WINTER SARA",null,null,1]
["WISE AARON",null,null,1]
["WK-JEON HYUNG",null,null,1]
["WOJOCHEWOSKI STAN",null,null,4]
["WOOD JOHANNA",null,null,1]
["WOOD KYLE",null,null,3]
["WOOD TALEESA",null,null,1]
["WOODS A",null,null,1]
["WOODWARD MICHAEL",null,null,1]
["WOOKEY MARNEE",null,null,1]
["WOOLCOTT RAYMOND",null,null,1]
["WOOLFE DAMIEN",null,null,1]
["WOOLFE KEN",null,null,1]
["WOOLFE KYLE",null,null,1]
["WOOLVERIDGE GEORGIE",null,null,1]
["WOON CHEUNG CHAN KAREN",null,null,3]
["WOOSTER MICHAEL",null,null,1]
["WORTHINGTON PETER",null,null,2]
["WOTHERSPOON ROSS",null,null,1]
["WOUTERS ILANA",null,null,1]
["WRIGHT CIANNA",null,null,1]
["WRIGHT R",null,null,1]
["WYNTER SACHA",null,null,2]
["WYPER RYE",null,null,2]
["XIE JINYI",null,null,1]
["YAMADA MASAHITO",null,null,1]
["YELDHAM ANDREW",null,null,1]
["YOSHIDA YUMIKO",null,null,1]
["YOSHIMATSU HISAE",null,null,1]
["YOUNG ALEX",null,null,4]
["YOUNG BELINDA",null,null,1]
["YOUNG IZZY",null,null,1]
["YOUNG NATHAN",null,null,1]
["YOUNG NICOLA",null,null,1]
["YOUNG PAUL",null,null,1]
["YOUNGMAN MICHAEL",null,null,2]
["YOUSSEF ELIAS",null,null,1]
["YUSUF DEE",null,null,1]
["Z_ RUNNER 192",null,null,1]
["ZAHN JUDY",null,null,1]
["ZEISNER GERHARD",null,null,1]
["ZELESCO KARINA",null,null,1]
["ZERVOS RODNEY",null,null,1]
["ZEVENBERGEN MARCEL",null,null,2]
["ZHU ZHIWEI RANDY",null,null,1]
["ZIEMNICKI LEAH",null,null,1]
["ZIENAU PETER",null,null,1]
["ZONTA ANA",null,null,1]
["ZU CHENG",null,null,1]
["ZUPAN GARY",null,null,1]

{"sheet":"10 year club","index":1,"n_rows":46,"n_cols":10,"rows_kept":46,"cut":false,"hidden":false,"merged":[]}
["10 Year Club after the 2024 Townsville Running Festival"]
["Name","Name (Surname / First Name) ","10 Year Club Bib","Runs Registered","Runs Not Completed","Runs Completed","Best Time","Last Run"]
[{"$f":"MID(B3,SEARCH(\" \",B3)+1,99)&\" \"&LEFT(B3,SEARCH(\" \",B3)-1)","v":"TONY FELESINA"},"FELESINA TONY",42001,{"$f":"COUNTIFS(Data!E$3:E$3663,B3)","v":24},{"$f":"COUNTIFS(Data!E$3:E$3663,B3,Data!F$3:F$3663,\"DNF\")","v":0},{"$f":"D3-E3","v":24},{"$f":"INDEX(Data!$G$3:$G$3663,MATCH(1,IF(Data!$E$3:$E$3663=$B3,IF(Data!$I$3:$I$3663=\"Fastest\",1)),0))","v":"3.18.29"},{"$f":"_xlfn.MAXIFS(Data!$A$3:$A$3663,Data!$E$3:$E$3663,$B3)","v":2024}]
["DAVID CANNINGS","CANNINGS DAVID",42002,{"$f":"COUNTIFS(Data!E$3:E$3663,B4)","v":21},{"$f":"COUNTIFS(Data!E$3:E$3663,B4,Data!F$3:F$3663,\"DNF\")","v":0},{"$f":"D4-E4","v":21},{"$f":"INDEX(Data!$G$3:$G$3663,MATCH(1,IF(Data!$E$3:$E$3663=$B4,IF(Data!$I$3:$I$3663=\"Fastest\",1)),0))","v":"3.59.32"},{"$f":"_xlfn.MAXIFS(Data!$A$3:$A$3663,Data!$E$3:$E$3663,$B4)","v":2023}]
["ROD RUTHERFORD","RUTHERFORD ROD",42003,{"$f":"COUNTIFS(Data!E$3:E$3663,B5)","v":14},{"$f":"COUNTIFS(Data!E$3:E$3663,B5,Data!F$3:F$3663,\"DNF\")","v":0},14,{"$f":"INDEX(Data!$G$3:$G$3663,MATCH(1,IF(Data!$E$3:$E$3663=$B5,IF(Data!$I$3:$I$3663=\"Fastest\",1)),0))","v":"4.29.51"},{"$f":"_xlfn.MAXIFS(Data!$A$3:$A$3663,Data!$E$3:$E$3663,$B5)","v":2017}]
["GEOFF STANTON","STANTON GEOFF",42004,{"$f":"COUNTIFS(Data!E$3:E$3663,B6)","v":20},{"$f":"COUNTIFS(Data!E$3:E$3663,B6,Data!F$3:F$3663,\"DNF\")","v":0},20,{"$f":"INDEX(Data!$G$3:$G$3663,MATCH(1,IF(Data!$E$3:$E$3663=$B6,IF(Data!$I$3:$I$3663=\"Fastest\",1)),0))","v":"3.28.14"},{"$f":"_xlfn.MAXIFS(Data!$A$3:$A$3663,Data!$E$3:$E$3663,$B6)","v":2023}]
["PAUL CROUCH-CHIVERS","CROUCH-CHIVERS PAUL",42005,{"$f":"COUNTIFS(Data!E$3:E$3663,B7)","v":13},{"$f":"COUNTIFS(Data!E$3:E$3663,B7,Data!F$3:F$3663,\"DNF\")","v":0},13,{"$f":"INDEX(Data!$G$3:$G$3663,MATCH(1,IF(Data!$E$3:$E$3663=$B7,IF(Data!$I$3:$I$3663=\"Fastest\",1)),0))","v":"3.22.20"},{"$f":"_xlfn.MAXIFS(Data!$A$3:$A$3663,Data!$E$3:$E$3663,$B7)","v":2017}]
["STEVEN TITMUS","TITMUS STEVEN",42006,{"$f":"COUNTIFS(Data!E$3:E$3663,B8)","v":20},{"$f":"COUNTIFS(Data!E$3:E$3663,B8,Data!F$3:F$3663,\"DNF\")","v":0},20,{"$f":"INDEX(Data!$G$3:$G$3663,MATCH(1,IF(Data!$E$3:$E$3663=$B8,IF(Data!$I$3:$I$3663=\"Fastest\",1)),0))","v":"3.35.38"},{"$f":"_xlfn.MAXIFS(Data!$A$3:$A$3663,Data!$E$3:$E$3663,$B8)","v":2024}]
["BERNIE NORRIS","NORRIS BERNIE",42007,{"$f":"COUNTIFS(Data!E$3:E$3663,B9)","v":20},{"$f":"COUNTIFS(Data!E$3:E$3663,B9,Data!F$3:F$3663,\"DNF\")","v":0},20,{"$f":"INDEX(Data!$G$3:$G$3663,MATCH(1,IF(Data!$E$3:$E$3663=$B9,IF(Data!$I$3:$I$3663=\"Fastest\",1)),0))","v":"3.11.32"},{"$f":"_xlfn.MAXIFS(Data!$A$3:$A$3663,Data!$E$3:$E$3663,$B9)","v":2024}]
["WAYNE CRASE","CRASE WAYNE",42008,{"$f":"COUNTIFS(Data!E$3:E$3663,B10)","v":13},{"$f":"COUNTIFS(Data!E$3:E$3663,B10,Data!F$3:F$3663,\"DNF\")","v":0},13,{"$f":"INDEX(Data!$G$3:$G$3663,MATCH(1,IF(Data!$E$3:$E$3663=$B10,IF(Data!$I$3:$I$3663=\"Fastest\",1)),0))","v":"3.55.08"},{"$f":"_xlfn.MAXIFS(Data!$A$3:$A$3663,Data!$E$3:$E$3663,$B10)","v":2024}]
["MATTHEW BOSCHEN","BOSCHEN MATTHEW",42009,{"$f":"COUNTIFS(Data!E$3:E$3663,B11)","v":17},{"$f":"COUNTIFS(Data!E$3:E$3663,B11,Data!F$3:F$3663,\"DNF\")","v":0},17,{"$f":"INDEX(Data!$G$3:$G$3663,MATCH(1,IF(Data!$E$3:$E$3663=$B11,IF(Data!$I$3:$I$3663=\"Fastest\",1)),0))","v":"2.59.41"},{"$f":"_xlfn.MAXIFS(Data!$A$3:$A$3663,Data!$E$3:$E$3663,$B11)","v":2024}]
["JOHN NUTTALL","NUTTALL JOHN",42010,{"$f":"COUNTIFS(Data!E$3:E$3663,B12)","v":14},{"$f":"COUNTIFS(Data!E$3:E$3663,B12,Data!F$3:F$3663,\"DNF\")","v":0},14,{"$f":"INDEX(Data!$G$3:$G$3663,MATCH(1,IF(Data!$E$3:$E$3663=$B12,IF(Data!$I$3:$I$3663=\"Fastest\",1)),0))","v":"2.53.37"},{"$f":"_xlfn.MAXIFS(Data!$A$3:$A$3663,Data!$E$3:$E$3663,$B12)","v":2019}]
["RODNEY NORTHFIELD","NORTHFIELD RODNEY",42011,{"$f":"COUNTIFS(Data!E$3:E$3663,B13)","v":15},{"$f":"COUNTIFS(Data!E$3:E$3663,B13,Data!F$3:F$3663,\"DNF\")","v":0},15,{"$f":"INDEX(Data!$G$3:$G$3663,MATCH(1,IF(Data!$E$3:$E$3663=$B13,IF(Data!$I$3:$I$3663=\"Fastest\",1)),0))","v":"3.10.25"},{"$f":"_xlfn.MAXIFS(Data!$A$3:$A$3663,Data!$E$3:$E$3663,$B13)","v":2024}]
["DAVE PERKINS","PERKINS DAVE",42012,{"$f":"COUNTIFS(Data!E$3:E$3663,B14)","v":17},{"$f":"COUNTIFS(Data!E$3:E$3663,B14,Data!F$3:F$3663,\"DNF\")","v":0},17,{"$f":"INDEX(Data!$G$3:$G$3663,MATCH(1,IF(Data!$E$3:$E$3663=$B14,IF(Data!$I$3:$I$3663=\"Fastest\",1)),0))","v":"3.24.31"},{"$f":"_xlfn.MAXIFS(Data!$A$3:$A$3663,Data!$E$3:$E$3663,$B14)","v":2024}]
["GEOFFREY SPROTT","SPROTT GEOFFREY",42013,{"$f":"COUNTIFS(Data!E$3:E$3663,B15)","v":10},{"$f":"COUNTIFS(Data!E$3:E$3663,B15,Data!F$3:F$3663,\"DNF\")","v":0},10,{"$f":"INDEX(Data!$G$3:$G$3663,MATCH(1,IF(Data!$E$3:$E$3663=$B15,IF(Data!$I$3:$I$3663=\"Fastest\",1)),0))","v":"3.16.01"},{"$f":"_xlfn.MAXIFS(Data!$A$3:$A$3663,Data!$E$3:$E$3663,$B15)","v":2018}]
[{"$f":"MID(B16,SEARCH(\" \",B16)+1,99)&\" \"&LEFT(B16,SEARCH(\" \",B16)-1)","v":"COLETTE READ"},"READ COLETTE",42014,{"$f":"COUNTIFS(Data!E$3:E$3663,B16)","v":13},{"$f":"COUNTIFS(Data!E$3:E$3663,B16,Data!F$3:F$3663,\"DNF\")","v":0},{"$f":"D16-E16","v":13},{"$f":"INDEX(Data!$G$3:$G$3663,MATCH(1,IF(Data!$E$3:$E$3663=$B16,IF(Data!$I$3:$I$3663=\"Fastest\",1)),0))","v":"3.11.31"},{"$f":"_xlfn.MAXIFS(Data!$A$3:$A$3663,Data!$E$3:$E$3663,$B16)","v":2024}]
["TONY GORDON","GORDON TONY",42015,{"$f":"COUNTIFS(Data!E$3:E$3663,B17)","v":10},{"$f":"COUNTIFS(Data!E$3:E$3663,B17,Data!F$3:F$3663,\"DNF\")","v":0},10,{"$f":"INDEX(Data!$G$3:$G$3663,MATCH(1,IF(Data!$E$3:$E$3663=$B17,IF(Data!$I$3:$I$3663=\"Fastest\",1)),0))","v":"02:31:41"},{"$f":"_xlfn.MAXIFS(Data!$A$3:$A$3663,Data!$E$3:$E$3663,$B17)","v":2022}]
[{"$f":"MID(B18,SEARCH(\" \",B18)+1,99)&\" \"&LEFT(B18,SEARCH(\" \",B18)-1)","v":"JOHN HOGGAN"},"HOGGAN JOHN",42016,{"$f":"COUNTIFS(Data!E$3:E$3663,B18)","v":12},{"$f":"COUNTIFS(Data!E$3:E$3663,B18,Data!F$3:F$3663,\"DNF\")","v":0},{"$f":"D18-E18","v":12},{"$f":"INDEX(Data!$G$3:$G$3663,MATCH(1,IF(Data!$E$3:$E$3663=$B18,IF(Data!$I$3:$I$3663=\"Fastest\",1)),0))","v":"3.37.36"},{"$f":"_xlfn.MAXIFS(Data!$A$3:$A$3663,Data!$E$3:$E$3663,$B18)","v":2024}]
[{"$f":"MID(B19,SEARCH(\" \",B19)+1,99)&\" \"&LEFT(B19,SEARCH(\" \",B19)-1)","v":"ELDERENE BROSTROM"},"BROSTROM ELDERENE",42017,{"$f":"COUNTIFS(Data!E$3:E$3663,B19)","v":11},{"$f":"COUNTIFS(Data!E$3:E$3663,B19,Data!F$3:F$3663,\"DNF\")","v":0},{"$f":"D19-E19","v":11},{"$f":"INDEX(Data!$G$3:$G$3663,MATCH(1,IF(Data!$E$3:$E$3663=$B19,IF(Data!$I$3:$I$3663=\"Fastest\",1)),0))","v":"4.02.28"},{"$f":"_xlfn.MAXIFS(Data!$A$3:$A$3664,Data!$E$3:$E$3664,$B19)","v":2023}]
["RICK PATZOLD","PATZOLD RICK",42018,{"$f":"COUNTIFS(Data!E$3:E$3663,B20)","v":11},{"$f":"COUNTIFS(Data!E$3:E$3663,B20,Data!F$3:F$3663,\"DNF\")","v":0},11,{"$f":"INDEX(Data!$G$3:$G$3663,MATCH(1,IF(Data!$E$3:$E$3663=$B20,IF(Data!$I$3:$I$3663=\"Fastest\",1)),0))","v":"3.22.19"},{"$f":"_xlfn.MAXIFS(Data!$A$3:$A$3664,Data!$E$3:$E$3664,$B20)","v":2024}]
["PHIL COPP","COPP PHIL",42019,{"$f":"COUNTIFS(Data!E$3:E$3663,B21)","v":10},{"$f":"COUNTIFS(Data!E$3:E$3663,B21,Data!F$3:F$3663,\"DNF\")","v":0},10,{"$f":"INDEX(Data!$G$3:$G$3663,MATCH(1,IF(Data!$E$3:$E$3663=$B21,IF(Data!$I$3:$I$3663=\"Fastest\",1)),0))","v":"2.59.58"},{"$f":"_xlfn.MAXIFS(Data!$A$3:$A$3664,Data!$E$3:$E$3664,$B21)","v":2023}]
["THERESA O'CONNOR","O'CONNOR THERESA",42020,{"$f":"COUNTIFS(Data!E$3:E$3663,B22)","v":11},{"$f":"COUNTIFS(Data!E$3:E$3663,B22,Data!F$3:F$3663,\"DNF\")","v":0},11,{"$f":"INDEX(Data!$G$3:$G$3663,MATCH(1,IF(Data!$E$3:$E$3663=$B22,IF(Data!$I$3:$I$3663=\"Fastest\",1)),0))","v":"4.09.30"},{"$f":"_xlfn.MAXIFS(Data!$A$3:$A$3664,Data!$E$3:$E$3664,$B22)","v":2024}]
[{"$f":"MID(B23,SEARCH(\" \",B23)+1,99)&\" \"&LEFT(B23,SEARCH(\" \",B23)-1)","v":"KEITH FAGG"},"FAGG KEITH",42021,{"$f":"COUNTIFS(Data!E$3:E$4587,B23)","v":11},{"$f":"COUNTIFS(Data!E$3:E$4587,B23,Data!F$3:F$4587,\"DNF\")","v":0},{"$f":"D23-E23","v":11},{"$f":"INDEX(Data!$G$3:$G$4587,MATCH(1,IF(Data!$E$3:$E$4587=$B23,IF(Data!$I$3:$I$4587=\"Fastest\",1)),0))","v":"3.49.04"},{"$f":"_xlfn.MAXIFS(Data!$A$3:$A$3664,Data!$E$3:$E$3664,$B23)","v":2024}]
[{"$f":"MID(B24,SEARCH(\" \",B24)+1,99)&\" \"&LEFT(B24,SEARCH(\" \",B24)-1)","v":"GREG WILSON"},"WILSON GREG",42022,{"$f":"COUNTIFS(Data!E$3:E$4587,B24)","v":10},{"$f":"COUNTIFS(Data!E$3:E$4587,B24,Data!F$3:F$4587,\"DNF\")","v":0},{"$f":"D24-E24","v":10},{"$f":"INDEX(Data!$G$3:$G$4587,MATCH(1,IF(Data!$E$3:$E$4587=$B24,IF(Data!$I$3:$I$4587=\"Fastest\",1)),0))","v":"2.38.36"},{"$f":"_xlfn.MAXIFS(Data!$A$3:$A$3664,Data!$E$3:$E$3664,$B24)","v":2024},null,"10th TRF Marathon in 2024"]
["TAMARA RYAN","RYAN TAMARA",42023,{"$f":"COUNTIFS(Data!E$3:E$3663,B25)","v":10},{"$f":"COUNTIFS(Data!E$3:E$3663,B25,Data!F$3:F$3663,\"DNF\")","v":0},10,{"$f":"INDEX(Data!$G$3:$G$3663,MATCH(1,IF(Data!$E$3:$E$3663=$B25,IF(Data!$I$3:$I$3663=\"Fastest\",1)),0))","v":"03:31:48"},{"$f":"_xlfn.MAXIFS(Data!$A$3:$A$3663,Data!$E$3:$E$3663,$B25)","v":2024},null,"10th TRF Marathon in 2024"]
[]
["Athletes at 8 or 9 Runs after the 2024 Townsville Running Festival"]
["Name","Name (Surname / First Name) ","Number","Number Registered","Number Not Completed","Number Completed","Best Time","Last Run"]
["9 Runs Completed"]
[{"$f":"MID(B30,SEARCH(\" \",B30)+1,99)&\" \"&LEFT(B30,SEARCH(\" \",B30)-1)","v":"MATT BAKER"},"BAKER MATT",null,{"$f":"COUNTIFS(Data!E$3:E$3663,B30)","v":9},{"$f":"COUNTIFS(Data!E$3:E$3663,B30,Data!F$3:F$3663,\"DNF\")","v":0},{"$f":"D30-E30","v":9},{"$f":"INDEX(Data!$G$3:$G$3663,MATCH(1,IF(Data!$E$3:$E$3663=$B30,IF(Data!$I$3:$I$3663=\"Fastest\",1)),0))","v":"3.21.44"},{"$f":"_xlfn.MAXIFS(Data!$A$3:$A$3663,Data!$E$3:$E$3663,$B30)","v":2019}]
["RICHARD BANKS","BANKS RICHARD",null,{"$f":"COUNTIFS(Data!E$3:E$3663,B31)","v":9},{"$f":"COUNTIFS(Data!E$3:E$3663,B31,Data!F$3:F$3663,\"DNF\")","v":0},9,{"$f":"INDEX(Data!$G$3:$G$3663,MATCH(1,IF(Data!$E$3:$E$3663=$B31,IF(Data!$I$3:$I$3663=\"Fastest\",1)),0))","v":"2.42.52"},{"$f":"_xlfn.MAXIFS(Data!$A$3:$A$3663,Data!$E$3:$E$3663,$B31)","v":2019}]
[{"$f":"MID(B32,SEARCH(\" \",B32)+1,99)&\" \"&LEFT(B32,SEARCH(\" \",B32)-1)","v":"MICHAEL FITZSIMMONS"},"FITZSIMMONS MICHAEL",null,{"$f":"COUNTIFS(Data!E$3:E$3663,B32)","v":9},{"$f":"COUNTIFS(Data!E$3:E$3663,B32,Data!F$3:F$3663,\"DNF\")","v":0},{"$f":"D32-E32","v":9},{"$f":"INDEX(Data!$G$3:$G$3663,MATCH(1,IF(Data!$E$3:$E$3663=$B32,IF(Data!$I$3:$I$3663=\"Fastest\",1)),0))","v":"3.16.27"},{"$f":"_xlfn.MAXIFS(Data!$A$3:$A$3663,Data!$E$3:$E$3663,$B32)","v":2022}]
[{"$f":"MID(B33,SEARCH(\" \",B33)+1,99)&\" \"&LEFT(B33,SEARCH(\" \",B33)-1)","v":"BRAD HASTEWELL"},"HASTEWELL BRAD",null,{"$f":"COUNTIFS(Data!E$3:E$3663,B33)","v":9},{"$f":"COUNTIFS(Data!E$3:E$3663,B33,Data!F$3:F$3663,\"DNF\")","v":0},{"$f":"D33-E33","v":9},{"$f":"INDEX(Data!$G$3:$G$3663,MATCH(1,IF(Data!$E$3:$E$3663=$B33,IF(Data!$I$3:$I$3663=\"Fastest\",1)),0))","v":"4.32.17"},{"$f":"_xlfn.MAXIFS(Data!$A$3:$A$3663,Data!$E$3:$E$3663,$B33)","v":2024}]
[{"$f":"MID(B34,SEARCH(\" \",B34)+1,99)&\" \"&LEFT(B34,SEARCH(\" \",B34)-1)","v":"SHANE HYNES"},"HYNES SHANE",null,{"$f":"COUNTIFS(Data!E$3:E$3663,B34)","v":9},{"$f":"COUNTIFS(Data!E$3:E$3663,B34,Data!F$3:F$3663,\"DNF\")","v":0},{"$f":"D34-E34","v":9},{"$f":"INDEX(Data!$G$3:$G$3663,MATCH(1,IF(Data!$E$3:$E$3663=$B34,IF(Data!$I$3:$I$3663=\"Fastest\",1)),0))","v":"3.02.13"},{"$f":"_xlfn.MAXIFS(Data!$A$3:$A$3663,Data!$E$3:$E$3663,$B34)","v":2014}]
["PETER LAHIFF","LAHIFF PETER",null,{"$f":"COUNTIFS(Data!E$3:E$3663,B35)","v":10},{"$f":"COUNTIFS(Data!E$3:E$3663,B35,Data!F$3:F$3663,\"DNF\")","v":1},9,{"$f":"INDEX(Data!$G$3:$G$3663,MATCH(1,IF(Data!$E$3:$E$3663=$B35,IF(Data!$I$3:$I$3663=\"Fastest\",1)),0))","v":"2.52.33"},{"$f":"_xlfn.MAXIFS(Data!$A$3:$A$3663,Data!$E$3:$E$3663,$B35)","v":2006},null,"Deceased"]
["ROGER LEBISH","LEBISH ROGER",null,{"$f":"COUNTIFS(Data!E$3:E$3663,B36)","v":9},{"$f":"COUNTIFS(Data!E$3:E$3663,B36,Data!F$3:F$3663,\"DNF\")","v":0},9,{"$f":"INDEX(Data!$G$3:$G$3663,MATCH(1,IF(Data!$E$3:$E$3663=$B36,IF(Data!$I$3:$I$3663=\"Fastest\",1)),0))","v":"3.18.06"},{"$f":"_xlfn.MAXIFS(Data!$A$3:$A$3663,Data!$E$3:$E$3663,$B36)","v":2006},null,"Deceased"]
[{"$f":"MID(B37,SEARCH(\" \",B37)+1,99)&\" \"&LEFT(B37,SEARCH(\" \",B37)-1)","v":"PETER NEIMANIS"},"NEIMANIS PETER",null,{"$f":"COUNTIFS(Data!E$3:E$3663,B37)","v":9},{"$f":"COUNTIFS(Data!E$3:E$3663,B37,Data!F$3:F$3663,\"DNF\")","v":0},{"$f":"D37-E37","v":9},{"$f":"INDEX(Data!$G$3:$G$3663,MATCH(1,IF(Data!$E$3:$E$3663=$B37,IF(Data!$I$3:$I$3663=\"Fastest\",1)),0))","v":"2.34.48"},{"$f":"_xlfn.MAXIFS(Data!$A$3:$A$3663,Data!$E$3:$E$3663,$B37)","v":2024}]
[]
["8 Runs Completed"]
[{"$f":"MID(B40,SEARCH(\" \",B40)+1,99)&\" \"&LEFT(B40,SEARCH(\" \",B40)-1)","v":"JENNY BROWN"},"BROWN JENNY",null,{"$f":"COUNTIFS(Data!E$3:E$3663,B40)","v":8},{"$f":"COUNTIFS(Data!E$3:E$3663,B40,Data!F$3:F$3663,\"DNF\")","v":0},{"$f":"D40-E40","v":8},{"$f":"INDEX(Data!$G$3:$G$3663,MATCH(1,IF(Data!$E$3:$E$3663=$B40,IF(Data!$I$3:$I$3663=\"Fastest\",1)),0))","v":"3.25.58"},{"$f":"_xlfn.MAXIFS(Data!$A$3:$A$3663,Data!$E$3:$E$3663,$B40)","v":2001}]
["JONG JAAP DE","DE JONG JAAP",null,{"$f":"COUNTIFS(Data!E$3:E$3663,B41)","v":8},{"$f":"COUNTIFS(Data!E$3:E$3663,B41,Data!F$3:F$3663,\"DNF\")","v":0},8,{"$f":"INDEX(Data!$G$3:$G$3663,MATCH(1,IF(Data!$E$3:$E$3663=$B41,IF(Data!$I$3:$I$3663=\"Fastest\",1)),0))","v":"3.07.49"},{"$f":"_xlfn.MAXIFS(Data!$A$3:$A$3663,Data!$E$3:$E$3663,$B41)","v":2002}]
["MIKE DONOGHUE","DONOGHUE MIKE",null,{"$f":"COUNTIFS(Data!E$3:E$3663,B42)","v":8},{"$f":"COUNTIFS(Data!E$3:E$3663,B42,Data!F$3:F$3663,\"DNF\")","v":0},8,{"$f":"INDEX(Data!$G$3:$G$3663,MATCH(1,IF(Data!$E$3:$E$3663=$B42,IF(Data!$I$3:$I$3663=\"Fastest\",1)),0))","v":"3.01.57"},{"$f":"_xlfn.MAXIFS(Data!$A$3:$A$3663,Data!$E$3:$E$3663,$B42)","v":2013}]
["SCOTT MCINNES","MCINNES SCOTT",null,{"$f":"COUNTIFS(Data!E$3:E$3663,B43)","v":8},{"$f":"COUNTIFS(Data!E$3:E$3663,B43,Data!F$3:F$3663,\"DNF\")","v":0},8,{"$f":"INDEX(Data!$G$3:$G$3663,MATCH(1,IF(Data!$E$3:$E$3663=$B43,IF(Data!$I$3:$I$3663=\"Fastest\",1)),0))","v":"3.49.57"},{"$f":"_xlfn.MAXIFS(Data!$A$3:$A$3663,Data!$E$3:$E$3663,$B43)","v":2024}]
["BRUCE MERRY","MERRY BRUCE",null,{"$f":"COUNTIFS(Data!E$3:E$3663,B44)","v":8},{"$f":"COUNTIFS(Data!E$3:E$3663,B44,Data!F$3:F$3663,\"DNF\")","v":0},8,{"$f":"INDEX(Data!$G$3:$G$3663,MATCH(1,IF(Data!$E$3:$E$3663=$B44,IF(Data!$I$3:$I$3663=\"Fastest\",1)),0))","v":"2.57.27"},{"$f":"_xlfn.MAXIFS(Data!$A$3:$A$3663,Data!$E$3:$E$3663,$B44)","v":1996}]
["KEITH RICH","RICH KEITH",null,{"$f":"COUNTIFS(Data!E$3:E$3663,B45)","v":8},{"$f":"COUNTIFS(Data!E$3:E$3663,B45,Data!F$3:F$3663,\"DNF\")","v":0},8,{"$f":"INDEX(Data!$G$3:$G$3663,MATCH(1,IF(Data!$E$3:$E$3663=$B45,IF(Data!$I$3:$I$3663=\"Fastest\",1)),0))","v":"3.12.58"},{"$f":"_xlfn.MAXIFS(Data!$A$3:$A$3663,Data!$E$3:$E$3663,$B45)","v":2003}]
["BARRY TOMLIN","TOMLIN BARRY",null,{"$f":"COUNTIFS(Data!E$3:E$3663,B46)","v":8},{"$f":"COUNTIFS(Data!E$3:E$3663,B46,Data!F$3:F$3663,\"DNF\")","v":0},8,{"$f":"INDEX(Data!$G$3:$G$3663,MATCH(1,IF(Data!$E$3:$E$3663=$B46,IF(Data!$I$3:$I$3663=\"Fastest\",1)),0))","v":"2.44.59"},{"$f":"_xlfn.MAXIFS(Data!$A$3:$A$3663,Data!$E$3:$E$3663,$B46)","v":2000}]

{"sheet":"Data","index":2,"n_rows":3663,"n_cols":10,"rows_kept":3663,"cut":false,"hidden":false,"merged":[]}
["TRF Running Festival - Marathon Records"]
["From 1973 to 2024"]
["Year","Run Date","Location (TRF or Virtual)","Run or Wheelchair","Surname & First Name","Place","Time H.MM.SS","Time Min.Sec","Individuals Fastest Time Flag","Marathons completed"]
[1973,"1973-09-23","TRF",null,"CIRCOSTA PAUL",1,"3.06.07",186.07,"Fastest",1]
[1973,"1973-09-23","TRF",null,"CRAIG MAURIE",2,"3.21.10",201.1,"Fastest",1]
[1973,"1973-09-23","TRF",null,"DOWN BOB",3,"3.50.58",230.58,"",2]
[1973,"1973-09-23","TRF",null,"SCULLY DAVE",4,"4.04.47",244.47,"",3]
[1973,"1973-09-23","TRF",null,"STANBROOK ALLAN",5,"4.20.34",260.33999999999997,"",5]
[1973,"1973-09-23","TRF",null,"PHILLIPS MIKE","DNF","DNF","DNF","",1]
[1973,"1973-09-23","TRF",null,"LAHIFF PETER","DNF","DNF","DNF","",9]
[1973,"1973-09-23","TRF",null,"SHELLEY TREV","DNF","DNF","DNF","",0]
[1973,"1973-09-23","TRF",null,"VERCO BOB","DNF","DNF","DNF","",0]
[1973,"1973-09-23","TRF",null,"HENDERSON MIKE","DNF","DNF","DNF","",1]
[1974,"1974-07-20","TRF",null,"PHILLIPS MIKE",1,"2.54.40",174.4,"Fastest",1]
[1974,"1974-07-20","TRF",null,"DOWN BOB",2,"3.03.03",183.03,"Fastest",2]
[1974,"1974-07-20","TRF",null,"BARRALET GRAHAM",3,"3.08.50",188.5,"Fastest",1]
[1974,"1974-07-20","TRF",null,"CROFT JOHN","DNF","DNF","DNF","",0]
[1974,"1974-07-20","TRF",null,"VAN EVERY DALE","DNF","DNF","DNF","",1]
[1974,"1974-07-20","TRF",null,"VERCO BOB","DNF","DNF","DNF","",0]
[1974,"1974-07-20","TRF",null,"STANBROOK ALLAN","DNF","DNF","DNF","",5]
[1974,"1974-07-20","TRF",null,"GROSSMAN KIM","DNF","DNF","DNF","",0]
[1974,"1974-07-20","TRF",null,"SCOTT JOE","DNF","DNF","DNF","",4]
[1974,"1974-07-20","TRF",null,"SCULLY DAVE","DNF","DNF","DNF","",3]
[1975,"1975-07-21","TRF",null,"SCULLY DAVE",1,"2.49.19",169.19,"Fastest",3]
[1975,"1975-07-21","TRF",null,"APPLEFORD D",2,"2.59.17",179.17,"Fastest",1]
[1975,"1975-07-21","TRF",null,"TATTERAL GRAHAM",3,"3.15.21",195.21,"Fastest",1]
[1975,"1975-07-21","TRF",null,"HENDERSON MIKE",4,"3.43.40",223.4,"Fastest",1]
[1976,"1976-08-01","TRF",null,"WILSON GREG",1,"2.38.36",158.36000000000001,"Fastest",9]
[1976,"1976-08-01","TRF",null,"LAHIFF PETER",2,"2.52.33",172.33,"Fastest",9]
[1976,"1976-08-01","TRF",null,"STANBROOK ALLAN",3,"4.44.00",284,"",5]
[1977,"1977-07-16","TRF",null,"WALKER BOB",1,"2.52.11",172.11,"",3]
[1977,"1977-07-16","TRF",null,"SCULLY DAVE",2,"3.01.03",181.03,"",3]
[1977,"1977-07-16","TRF",null,"ROOKE B",3,"3.04.05",184.05,"Fastest",1]
[1977,"1977-07-16","TRF",null,"COOPER BRAD",4,"3.05.58",185.58,"Fastest",2]
[1977,"1977-07-16","TRF",null,"CLYNE DAN",5,"3.11.00",191,"Fastest",1]
[1977,"1977-07-16","TRF",null,"HEPPLE JOHN",6,"3.14.14",194.14,"",2]
[1978,"1978-07-15","TRF",null,"HEPPLE JOHN",1,"2.52.00",172,"Fastest",2]
[1978,"1978-07-15","TRF",null,"VAN EVERY DALE",2,"2.59.56",179.56,"Fastest",1]
[1978,"1978-07-15","TRF",null,"CARLTON JOHN",3,"3.06.31",186.31,"",6]
[1978,"1978-07-15","TRF",null,"OBRIAN D",4,"3.38.30",218.3,"Fastest",1]
[1978,"1978-07-15","TRF",null,"WOJOCHEWOSKI STAN",5,"3.59.05",239.05,"",4]
[1978,"1978-07-15","TRF",null,"COTTERAL D",6,"3.59.05",239.05,"Fastest",1]
[1978,"1978-07-15","TRF",null,"PRUDEAU JULIE",7,"3.59.52",239.52,"Fastest",2]
[1979,"1979-07-22","TRF",null,"FOSTER DAMIEN",1,"2.43.30",163.30000000000001,"Fastest",2]
[1979,"1979-07-22","TRF",null,"WALKER BOB",2,"2.45.10",165.1,"Fastest",3]
[1979,"1979-07-22","TRF",null,"CARLTON JOHN",3,"2.50.09",170.09,"",6]
[1979,"1979-07-22","TRF",null,"WHITE BILL",4,"2.50.38",170.38,"Fastest",1]
[1979,"1979-07-22","TRF",null,"SMITH PETER",5,"3.04.01",184.01,"Fastest",1]
[1979,"1979-07-22","TRF",null,"ROWDEN WIDGE",6,"3.06.19",186.19,"",4]
[1979,"1979-07-22","TRF",null,"AITKEN RON",7,"3.10.31",190.31,"",3]
[1979,"1979-07-22","TRF",null,"COOPER BRAD",8,"3.18.37",198.37,"",2]
[1979,"1979-07-22","TRF",null,"HANNAFORD GARY",9,"3.18.37",198.37,"",5]
[1979,"1979-07-22","TRF",null,"WORTHINGTON PETER",10,"3.31.20",211.2,"",2]
[1979,"1979-07-22","TRF",null,"WOJOCHEWOSKI STAN",11,"3.35.21",215.21,"",4]
[1979,"1979-07-22","TRF",null,"WILSON GREG",12,"3.35.21",215.21,"",9]
[1979,"1979-07-22","TRF",null,"PRUDEAU JULIE",13,"4.02.02",242.02,"",2]
[1980,"1980-07-12","TRF",null,"CARLTON JOHN",1,"2.44.45",164.45,"",6]
[1980,"1980-07-12","TRF",null,"WALKER BOB",2,"2.51.00",171,"",3]
[1980,"1980-07-12","TRF",null,"FOSTER DAMIEN",3,"2.52.32",172.32,"",2]
[1980,"1980-07-12","TRF",null,"ROWDEN WIDGE",4,"2.54.26",174.26,"",4]
[1980,"1980-07-12","TRF",null,"HANNAFORD GARY",5,"3.00.06",180.06,"",5]
[1980,"1980-07-12","TRF",null,"AITKEN RON",6,"3.07.32",187.32,"",3]
[1980,"1980-07-12","TRF",null,"SCOTT JOE",7,"3.14.16",194.16,"",4]
[1980,"1980-07-12","TRF",null,"HEPPEL JOHN",8,"3.15.55",195.55,"Fastest",1]
[1980,"1980-07-12","TRF",null,"ANDERSON G",9,"3.18.06",198.06,"Fastest",1]
[1980,"1980-07-12","TRF",null,"KNEWSTUB MICK",10,"3.18.07",198.07,"",3]
[1980,"1980-07-12","TRF",null,"WILES R",11,"3.24.23",204.23,"Fastest",3]
[1980,"1980-07-12","TRF",null,"FITTLER PAT",12,"3.24.26",204.26,"",2]
[1980,"1980-07-12","TRF",null,"BAKER H",13,"3.33.00",213,"Fastest",1]
[1980,"1980-07-12","TRF",null,"ELMS N",14,"3.41.21",221.21,"Fastest",1]
[1980,"1980-07-12","TRF",null,"MORTON D",15,"3.46.00",226,"Fastest",1]
[1980,"1980-07-12","TRF",null,"HALL PETER",16,"3.48.08",228.08,"",2]
[1980,"1980-07-12","TRF",null,"LEITCH TED",17,"3.50.01",230.01,"",5]
[1980,"1980-07-12","TRF",null,"MEADOWS R",18,"3.55.10",235.1,"Fastest",1]
[1980,"1980-07-12","TRF",null,"PASK S",19,"4.15.00",255,"Fastest",1]
[1980,"1980-07-12","TRF",null,"BUCHANON J",20,"4.15.45",255.45,"Fastest",1]
[1980,"1980-07-12","TRF",null,"ROBINSON H",21,"4.15.45",255.45,"Fastest",1]
[1981,"1981-07-19","TRF",null,"MILLS MARTIN",1,"2.40.10",160.1,"Fastest",1]
[1981,"1981-07-19","TRF",null,"HANNAFORD GARY",2,"2.42.21",162.21,"",5]
[1981,"1981-07-19","TRF",null,"SCHAFFERIUS BEVAN",3,"2.49.25",169.25,"",2]
[1981,"1981-07-19","TRF",null,"MCGOLDRICK FRANK",4,"2.51.24",171.24,"",2]
[1981,"1981-07-19","TRF",null,"AUMULLER ALAN",5,"2.58.12",178.12,"Fastest",1]
[1981,"1981-07-19","TRF",null,"COVACEVICH JOHN",6,"3.01.04",181.04,"",2]
[1981,"1981-07-19","TRF",null,"OATES MICK",7,"3.07.04",187.04,"Fastest",2]
[1981,"1981-07-19","TRF","Wheelchair","HENDER BRIAN","Wheelies 1","3.08.35",188.35,"Fastest",1]
[1981,"1981-07-19","TRF",null,"WORTHINGTON PETER",9,"3.11.33",191.33,"Fastest",2]
[1981,"1981-07-19","TRF",null,"FITTLER PAT",10,"3.14.15",194.15,"Fastest",2]
[1981,"1981-07-19","TRF",null,"LOW BRUCE",11,"3.14.53",194.53,"Fastest",1]
[1981,"1981-07-19","TRF",null,"KELLAHAN LES",12,"3.16.19",196.19,"",2]
[1981,"1981-07-19","TRF",null,"KNEWSTUB MICK",13,"3.17.32",197.32,"",3]
[1981,"1981-07-19","TRF",null,"LEITCH TED",14,"3.20.09",200.09,"",5]
[1981,"1981-07-19","TRF",null,"HALL PETER",15,"3.22.35",202.35,"Fastest",2]
[1981,"1981-07-19","TRF",null,"WILES R",16,"3.39.50",219.5,"",3]
[1981,"1981-07-19","TRF",null,"GORI ALLF",17,"3.40.50",220.5,"Fastest",1]
[1981,"1981-07-19","TRF",null,"HUGGET COURTNEY",18,"3.44.22",224.22,"Fastest",1]
[1981,"1981-07-19","TRF",null,"RYAN K",19,"3.45.36",225.36,"Fastest",1]
[1981,"1981-07-19","TRF",null,"WEBB ROLY",20,"3.47.23",227.23,"",2]
[1981,"1981-07-19","TRF",null,"O'LOUGHLIN M",21,"3.49.15",229.15,"Fastest",1]
[1981,"1981-07-19","TRF",null,"REASTON BEV",22,"4.12.12",252.12,"Fastest",1]
[1981,"1981-07-19","TRF",null,"VIEJOEN MAREE",23,"4.12.20",252.2,"Fastest",1]
[1981,"1981-07-19","TRF",null,"THORNTON S",24,"4.27.07",267.07,"Fastest",1]
[1982,"1982-07-18","TRF",null,"HANNAFORD GARY",1,"2.37.21",157.21,"",5]
[1982,"1982-07-18","TRF",null,"MCGOLDRICK FRANK",2,"2.39.41",159.41,"Fastest",2]
[1982,"1982-07-18","TRF",null,"HANNA L",3,"2.41.08",161.08000000000001,"Fastest",2]
[1982,"1982-07-18","TRF",null,"HERRIDGE JOHN",4,"2.42.54",162.54,"Fastest",1]
[1982,"1982-07-18","TRF",null,"KEANE M",5,"2.44.44",164.44,"Fastest",1]
[1982,"1982-07-18","TRF",null,"O'DWYER L",6,"2.45.20",165.2,"Fastest",1]
[1982,"1982-07-18","TRF",null,"SALIBA FRED",7,"2.47.18",167.18,"",3]
[1982,"1982-07-18","TRF",null,"COVACEVICH JOHN",8,"2.54.48",174.48,"Fastest",2]
[1982,"1982-07-18","TRF",null,"KELLAHAN LES",9,"3.04.46",184.46,"Fastest",2]
[1982,"1982-07-18","TRF",null,"SHIELD R",10,"3.07.13",187.13,"Fastest",1]
[1982,"1982-07-18","TRF",null,"GUARD R",11,"3.08.49",188.49,"",2]
[1982,"1982-07-18","TRF",null,"GUNN DONALD",12,"3.14.16",194.16,"",4]
[1982,"1982-07-18","TRF",null,"KNEWSTUB MICK",13,"3.14.57",194.57,"Fastest",3]
[1982,"1982-07-18","TRF",null,"WOODS A",14,"3.15.41",195.41,"Fastest",1]
[1982,"1982-07-18","TRF",null,"CONNOR M",15,"3.19.17",199.17,"Fastest",1]
[1982,"1982-07-18","TRF",null,"NORTON D",16,"3.18.39",198.39,"Fastest",1]
[1982,"1982-07-18","TRF",null,"WOJOCHEWOSKI STAN",17,"3.19.17",199.17,"",4]
[1982,"1982-07-18","TRF",null,"LEITCH TED",18,"3.19.47",199.47,"Fastest",5]
[1982,"1982-07-18","TRF",null,"WEBB ROLY",19,"3.23.09",203.09,"Fastest",2]
[1982,"1982-07-18","TRF",null,"WILES R",20,"3.36.13",216.13,"",3]
[1982,"1982-07-18","TRF",null,"MAITLAND BILL",21,"3.39.10",219.1,"",5]
[1982,"1982-07-18","TRF",null,"FALLS J",22,"3.42.36",222.36,"Fastest",1]
[1982,"1982-07-18","TRF",null,"DOWNES M",23,"3.46.03",226.03,"",2]
[1982,"1982-07-18","TRF",null,"HENRY E",24,"3.49.40",229.4,"Fastest",1]
[1982,"1982-07-18","TRF",null,"SMITH BRISTOW",25,"4.26.11",266.11,"Fastest",1]
[1982,"1982-07-18","TRF",null,"HUGGET J",26,"4.26.11",266.11,"Fastest",1]
[1983,"1983-08-14","TRF",null,"MILLER BRAY",1,"2.25.27",145.27000000000001,"Fastest",3]
[1983,"1983-08-14","TRF",null,"BOTTERILL ARTHUR",2,"2.26.28",146.28,"Fastest",2]
[1983,"1983-08-14","TRF",null,"HANNAFORD GARY",3,"2.29.34",149.34,"Fastest",5]
[1983,"1983-08-14","TRF",null,"CARLTON JOHN",4,"2.39.54",159.54,"Fastest",6]
[1983,"1983-08-14","TRF",null,"AITKEN RON",5,"2.41.06",161.06,"Fastest",3]
[1983,"1983-08-14","TRF",null,"KINGSLEY ROSS",6,"2.41.22",161.22,"",4]
[1983,"1983-08-14","TRF",null,"CRAIG C",7,"2.47.04",167.04,"Fastest",1]
[1983,"1983-08-14","TRF",null,"ROWDEN WIDGE",8,"2.51.57",171.57,"Fastest",4]
[1983,"1983-08-14","TRF",null,"HANNA L",9,"2.53.38",173.38,"",2]
[1983,"1983-08-14","TRF",null,"DOWNES M",10,"2.54.39",174.39,"Fastest",2]
[1983,"1983-08-14","TRF",null,"MCINERNEY W",11,"2.56.14",176.14,"Fastest",1]
[1983,"1983-08-14","TRF",null,"GUARD R",12,"2.58.23",178.23,"Fastest",2]
[1983,"1983-08-14","TRF",null,"CURNOCK D",13,"2.59.03",179.03,"Fastest",1]
[1983,"1983-08-14","TRF",null,"GRABOWSKI H",14,"3.04.19",184.19,"Fastest",1]
[1983,"1983-08-14","TRF",null,"WOJOCHEWOSKI STAN",15,"3.11.23",191.23,"Fastest",4]
[1983,"1983-08-14","TRF",null,"ORIZENCO MICK",16,"3.15.39",195.39,"Fastest",1]
[1983,"1983-08-14","TRF",null,"GUNN R",17,"3.16.16",196.16,"Fastest",1]
[1983,"1983-08-14","TRF",null,"MORETON DON",18,"3.16.18",196.18,"Fastest",3]
[1983,"1983-08-14","TRF",null,"CROESE JOHN",19,"3.16.59",196.59,"",4]
[1983,"1983-08-14","TRF",null,"VANDUIJN H",20,"3.17.02",197.02,"Fastest",1]
[1983,"1983-08-14","TRF",null,"PRONGER M",21,"3.33.16",213.16,"Fastest",1]
[1983,"1983-08-14","TRF",null,"CORSET RAY",22,"3.34.21",214.21,"Fastest",1]
[1983,"1983-08-14","TRF",null,"PACEY BILL",23,"3.35.00",215,"",2]
[1983,"1983-08-14","TRF",null,"METCALF R",24,"3.35.45",215.45,"Fastest",1]
[1983,"1983-08-14","TRF",null,"GARBACZ R",25,"3.36.22",216.22,"Fastest",1]
[1983,"1983-08-14","TRF",null,"COX W",26,"3.51.10",231.1,"Fastest",1]
[1983,"1983-08-14","TRF",null,"STEWART L",27,"3.56.58",236.58,"Fastest",1]
[1983,"1983-08-14","TRF",null,"DEBONA B",28,"3.56.58",236.58,"Fastest",1]
[1983,"1983-08-14","TRF",null,"WEBB G",29,"3.56.58",236.58,"Fastest",1]
[1983,"1983-08-14","TRF",null,"KRZELY V",30,"4.09.20",249.2,"Fastest",1]
[1983,"1983-08-14","TRF",null,"MILLIGAN E",31,"4.17.41",257.41000000000003,"Fastest",1]
[1983,"1983-08-14","TRF",null,"HARRIS SHIRLEY",32,"4.25.02",265.02,"",6]
[1983,"1983-08-14","TRF",null,"WALSH JOE",33,"4.28.15",268.14999999999998,"",2]
[1984,"1984-07-29","TRF",null,"BOTTERILL ARTHUR",1,"2.26.38",146.38,"",2]
[1984,"1984-07-29","TRF",null,"KINGSLEY ROSS",2,"2.31.50",151.5,"Fastest",4]
[1984,"1984-07-29","TRF",null,"MARTELL CHARLY",3,"2.48.24",168.24,"",2]
[1984,"1984-07-29","TRF",null,"LAZARUS MAURIE",4,"2.53.50",173.5,"",2]
[1984,"1984-07-29","TRF",null,"O'BRIEN GARY",5,"2.55.17",175.17,"Fastest",1]
[1984,"1984-07-29","TRF",null,"GLENWRIGHT BILL",6,"2.58.10",178.1,"Fastest",1]
[1984,"1984-07-29","TRF",null,"HUNTER ROBERT",7,"3.00.07",180.07,"Fastest",2]
[1984,"1984-07-29","TRF",null,"CROESE JOHN",8,"3.00.34",180.34,"",4]
[1984,"1984-07-29","TRF",null,"BRAZIL TERRY",9,"3.02.25",182.25,"",5]
[1984,"1984-07-29","TRF",null,"BROWN DAVID",10,"3.03.31",183.31,"",3]
[1984,"1984-07-29","TRF",null,"MITCHEL BARRY",11,"3.06.18",186.18,"Fastest",3]
[1984,"1984-07-29","TRF",null,"MAITLAND BILL",12,"3.10.46",190.46,"",5]
[1984,"1984-07-29","TRF",null,"HARRIS RICHARD",13,"3.11.07",191.07,"Fastest",7]
[1984,"1984-07-29","TRF",null,"GUNN DONALD",14,"3.12.15",192.15,"Fastest",4]
[1984,"1984-07-29","TRF",null,"METTAM JIM",15,"3.13.01",193.01,"Fastest",1]
[1984,"1984-07-29","TRF",null,"OATES MICK",16,"3.15.29",195.29,"",2]
[1984,"1984-07-29","TRF",null,"JAYCOCK RUSSELL",17,"3.22.10",202.1,"",5]
[1984,"1984-07-29","TRF",null,"MORETON DON",18,"3.23.21",203.21,"",3]
[1984,"1984-07-29","TRF",null,"COLEMAN STEVE",19,"3.31.05",211.05,"Fastest",1]
[1984,"1984-07-29","TRF",null,"PACEY BILL",20,"3.34.22",214.22,"Fastest",2]
[1984,"1984-07-29","TRF",null,"WALSH JOE",21,"3.45.37",225.37,"Fastest",2]
[1984,"1984-07-29","TRF",null,"HARRIS SHIRLEY",22,"3.58.23",238.23,"",6]
[1985,"1985-08-04","TRF",null,"KINGSLEY ROSS",1,"2.32.43",152.43,"",4]
[1985,"1985-08-04","TRF",null,"MARTELL CHARLY",2,"2.37.06",157.06,"Fastest",2]
[1985,"1985-08-04","TRF",null,"SALIBA FRED",3,"2.41.16",161.16,"Fastest",3]
[1985,"1985-08-04","TRF",null,"LAZARUS MAURIE",4,"2.41.30",161.30000000000001,"Fastest",2]
[1985,"1985-08-04","TRF",null,"SCHAFFERIUS BEVAN",5,"2.46.37",166.37,"Fastest",2]
[1985,"1985-08-04","TRF",null,"CROESE JOHN",6,"2.51.26",171.26,"",4]
[1985,"1985-08-04","TRF",null,"HOOPER GARRY",7,"2.53.42",173.42,"",2]
[1985,"1985-08-04","TRF",null,"BROWN DAVID",8,"2.56.15",176.15,"",3]
[1985,"1985-08-04","TRF","Wheelchair","DUFFY ALLAN","Wheelies 1","2.58.02",178.02,"",3]
[1985,"1985-08-04","TRF",null,"TORPIE KEVIN",10,"2.58.31",178.31,"Fastest",1]
[1985,"1985-08-04","TRF",null,"HENDRIE DAN",11,"2.58.34",178.34,"Fastest",1]
[1985,"1985-08-04","TRF",null,"BRAZIL TERRY",12,"2.59.18",179.18,"",5]
[1985,"1985-08-04","TRF",null,"LAHIFF PETER",13,"3.01.27",181.27,"",9]
[1985,"1985-08-04","TRF",null,"MORAN HUBERT",14,"3.02.02",182.02,"Fastest",1]
[1985,"1985-08-04","TRF",null,"LEAK RAYMOND",15,"3.08.20",188.2,"",4]
[1985,"1985-08-04","TRF",null,"JACKSON MARK",16,"3.08.22",188.22,"",2]
[1985,"1985-08-04","TRF",null,"HUNTER ROBERT",17,"3.09.29",189.29,"",2]
[1985,"1985-08-04","TRF",null,"SHANNON EVAN",18,"3.12.02",192.02,"Fastest",2]
[1985,"1985-08-04","TRF",null,"MOULDEY KEVIN",19,"3.12.09",192.09,"Fastest",1]
[1985,"1985-08-04","TRF",null,"HARRIS RICHARD",20,"3.12.30",192.3,"",7]
[1985,"1985-08-04","TRF",null,"MITCHEL BARRY",21,"3.14.15",194.15,"",3]
[1985,"1985-08-04","TRF",null,"GUNN DONALD",22,"3.14.19",194.19,"",4]
[1985,"1985-08-04","TRF",null,"TURNER P",23,"3.14.22",194.22,"Fastest",1]
[1985,"1985-08-04","TRF",null,"MORRIS RON",24,"3.19.55",199.55,"Fastest",1]
[1985,"1985-08-04","TRF",null,"WELLS STEVEN",25,"3.21.32",201.32,"Fastest",1]
[1985,"1985-08-04","TRF",null,"WARD WARWICK",26,"3.23.35",203.35,"",3]
[1985,"1985-08-04","TRF",null,"GEORGEE RODNEY",27,"3.27.57",207.57,"Fastest",2]
[1985,"1985-08-04","TRF",null,"DOWIE BILL",28,"3.28.09",208.09,"Fastest",1]
[1985,"1985-08-04","TRF",null,"HALPIN ROBIN",29,"3.28.29",208.29,"",3]
[1985,"1985-08-04","TRF",null,"GRAMS F",30,"3.41.55",221.55,"Fastest",1]
[1985,"1985-08-04","TRF",null,"HIGGERSON AMANDA",31,"3.43.01",223.01,"Fastest",1]
[1985,"1985-08-04","TRF",null,"HOWE BARRIE",32,"3.47.01",227.01,"Fastest",1]
[1985,"1985-08-04","TRF",null,"VOLPI LOU",33,"3.50.41",230.41,"Fastest",1]
[1985,"1985-08-04","TRF",null,"HARRIS SHIRLEY",34,"3.54.32",234.32,"",6]
[1985,"1985-08-04","TRF",null,"ELLISON DAVID",35,"3.58.44",238.44,"Fastest",1]
[1986,"1986-08-10","TRF",null,"SHIELDS MERV",1,"2.28.53",148.53,"",6]
[1986,"1986-08-10","TRF",null,"NEIMANIS PETER",2,"2.34.48",154.47999999999999,"Fastest",8]
[1986,"1986-08-10","TRF",null,"KING PAUL",3,"2.38.23",158.22999999999999,"Fastest",1]
[1986,"1986-08-10","TRF",null,"CROESE JOHN",4,"2.42.25",162.25,"Fastest",4]
[1986,"1986-08-10","TRF",null,"SALIBA FRED",5,"2.46.36",166.36,"",3]
[1986,"1986-08-10","TRF",null,"CHALKER LAURIE",6,"2.48.30",168.3,"",2]
[1986,"1986-08-10","TRF",null,"LAHIFF PETER",7,"2.52.40",172.4,"",9]
[1986,"1986-08-10","TRF",null,"SMITH GARY",8,"2.54.02",174.02,"Fastest",1]
[1986,"1986-08-10","TRF",null,"WARD WARWICK",9,"2.54.18",174.18,"",3]
[1986,"1986-08-10","TRF",null,"BROWN DAVID",10,"2.54.51",174.51,"Fastest",3]
[1986,"1986-08-10","TRF",null,"CASON GEORGE",11,"2.56.10",176.1,"Fastest",2]
[1986,"1986-08-10","TRF",null,"BRAZIL TERRY",12,"2.56.14",176.14,"Fastest",5]
[1986,"1986-08-10","TRF",null,"WEEKS ROGER",13,"2.57.08",177.08,"Fastest",1]
[1986,"1986-08-10","TRF",null,"JACKSON MARK",14,"2.57.44",177.44,"Fastest",2]
[1986,"1986-08-10","TRF",null,"JAYCOCK RUSSELL",15,"3.02.35",182.35,"Fastest",5]
[1986,"1986-08-10","TRF",null,"MITCHEL BARRY",16,"3.06.38",186.38,"",3]
[1986,"1986-08-10","TRF",null,"MCARDLE JIM",17,"3.09.35",189.35,"Fastest",1]
[1986,"1986-08-10","TRF",null,"MARNOCK FRED",18,"3.12.16",192.16,"Fastest",1]
[1986,"1986-08-10","TRF",null,"LEAK RAYMOND",19,"3.13.37",193.37,"",4]
[1986,"1986-08-10","TRF",null,"HARRIS RICHARD",20,"3.14.04",194.04,"",7]
[1986,"1986-08-10","TRF",null,"STANBROOK ALLAN",21,"3.14.04",194.04,"Fastest",5]
[1986,"1986-08-10","TRF",null,"COBURN RON",22,"3.14.41",194.41,"",4]
[1986,"1986-08-10","TRF",null,"JAMES BOB",23,"3.14.49",194.49,"Fastest",2]
[1986,"1986-08-10","TRF",null,"DENYER TRIS",24,"3.17.50",197.5,"Fastest",1]
[1986,"1986-08-10","TRF",null,"STOLZENBERG ERIC",25,"3.19.36",199.36,"Fastest",1]
[1986,"1986-08-10","TRF",null,"COLEMAN MIKE",26,"3.22.05",202.05,"Fastest",1]
[1986,"1986-08-10","TRF",null,"GUNN DONALD",27,"3.22.31",202.31,"",4]
[1986,"1986-08-10","TRF",null,"BUCKBY JOHN",28,"3.22.50",202.5,"",4]
[1986,"1986-08-10","TRF",null,"YOUNG ALEX",29,"3.26.13",206.13,"",4]
[1986,"1986-08-10","TRF",null,"CAMPERO CARLOS",30,"3.26.52",206.52,"Fastest",1]
[1986,"1986-08-10","TRF",null,"RACITI SEBASTIEN",31,"3.29.02",209.02,"",2]
[1986,"1986-08-10","TRF",null,"BEESLEY RON",32,"3.30.50",210.5,"Fastest",1]
[1986,"1986-08-10","TRF",null,"PART BERT",33,"3.32.21",212.21,"",2]
[1986,"1986-08-10","TRF",null,"HALPIN ROBIN",34,"3.36.07",216.07,"",3]
[1986,"1986-08-10","TRF",null,"SALES STEPHEN",35,"3.36.32",216.32,"Fastest",1]
[1986,"1986-08-10","TRF",null,"HARRIS SHIRLEY",36,"3.44.10",224.1,"Fastest",6]
[1986,"1986-08-10","TRF",null,"CASANOVAS RUSSEL",37,"3.49.16",229.16,"Fastest",1]
[1986,"1986-08-10","TRF",null,"GEORGEE RODNEY",38,"3.52.20",232.2,"",2]
[1986,"1986-08-10","TRF",null,"THOMAS KEVIN",39,"3.54.16",234.16,"",3]
[1986,"1986-08-10","TRF",null,"THOMAS JACQUI",40,"3.57.25",237.25,"",3]
[1986,"1986-08-10","TRF",null,"BALDOCK TREVOR",41,"3.57.28",237.28,"Fastest",1]
[1986,"1986-08-10","TRF",null,"NEIMANIS KATHLEEN",42,"4.00.23",240.23,"Fastest",2]
[1986,"1986-08-10","TRF",null,"ROGERS VICKY",43,"4.00.23",240.23,"Fastest",1]
[1986,"1986-08-10","TRF",null,"CARTER EVAN",44,"4.09.12",249.12,"Fastest",1]
[1986,"1986-08-10","TRF",null,"COOK JOHN",45,"4.09.12",249.12,"Fastest",1]
[1986,"1986-08-10","TRF","Wheelchair","NUGENT MICHAEL","Wheelies 1","2.14.22",134.22,"Fastest",1]
[1986,"1986-08-10","TRF","Wheelchair","DUFFY ALLAN","Wheelies 2","2.46.04",166.04,"",3]
[1987,"1987-08-09","TRF",null,"GRIP PER",1,"2.37.20",157.19999999999999,"Fastest",1]
[1987,"1987-08-09","TRF","Wheelchair","LAWRENCE RON","Wheelies 1","2.38.10",158.1,"Fastest",1]
[1987,"1987-08-09","TRF",null,"CHALKER LAURIE",3,"2.39.05",159.05000000000001,"Fastest",2]
[1987,"1987-08-09","TRF",null,"PERRY VIC",4,"2.39.21",159.21,"Fastest",1]
[1987,"1987-08-09","TRF",null,"CHURCHILL ALAN",5,"2.42.59",162.59,"",3]
[1987,"1987-08-09","TRF",null,"SULLIVAN PETER",6,"2.44.16",164.16,"Fastest",1]
[1987,"1987-08-09","TRF",null,"TOMLIN BARRY",7,"2.48.10",168.1,"",8]
[1987,"1987-08-09","TRF",null,"CARLTON JOHN",8,"2.52.18",172.18,"",6]
[1987,"1987-08-09","TRF",null,"WESTON AMRI",9,"2.52.46",172.46,"Fastest",1]
[1987,"1987-08-09","TRF",null,"LAHIFF PETER",10,"2.53.49",173.49,"",9]
[1987,"1987-08-09","TRF",null,"BRAZIL TERRY",11,"2.56.33",176.33,"",5]
[1987,"1987-08-09","TRF",null,"THORNTON RUSSELL",12,"2.56.50",176.5,"Fastest",1]
[1987,"1987-08-09","TRF",null,"LEAK RAYMOND",13,"2.56.54",176.54,"Fastest",4]
[1987,"1987-08-09","TRF",null,"BAKER HOWARD",14,"2.58.56",178.56,"Fastest",1]
[1987,"1987-08-09","TRF",null,"BUCKBY JOHN",15,"3.00.13",180.13,"",4]
[1987,"1987-08-09","TRF",null,"CARRODUS BILL",16,"3.02.25",182.25,"Fastest",1]
[1987,"1987-08-09","TRF",null,"MITCHELL BARRY",17,"3.05.30",185.3,"Fastest",2]
[1987,"1987-08-09","TRF",null,"COBURN RON",18,"3.06.50",186.5,"",4]
[1987,"1987-08-09","TRF",null,"GAIR PETER",19,"3.06.16",186.16,"Fastest",1]
[1987,"1987-08-09","TRF",null,"YOUNG ALEX",20,"3.08.00",188,"",4]
[1987,"1987-08-09","TRF",null,"METCALFE BOB",21,"3.13.40",193.4,"Fastest",1]
[1987,"1987-08-09","TRF",null,"BRUMBY DENIS",22,"3.14.19",194.19,"",2]
[1987,"1987-08-09","TRF",null,"FOLEY MARK",23,"3.15.56",195.56,"Fastest",1]
[1987,"1987-08-09","TRF",null,"COULTER IAN",24,"3.16.20",196.2,"Fastest",1]
[1987,"1987-08-09","TRF",null,"WALL ANDY",25,"3.18.49",198.49,"Fastest",1]
[1987,"1987-08-09","TRF",null,"THOMAS JACQUI",26,"3.28.31",208.31,"Fastest",3]
[1987,"1987-08-09","TRF",null,"COSTELLO NATASCHA",27,"3.33.14",213.14,"",6]
[1987,"1987-08-09","TRF",null,"DOUGLAS FRANK",28,"3.34.31",214.31,"",3]
[1987,"1987-08-09","TRF",null,"MELLICK PETER",29,"3.52.31",232.31,"Fastest",1]
[1987,"1987-08-09","TRF",null,"THOMAS KEVIN",30,"3.53.29",233.29,"Fastest",3]
[1987,"1987-08-09","TRF",null,"ATKINSON DAVID",31,"3.55.23",235.23,"Fastest",1]
[1987,"1987-08-09","TRF",null,"GAMERTSFELDER LEIF",32,"3.59.24",239.24,"Fastest",1]
[1987,"1987-08-09","TRF",null,"COOK GARRY",33,"4.02.32",242.32,"Fastest",1]
[1987,"1987-08-09","TRF",null,"FOLEY WANDA",34,"4.03.16",243.16,"Fastest",1]
[1988,"1988-07-24","TRF",null,"MILLER BRAY",1,"2.26.38",146.38,"",3]
[1988,"1988-07-24","TRF",null,"CHURCHILL ALAN",2,"2.32.57",152.57,"",3]
[1988,"1988-07-24","TRF",null,"SCOTT JOE",3,"2.39.05",159.05000000000001,"",4]
[1988,"1988-07-24","TRF","Wheelchair","DUFFY ALLAN","Wheelies 1","2.39.57",159.57,"Fastest",3]
[1988,"1988-07-24","TRF",null,"MOORE IAN",5,"2.41.12",161.12,"",4]
[1988,"1988-07-24","TRF",null,"TOMLIN BARRY",6,"2.44.59",164.59,"Fastest",8]
[1988,"1988-07-24","TRF",null,"LAHIFF PETER",7,"2.56.00",176,"",9]
[1988,"1988-07-24","TRF",null,"DUDENAS L",8,"2.56.51",176.51,"Fastest",1]
[1988,"1988-07-24","TRF",null,"BUCKBY JOHN",9,"2.56.54",176.54,"",4]
[1988,"1988-07-24","TRF",null,"YOUNG ALEX",10,"2.57.45",177.45,"Fastest",4]
[1988,"1988-07-24","TRF",null,"CASON GEORGE",11,"2.58.15",178.15,"",2]
[1988,"1988-07-24","TRF",null,"GLENWRIGHT DEBBIE",12,"2.59.29",179.29,"Fastest",1]
[1988,"1988-07-24","TRF",null,"COBURN RON",13,"3.03.43",183.43,"",4]
[1988,"1988-07-24","TRF",null,"COSTELLO NATASCHA",14,"3.03.49",183.49,"",6]
[1988,"1988-07-24","TRF",null,"BRUMBY DENIS",15,"3.04.11",184.11,"Fastest",2]
[1988,"1988-07-24","TRF",null,"MCKEANE STEVE",16,"3.04.27",184.27,"Fastest",1]
[1988,"1988-07-24","TRF",null,"DONOGHUE MIKE",17,"3.08.45",188.45,"",8]
[1988,"1988-07-24","TRF",null,"VANCE DAVID",18,"3.09.14",189.14,"Fastest",3]
[1988,"1988-07-24","TRF",null,"MAITLAND BILL",19,"3.09.49",189.49,"Fastest",5]
[1988,"1988-07-24","TRF",null,"MARTIN CLAUDE",20,"3.10.08",190.08,"Fastest",1]
[1988,"1988-07-24","TRF",null,"JUHASZ A",21,"3.14.48",194.48,"Fastest",1]
[1988,"1988-07-24","TRF",null,"HARRIS RICHARD",22,"3.15.18",195.18,"",7]
[1988,"1988-07-24","TRF",null,"STANBROOK ALLAN",23,"3.15.39",195.39,"",5]
[1988,"1988-07-24","TRF",null,"ADAMS BRIAN",24,"3.15.43",195.43,"Fastest",1]
[1988,"1988-07-24","TRF",null,"LOUTH C",25,"3.19.36",199.36,"",2]
[1988,"1988-07-24","TRF",null,"HODGES P",26,"3.20.05",200.05,"Fastest",1]
[1988,"1988-07-24","TRF",null,"MORETON DON",27,"3.22.01",202.01,"",3]
[1988,"1988-07-24","TRF",null,"CULLEN MITCH",28,"3.22.48",202.48,"Fastest",1]
[1988,"1988-07-24","TRF",null,"BUCHANEN B",29,"3.23.10",203.1,"Fastest",1]
[1988,"1988-07-24","TRF",null,"ATWELL ELAINE",30,"3.23.25",203.25,"Fastest",2]
[1988,"1988-07-24","TRF",null,"DOUGLAS FRANK",31,"3.23.27",203.27,"Fastest",3]
[1988,"1988-07-24","TRF",null,"MERRY BRUCE",32,"3.40.00",220,"",8]
[1988,"1988-07-24","TRF",null,"PARR SHARMAN",33,"3.41.21",221.21,"",4]
[1988,"1988-07-24","TRF",null,"STEWART G",34,"3.43.01",223.01,"Fastest",1]
[1988,"1988-07-24","TRF",null,"LISTER I",35,"3.45.17",225.17,"Fastest",1]
[1988,"1988-07-24","TRF",null,"HARRIS SHIRLEY",36,"3.52.24",232.24,"",6]
[1988,"1988-07-24","TRF",null,"VOOLSTRA JACK",37,"3.54.49",234.49,"",2]
[1988,"1988-07-24","TRF",null,"BEECH COL",38,"3.57.51",237.51,"Fastest",1]
[1988,"1988-07-24","TRF",null,"THOMAS KEVIN",39,"4.48.57",288.57,"",3]
[1989,"1989-08-06","TRF",null,"SHIELDS MERV",1,"2.31.29",151.29,"",6]
[1989,"1989-08-06","TRF",null,"CHURCHILL ALAN",2,"2.31.39",151.38999999999999,"Fastest",3]
[1989,"1989-08-06","TRF",null,"SCOTT JOE",3,"2.37.26",157.26,"Fastest",4]
[1989,"1989-08-06","TRF",null,"GILESPIE BOB",4,"2.48.38",168.38,"Fastest",1]
[1989,"1989-08-06","TRF",null,"COBURN RON",5,"2.51.42",171.42,"Fastest",4]
[1989,"1989-08-06","TRF",null,"QUINTAVALLE KIETH",6,"2.56.30",176.3,"",2]
[1989,"1989-08-06","TRF",null,"KUSHIDA KOICHI",7,"2.58.16",178.16,"Fastest",1]
[1989,"1989-08-06","TRF",null,"HOWSON LARRY",8,"2.59.27",179.27,"Fastest",1]
[1989,"1989-08-06","TRF",null,"COSTELLO NATASCHA",9,"3.01.16",181.16,"",6]
[1989,"1989-08-06","TRF",null,"YOUNG ALEX",10,"3.02.19",182.19,"",4]
[1989,"1989-08-06","TRF",null,"JOHNSTON ARCHIE",11,"3.03.08",183.08,"",4]
[1989,"1989-08-06","TRF",null,"DAWES GLEN",12,"3.06.56",186.56,"Fastest",1]
[1989,"1989-08-06","TRF",null,"MAITLAND BILL",13,"3.11.46",191.46,"",5]
[1989,"1989-08-06","TRF",null,"MARTIN CRAIG",14,"3.13.06",193.06,"Fastest",1]
[1989,"1989-08-06","TRF",null,"MENTIPLAY STEVE",15,"3.15.14",195.14,"Fastest",1]
[1989,"1989-08-06","TRF",null,"MITCHELL BARRY",16,"3.16.51",196.51,"",2]
[1989,"1989-08-06","TRF",null,"FORD BARRY",17,"3.17.14",197.14,"",2]
[1989,"1989-08-06","TRF",null,"LEBISH ROGER",18,"3.18.06",198.06,"Fastest",9]
[1989,"1989-08-06","TRF",null,"HARRIS RICHARD",19,"3.19.50",199.5,"",7]
[1989,"1989-08-06","TRF",null,"RACITI SEBASTIEN",20,"3.20.34",200.34,"Fastest",2]
[1989,"1989-08-06","TRF",null,"RICH KEITH",21,"3.24.37",204.37,"",8]
[1989,"1989-08-06","TRF",null,"PARR SHARMAN",22,"3.24.29",204.29,"",4]
[1989,"1989-08-06","TRF",null,"BLINCO GARY",23,"3.25.33",205.33,"Fastest",1]
[1989,"1989-08-06","TRF",null,"STANBROOK ALLAN",24,"3.29.24",209.24,"",5]
[1989,"1989-08-06","TRF",null,"VOOLSTRA JACK",25,"3.39.58",219.58,"Fastest",2]
[1989,"1989-08-06","TRF",null,"JONES GWEN",26,"3.49.47",229.47,"Fastest",4]
[1989,"1989-08-06","TRF",null,"MANTHEY MICHAEL",27,"3.52.29",232.29,"Fastest",1]
[1989,"1989-08-06","TRF",null,"MERRY BRUCE",28,"3.53.39",233.39,"",8]
[1989,"1989-08-06","TRF",null,"THOMAS JACQUI",29,"3.53.57",233.57,"",3]
[1989,"1989-08-06","TRF",null,"GRACE KEVIN",30,"3.55.48",235.48,"Fastest",2]
[1989,"1989-08-06","TRF",null,"MORRIS IAN",31,"4.03.30",243.3,"Fastest",1]
[1989,"1989-08-06","TRF",null,"KELSO SYLVIA",32,"4.05.54",245.54,"",3]
[1989,"1989-08-06","TRF",null,"HARRIS SHIRLEY",33,"4.07.20",247.2,"",6]
[1989,"1989-08-06","TRF",null,"CLITHEROE REG",34,"4.18.48",258.48,"Fastest",1]
[1989,"1989-08-06","TRF",null,"SLEIGHT MICHAEL",35,"4.19.51",259.51,"Fastest",1]
[1989,"1989-08-06","TRF",null,"EVANS VIVIEN",36,"4.21.23",261.23,"Fastest",2]
[1989,"1989-08-06","TRF",null,"WALPOLE COL",37,"4.21.44",261.44,"Fastest",1]
[1989,"1989-08-06","TRF",null,"WERNER CHRIS",38,"4.23.23",263.23,"Fastest",1]
[1989,"1989-08-06","TRF",null,"EVANS ALAN",39,"4.30.51",270.51,"",3]
[1989,"1989-08-06","TRF",null,"CRABB PETER",40,"4.31.43",271.43,"",6]
[1989,"1989-08-06","TRF",null,"DUNDASS LUCAS","Wheelies 1","2.19.48",139.47999999999999,"Fastest",1]
[1989,"1989-08-06","TRF",null,"HOWELL GEOFF","Wheelies 2","2.20.29",140.29,"Fastest",1]
[1990,"1990-07-28","TRF",null,"WARD WARWICK",1,"2.34.01",154.01,"Fastest",3]
[1990,"1990-07-28","TRF",null,"KINGSLEY ROSS",2,"2.35.20",155.19999999999999,"",4]
[1990,"1990-07-28","TRF",null,"SCOTT JOE",3,"2.40.48",160.47999999999999,"",4]
[1990,"1990-07-28","TRF",null,"FITTOCK PAUL",4,"2.54.00",174,"Fastest",2]
[1990,"1990-07-28","TRF",null,"TOMLIN BARRY",5,"2.55.00",175,"",8]
[1990,"1990-07-28","TRF",null,"BUCKBY JOHN",6,"2.56.00",176,"Fastest",4]
[1990,"1990-07-28","TRF",null,"PART BERT",7,"2.58.00",178,"Fastest",2]
[1990,"1990-07-28","TRF",null,"LEAK RAYMOND",8,"3.01.00",181,"",4]
[1990,"1990-07-28","TRF",null,"DONOGHUE MIKE",9,"3.06.00",186,"",8]
[1990,"1990-07-28","TRF",null,"COYSH DAVID",10,"3.08.00",188,"Fastest",3]
[1990,"1990-07-28","TRF",null,"DE JONG JAAP",11,"3.09.00",189,"",8]
[1990,"1990-07-28","TRF",null,"HODGES BRUCE",12,"3.10.00",190,"Fastest",1]
[1990,"1990-07-28","TRF",null,"BURKE BRIAN",13,"3.11.00",191,"Fastest",2]
[1990,"1990-07-28","TRF",null,"WARD DOUG",14,"3.12.00",192,"Fastest",1]
[1990,"1990-07-28","TRF",null,"PARR SHARMAN",15,"3.17.00",197,"",4]
[1990,"1990-07-28","TRF",null,"BARRETT MARGARETT",16,"3.19.00",199,"Fastest",1]
[1990,"1990-07-28","TRF",null,"MERRY BRUCE",17,"3.24.00",204,"",8]
[1990,"1990-07-28","TRF",null,"HALPIN ROBIN",18,"3.25.00",205,"Fastest",3]
[1990,"1990-07-28","TRF",null,"LENNOX GREG",19,"3.25.00",205,"Fastest",1]
[1990,"1990-07-28","TRF",null,"JAYCOCK RUSSELL",20,"3.28.00",208,"",5]
[1990,"1990-07-28","TRF",null,"ATWELL ELAINE",21,"3.29.00",209,"",2]
[1990,"1990-07-28","TRF",null,"MCDONALD WARREN",22,"3.30.00",210,"Fastest",1]
[1990,"1990-07-28","TRF",null,"TAYLOR SCOTT",23,"3.32.00",212,"Fastest",1]
[1990,"1990-07-28","TRF",null,"BROWN SONYA",24,"3.33.00",213,"Fastest",1]
[1990,"1990-07-28","TRF",null,"HARRIS RICHARD",25,"3.37.00",217,"",7]
[1990,"1990-07-28","TRF",null,"LEWIS FRED",26,"3.38.00",218,"Fastest",2]
[1990,"1990-07-28","TRF",null,"DOUGLAS FRANK",27,"3.40.00",220,"",3]
[1990,"1990-07-28","TRF",null,"KENDAL RICHARD",28,"3.45.00",225,"Fastest",1]
[1990,"1990-07-28","TRF",null,"MCKEON CATHY",29,"3.48.00",228,"",2]
[1990,"1990-07-28","TRF",null,"WHITE RICHARD",30,"3.53.00",233,"Fastest",3]
[1990,"1990-07-28","TRF",null,"GREEN STUART",31,"3.53.00",233,"Fastest",1]
[1990,"1990-07-28","TRF",null,"GRACE KEVIN",32,"3.59.00",239,"",2]
[1990,"1990-07-28","TRF",null,"GAIRE SUE",33,"4.05.00",245,"Fastest",1]
[1990,"1990-07-28","TRF",null,"SCHULZ PETER",34,"4.06.00",246,"Fastest",1]
[1990,"1990-07-28","TRF",null,"SEFTON MIKE",35,"4.08.00",248,"Fastest",1]
[1990,"1990-07-28","TRF",null,"CRABB PETER",36,"4.15.00",255,"",6]
[1990,"1990-07-28","TRF",null,"BAIRD CATHY",37,"4.24.00",264,"Fastest",2]
[1990,"1990-07-28","TRF",null,"DEYANA BRUNYA",38,"4.35.00",275,"Fastest",1]
[1990,"1990-07-28","TRF",null,"PELLING WAYNE",39,"5.04.00",304,"Fastest",1]
[1990,"1990-07-28","TRF",null,"PALFREY CHRIS",40,"5.06.00",306,"",2]
[1990,"1990-07-28","TRF",null,"FUNCH ELAINE",41,"5.11.00",311,"Fastest",1]
[1990,"1990-07-28","TRF",null,"FUNCH DONNA",42,"5.36.00",336,"Fastest",1]
[1990,"1990-07-28","TRF",null,"FUNCH TREVOR",43,"5.36.00",336,"Fastest",1]
[1990,"1990-07-28","TRF",null,"BLINCO HELLEN",44,"5.44.00",344,"Fastest",1]
[1990,"1990-07-28","TRF",null,"VASSALO MARY ANNE",45,"5.58.00",358,"Fastest",1]
[1991,"1991-07-27","TRF",null,"SHIELDS MERV",1,"2.27.16",147.16,"Fastest",6]
[1991,"1991-07-27","TRF",null,"MILLER BRAY",2,"2.33.32",153.32,"",3]
[1991,"1991-07-27","TRF",null,"SALIBA ROB",3,"2.35.46",155.46,"Fastest",1]
[1991,"1991-07-27","TRF",null,"JOHNSTON ARCHIE",4,"2.50.04",170.04,"",4]
[1991,"1991-07-27","TRF",null,"QUINTAVALLE KIETH",5,"2.55.44",175.44,"Fastest",2]
[1991,"1991-07-27","TRF",null,"BARROT GRAHAM",6,"2.56.39",176.39,"Fastest",1]
[1991,"1991-07-27","TRF",null,"KEADING NEV",7,"2.56.52",176.52,"Fastest",1]
[1991,"1991-07-27","TRF",null,"MERRY BRUCE",8,"2.57.27",177.27,"Fastest",8]
[1991,"1991-07-27","TRF",null,"SHARPE CLIVE",9,"2.59.12",179.12,"Fastest",1]
[1991,"1991-07-27","TRF",null,"COSTELLO NATASCHA",10,"2.59.48",179.48,"Fastest",6]
[1991,"1991-07-27","TRF",null,"DONOGHUE MIKE",11,"3.01.57",181.57,"Fastest",8]
[1991,"1991-07-27","TRF",null,"MOSS BILL",12,"3.02.21",182.21,"Fastest",3]
[1991,"1991-07-27","TRF",null,"PALMER BILL",13,"3.05.32",185.32,"Fastest",1]
[1991,"1991-07-27","TRF",null,"BRAZIL TERRY",14,"3.06.39",186.39,"",5]
[1991,"1991-07-27","TRF",null,"DE JONG JAAP",15,"3.07.49",187.49,"Fastest",8]
[1991,"1991-07-27","TRF",null,"WILSON BRETT",16,"3.09.15",189.15,"Fastest",1]
[1991,"1991-07-27","TRF",null,"CAVE MARK",17,"3.09.16",189.16,"Fastest",1]
[1991,"1991-07-27","TRF",null,"OSBORNE ROBERT",18,"3.12.25",192.25,"Fastest",1]
[1991,"1991-07-27","TRF",null,"ANDERSON TREVOR",19,"3.15.42",195.42,"Fastest",1]
[1991,"1991-07-27","TRF",null,"MCCABE MICHAEL",20,"3.18.55",198.55,"Fastest",1]
[1991,"1991-07-27","TRF",null,"DEMOOR MARGARET",21,"3.18.56",198.56,"Fastest",1]
[1991,"1991-07-27","TRF",null,"BURKE BRIAN",22,"3.19.59",199.59,"",2]
[1991,"1991-07-27","TRF",null,"BUCHANAN STEVE",23,"3.32.30",212.3,"Fastest",1]
[1991,"1991-07-27","TRF",null,"PRESSLEY DAMIEN",24,"3.37.07",217.07,"Fastest",1]
[1991,"1991-07-27","TRF",null,"RICH KEITH",25,"3.37.16",217.16,"",8]
[1991,"1991-07-27","TRF",null,"BLACK NEIL",26,"3.39.40",219.4,"Fastest",1]
[1991,"1991-07-27","TRF",null,"JAMES BOB",27,"3.41.52",221.52,"",2]
[1991,"1991-07-27","TRF",null,"LUCAS JOHN",28,"3.44.57",224.57,"Fastest",1]
[1991,"1991-07-27","TRF",null,"MILLIGAN ED",29,"3.47.09",227.09,"Fastest",1]
[1991,"1991-07-27","TRF",null,"GUSTAVSON RUSSELL",30,"3.49.01",229.01,"",5]
[1991,"1991-07-27","TRF",null,"CRABB PETER",31,"3.54.45",234.45,"",6]
[1991,"1991-07-27","TRF",null,"PRESSLEY PHIL",32,"3.49.37",229.37,"Fastest",1]
[1992,"1992-08-09","TRF",null,"SHIELDS MERV",1,"2.34.09",154.09,"",6]
[1992,"1992-08-09","TRF",null,"JOHNSTON ARCHIE",2,"2.49.11",169.11,"Fastest",4]
[1992,"1992-08-09","TRF",null,"QUARRELL TONY",3,"2.49.39",169.39,"",2]
[1992,"1992-08-09","TRF",null,"READING NEV",4,"2.56.32",176.32,"Fastest",1]
[1992,"1992-08-09","TRF",null,"TOMLIN BARRY",5,"2.59.38",179.38,"",8]
[1992,"1992-08-09","TRF",null,"COSTELLO NATASCHA",6,"3.03.26",183.26,"",6]
[1992,"1992-08-09","TRF",null,"MEALEY JOHN",7,"3.05.32",185.32,"Fastest",1]
[1992,"1992-08-09","TRF",null,"GUSTAVSON RUSSELL",8,"3.05.58",185.58,"Fastest",5]
[1992,"1992-08-09","TRF",null,"LLEWELLYN DAVE",9,"3.08.48",188.48,"Fastest",1]
[1992,"1992-08-09","TRF",null,"LLLOYD TONY",10,"3.09.30",189.3,"Fastest",1]
[1992,"1992-08-09","TRF",null,"FORD BARRY",11,"3.09.34",189.34,"Fastest",2]
[1992,"1992-08-09","TRF",null,"DE JONG JAAP",12,"3.10.15",190.15,"",8]
[1992,"1992-08-09","TRF",null,"RICH KEITH",13,"3.12.58",192.58,"Fastest",8]
[1992,"1992-08-09","TRF",null,"BOLTON LINDA",14,"3.13.39",193.39,"Fastest",1]
[1992,"1992-08-09","TRF",null,"PARR SHARMAN",15,"3.16.22",196.22,"Fastest",4]
[1992,"1992-08-09","TRF",null,"DOWNEY ROBYN",16,"3.16.34",196.34,"Fastest",2]
[1992,"1992-08-09","TRF",null,"LEBISH ROGER",17,"3.25.22",205.22,"",9]
[1992,"1992-08-09","TRF",null,"ROBERTS GLEN",18,"3.26.33",206.33,"Fastest",1]
[1992,"1992-08-09","TRF",null,"NORRIS KENT",19,"3.28.34",208.34,"",2]
[1992,"1992-08-09","TRF",null,"BRERETON MIKE",20,"3.32.47",212.47,"Fastest",1]
[1992,"1992-08-09","TRF",null,"MACDONALD ALISTAIR",21,"3.34.18",214.18,"",2]
[1992,"1992-08-09","TRF",null,"BALDWIN CHERIE",22,"3.36.42",216.42,"Fastest",1]
[1992,"1992-08-09","TRF",null,"KELSO SYLVIA",23,"3.50.30",230.3,"Fastest",3]
[1992,"1992-08-09","TRF",null,"WEST DANNY",24,"3.55.02",235.02,"Fastest",1]
[1992,"1992-08-09","TRF",null,"MURRAY BARRY",25,"2.57.41",177.41,"Fastest",1]
[1992,"1992-08-09","TRF",null,"MARANO JOHN",26,"4.06.20",246.2,"",2]
[1993,"1993-08-01","TRF",null,"DE KIEVETH MARCEL",1,"2.32.40",152.4,"Fastest",1]
[1993,"1993-08-01","TRF",null,"STOCKWELL TROY",2,"2.35.09",155.09,"Fastest",1]
[1993,"1993-08-01","TRF",null,"BOTWRIGHT P",3,"2.38.59",158.59,"Fastest",1]
[1993,"1993-08-01","TRF",null,"MOORE IAN",4,"2.40.55",160.55000000000001,"Fastest",4]
[1993,"1993-08-01","TRF",null,"QUARRELL TONY",5,"2.44.06",164.06,"Fastest",2]
[1993,"1993-08-01","TRF",null,"KERR VINNIE",6,"2.45.45",165.45,"Fastest",1]
[1993,"1993-08-01","TRF",null,"HASLAM N",7,"2.46.00",166,"Fastest",1]
[1993,"1993-08-01","TRF",null,"FOULDS GARY",8,"2.55.49",175.49,"Fastest",1]
[1993,"1993-08-01","TRF",null,"JOHNSTON ARCHIE",9,"2.57.28",177.28,"",4]
[1993,"1993-08-01","TRF",null,"MILLER JANE",10,"2.58.01",178.01,"Fastest",1]
[1993,"1993-08-01","TRF",null,"LOUTH C",11,"2.58.23",178.23,"Fastest",2]
[1993,"1993-08-01","TRF",null,"DWYER MIKE",12,"2.58.34",178.34,"",2]
[1993,"1993-08-01","TRF",null,"MCKEON MARK",13,"3.04.57",184.57,"Fastest",2]
[1993,"1993-08-01","TRF",null,"LAHIFF PETER",14,"3.05.05",185.05,"",9]
[1993,"1993-08-01","TRF",null,"COSTELLO NATASCHA",15,"3.06.28",186.28,"",6]
[1993,"1993-08-01","TRF",null,"GUSTAVSON RUSSELL",16,"3.09.48",189.48,"",5]
[1993,"1993-08-01","TRF",null,"FOSTER BRIDGET",17,"3.14.34",194.34,"Fastest",2]
[1993,"1993-08-01","TRF",null,"KAEDING N",18,"3.16.39",196.39,"Fastest",1]
[1993,"1993-08-01","TRF",null,"CERNAZ MARK",19,"3.17.09",197.09,"Fastest",2]
[1993,"1993-08-01","TRF",null,"DOWNEY ROBYN",20,"3.19.17",199.17,"",2]
[1993,"1993-08-01","TRF",null,"BAMBRICK TOM",21,"3.20.47",200.47,"",6]
[1993,"1993-08-01","TRF",null,"HVALA VIV",22,"3.21.48",201.48,"Fastest",1]
[1993,"1993-08-01","TRF",null,"MACDONALD ALISTAIR",23,"3.25.31",205.31,"Fastest",2]
[1993,"1993-08-01","TRF",null,"BROWN JENNY",24,"3.25.58",205.58,"Fastest",8]
[1993,"1993-08-01","TRF",null,"HARRIS RICHARD",25,"3.26.43",206.43,"",7]
[1993,"1993-08-01","TRF",null,"LEITCH TED",26,"3.26.44",206.44,"",5]
[1993,"1993-08-01","TRF",null,"NORRIS KENT",27,"3.27.01",207.01,"Fastest",2]
[1993,"1993-08-01","TRF",null,"MALONEY BRETT",28,"3.29.30",209.3,"Fastest",1]
[1993,"1993-08-01","TRF",null,"COWDEN KEN",29,"3.29.34",209.34,"",2]
[1993,"1993-08-01","TRF",null,"MERRY BRUCE",30,"3.29.34",209.34,"",8]
[1993,"1993-08-01","TRF",null,"COOKE JACKY",31,"3.33.15",213.15,"Fastest",2]
[1993,"1993-08-01","TRF",null,"PEACOCK GORDON",32,"3.38.36",218.36,"Fastest",1]
[1993,"1993-08-01","TRF",null,"LOADER MARK",33,"3.40.14",220.14,"Fastest",1]
[1993,"1993-08-01","TRF",null,"MARRINAN ISA",34,"3.44.48",224.48,"Fastest",2]
[1993,"1993-08-01","TRF",null,"MAITLAND BILL",35,"3.49+","229+","",5]
[1993,"1993-08-01","TRF",null,"WRIGHT R",36,"4Hrs.+","240+","",1]
[1994,"1994-08-07","TRF",null,"MOORE IAN",1,"2.42.01",162.01,"",4]
[1994,"1994-08-07","TRF",null,"ASHTON BRETT",2,"2.50.58",170.58,"Fastest",1]
[1994,"1994-08-07","TRF",null,"TOMLIN BARRY",3,"2.55.52",175.52,"",8]
[1994,"1994-08-07","TRF",null,"WALLACE ROBYN",4,"2.56.40",176.4,"Fastest",1]
[1994,"1994-08-07","TRF",null,"DWYER MIKE",5,"2.56.59",176.59,"Fastest",2]
[1994,"1994-08-07","TRF",null,"DE JONG JAAP",6,"3.09.11",189.11,"",8]
[1994,"1994-08-07","TRF",null,"HUTCHINSON RICHARD",7,"3.10.20",190.2,"Fastest",1]
[1994,"1994-08-07","TRF",null,"COWDEN KEN",8,"3.11.46",191.46,"Fastest",2]
[1994,"1994-08-07","TRF",null,"WOTHERSPOON ROSS",9,"3.12.59",192.59,"Fastest",1]
[1994,"1994-08-07","TRF",null,"WATTLE PETER",10,"3.14.45",194.45,"Fastest",1]
[1994,"1994-08-07","TRF",null,"ROBERTS LEN",11,"3.14.53",194.53,"Fastest",1]
[1994,"1994-08-07","TRF",null,"GUSTAVSON RUSSELL",12,"3.15.57",195.57,"",5]
[1994,"1994-08-07","TRF",null,"MERRY BRUCE",13,"3.18.33",198.33,"",8]
[1994,"1994-08-07","TRF",null,"BAMBRICK TOM",14,"3.19.27",199.27,"",6]
[1994,"1994-08-07","TRF",null,"MOLONY BRETT",15,"3.20.04",200.04,"Fastest",1]
[1994,"1994-08-07","TRF",null,"NEISLER BASIL",16,"3.25.08",205.08,"Fastest",1]
[1994,"1994-08-07","TRF",null,"LEITCH TED",17,"3.27.25",207.25,"",5]
[1994,"1994-08-07","TRF",null,"BROWN JENNY",18,"3.27.48",207.48,"",8]
[1994,"1994-08-07","TRF",null,"COOK JACKY",19,"3.33.36",213.36,"Fastest",1]
[1994,"1994-08-07","TRF",null,"LEBISH ROGER",20,"3.40.54",220.54,"",9]
[1994,"1994-08-07","TRF",null,"CAMPBELL RALPH",21,"3.42.18",222.18,"Fastest",1]
[1994,"1994-08-07","TRF",null,"WINNING DREW",22,"3.56.12",236.12,"Fastest",1]
[1994,"1994-08-07","TRF",null,"WOOLFE KEN",23,"4.07.28",247.28,"Fastest",1]
[1994,"1994-08-07","TRF",null,"HAFENSTEIN DETLEF",24,"4.08.49",248.49,"Fastest",1]
[1994,"1994-08-07","TRF",null,"GOURLAY SCOTT",25,"4.10.33",250.33,"Fastest",1]
[1994,"1994-08-07","TRF",null,"CRABB PETER",26,"4.10.37",250.37,"",6]
[1994,"1994-08-07","TRF",null,"SEARLE NOELENE",27,"4.22.55",262.55,"Fastest",1]
[1994,"1994-08-07","TRF",null,"ARMIT BRIAN",28,"4.23.49",263.49,"",4]
[1994,"1994-08-07","TRF",null,"TIKEL DANI",29,"4.28.41",268.41000000000003,"Fastest",1]
[1994,"1994-08-07","TRF",null,"COXON CHRIS",30,"4.41.12",281.12,"Fastest",1]
[1994,"1994-08-07","TRF",null,"LOWE GRAHAM",31,"4.48.50",288.5,"Fastest",1]
[1995,"1995-08-05","TRF",null,"SHIELDS MERV",1,"2.40.24",160.24,"",6]
[1995,"1995-08-05","TRF",null,"MOORE IAN",2,"2.42.02",162.02000000000001,"",4]
[1995,"1995-08-05","TRF",null,"HOOPER GARRY",3,"2.51.51",171.51,"Fastest",2]
[1995,"1995-08-05","TRF",null,"FITTOCK PAUL",4,"2.56.49",176.49,"",2]
[1995,"1995-08-05","TRF",null,"ARMIT BRIAN",5,"3.02.13",182.13,"Fastest",4]
[1995,"1995-08-05","TRF",null,"SLANEY DAVID",6,"3.04.19",184.19,"Fastest",1]
[1995,"1995-08-05","TRF",null,"MOSS BILL",7,"3.06.48",186.48,"",3]
[1995,"1995-08-05","TRF",null,"GUSTAVSON RUSSELL",8,"3.12.13",192.13,"",5]
[1995,"1995-08-05","TRF",null,"TOMLIN BARRY",9,"3.15.17",195.17,"",8]
[1995,"1995-08-05","TRF",null,"BAMBRICK TOM",10,"3.18.05",198.05,"Fastest",6]
[1995,"1995-08-05","TRF",null,"FOSTER BRIDGET",11,"3.21.57",201.57,"",2]
[1995,"1995-08-05","TRF",null,"MERRY BRUCE",12,"3.26.27",206.27,"",8]
[1995,"1995-08-05","TRF",null,"BROWN JENNY",13,"3.32.21",212.21,"",8]
[1995,"1995-08-05","TRF",null,"BABORE TREVOR",14,"3.32.22",212.22,"Fastest",1]
[1995,"1995-08-05","TRF",null,"COLEMAN BILL",15,"3.33.52",213.52,"Fastest",1]
[1995,"1995-08-05","TRF",null,"LEWIS TONY",16,"3.46.59",226.59,"Fastest",1]
[1995,"1995-08-05","TRF",null,"CRABB PETER",17,"3.48.26",228.26,"Fastest",6]
[1995,"1995-08-05","TRF",null,"LEITCH CAM",18,"3.48.53",228.53,"Fastest",2]
[1995,"1995-08-05","TRF",null,"WHITMORE GREG",19,"3.56.26",236.26,"",2]
[1995,"1995-08-05","TRF",null,"PRYTZ ARNSTEIN",20,"3.57.23",237.23,"Fastest",1]
[1995,"1995-08-05","TRF",null,"RICH KEITH",21,"3.57.23",237.23,"",8]
[1995,"1995-08-05","TRF",null,"LEWIS FRED",22,"4.04.42",244.42,"",2]
[1995,"1995-08-05","TRF",null,"RICHTER MARTY",23,"4.25.07",265.07,"",3]
[1995,"1995-08-05","TRF",null,"GRIMMER ELLY",24,"4.26.09",266.08999999999997,"Fastest",1]
[1995,"1995-08-05","TRF",null,"WHITE RICHARD",25,"4.31.03",271.02999999999997,"",3]
[1996,"1996-08-04","TRF",null,"MOUSTOUKAS ALLAN",1,"3.08.42",188.42,"",7]
[1996,"1996-08-04","TRF",null,"NUTTALL JOHN",2,"3.10.38",190.38,"",14]
[1996,"1996-08-04","TRF",null,"DONOGHUE MIKE",3,"3.16.04",196.04,"",8]
[1996,"1996-08-04","TRF",null,"WHITMORE GREG",4,"3.18.56",198.56,"Fastest",2]
[1996,"1996-08-04","TRF",null,"O'CONNOR TONY",5,"3.24.47",204.47,"",5]
[1996,"1996-08-04","TRF",null,"RICH KEITH",6,"3.33.00",213,"",8]
[1996,"1996-08-04","TRF",null,"BROWN JENNY",7,"3.35.00",215,"",8]
[1996,"1996-08-04","TRF",null,"CONNOR MIKE",8,"3.39.31",219.31,"",2]
[1996,"1996-08-04","TRF",null,"MERRY BRUCE",9,"3.51.58",231.58,"",8]
[1996,"1996-08-04","TRF",null,"RICHTER KAY",10,"3.58.58",238.58,"",2]
[1996,"1996-08-04","TRF",null,"CRABB PETER",11,"4.03.17",243.17,"",6]
[1996,"1996-08-04","TRF",null,"HOWARD VAL",12,"4.05.39",245.39,"Fastest",1]
[1996,"1996-08-04","TRF",null,"HEATON HERB",13,"4.09.00",249,"Fastest",1]
[1996,"1996-08-04","TRF",null,"CERNAZ MARK",14,"4.11.46",251.46,"",2]
[1996,"1996-08-04","TRF",null,"ROY WAYNE",15,"4.16.45",256.45,"Fastest",1]
[1996,"1996-08-04","TRF",null,"RICHTER MARTY",16,"4.23.25",263.25,"",3]
[1996,"1996-08-04","TRF",null,"CORNEY NIKKI",17,"4.26.17",266.17,"Fastest",1]
[1996,"1996-08-04","TRF",null,"HINDMARSH JANE",18,"4.33.58",273.58,"Fastest",1]
[1996,"1996-08-04","TRF",null,"O'SHEA GREG",19,"4.34.01",274.01,"Fastest",1]
[1996,"1996-08-04","TRF",null,"DANIELS PETER",20,"4.36.50",276.5,"Fastest",1]
[1996,"1996-08-04","TRF",null,"CAIN MATTHEW",21,"5.25.46",325.45999999999998,"",2]
[1997,"1997-08-17","TRF",null,"JACKSON PHILLIP",1,"2.52.30",172.3,"Fastest",1]
[1997,"1997-08-17","TRF",null,"JONES STEVE",2,"2.55.46",175.46,"",5]
[1997,"1997-08-17","TRF",null,"O'CONNOR TONY",3,"3.02.04",182.04,"",5]
[1997,"1997-08-17","TRF",null,"RENDELL ALAN",4,"3.05.15",185.15,"Fastest",1]
[1997,"1997-08-17","TRF",null,"JAMES KEVIN",5,"3.07.57",187.57,"Fastest",1]
[1997,"1997-08-17","TRF",null,"CORDEROY BOB",6,"3.12.15",192.15,"Fastest",2]
[1997,"1997-08-17","TRF",null,"CONNOR MIKE",7,"3.12.39",192.39,"Fastest",2]
[1997,"1997-08-17","TRF",null,"CROUCH-CHIVERS PAUL",8,"3.22.20",202.2,"Fastest",13]
[1997,"1997-08-17","TRF",null,"MOUSTOUKAS ALLAN",9,"3.27.00",207,"",7]
[1997,"1997-08-17","TRF",null,"LEBISH ROGER",10,"3.35.46",215.46,"",9]
[1997,"1997-08-17","TRF",null,"TOMLIN BARRY",11,"3.38.43",218.43,"",8]
[1997,"1997-08-17","TRF",null,"BROWN JENNY",12,"3.42.53",222.53,"",8]
[1997,"1997-08-17","TRF",null,"RICHTER KAY",13,"3.52.10",232.1,"Fastest",2]
[1997,"1997-08-17","TRF",null,"EVANS ALAN",14,"3.56.54",236.54,"Fastest",3]
[1997,"1997-08-17","TRF",null,"MARRINAN ISA",15,"4.01.37",241.37,"",2]
[1997,"1997-08-17","TRF",null,"RICHTER MARTY",16,"4.08.33",248.33,"Fastest",3]
[1997,"1997-08-17","TRF",null,"HARNISCHFEGER MICK",17,"4.14.10",254.1,"Fastest",1]
[1997,"1997-08-17","TRF",null,"NORTHFIELD RODNEY",18,"4.26.27",266.27,"",14]
[1997,"1997-08-17","TRF",null,"PARKER BRENDA",19,"4.33.33",273.33,"",2]
[1997,"1997-08-17","TRF",null,"CURTIS BILL",20,"5.01.04",301.04000000000002,"Fastest",1]
[1997,"1997-08-17","TRF",null,"CAIN MATTHEW",21,"5.08.38",308.38,"Fastest",2]
[1998,"1998-08-02","TRF",null,"JONES STEVE",1,"2.48.08",168.08,"",5]
[1998,"1998-08-02","TRF",null,"GOBBY KAREN",2,"2.48.30",168.3,"Fastest",1]
[1998,"1998-08-02","TRF",null,"BARRON ADAM",3,"3.01.54",181.54,"Fastest",2]
[1998,"1998-08-02","TRF",null,"MOUSTOUKAS ALLAN",4,"3.04.35",184.35,"Fastest",7]
[1998,"1998-08-02","TRF",null,"ARMIT BRIAN",5,"3.09.02",189.02,"",4]
[1998,"1998-08-02","TRF",null,"GOODMAN DUDLEY",6,"3.23.10",203.1,"Fastest",1]
[1998,"1998-08-02","TRF",null,"MCNABB JIM",7,"3.23.43",203.43,"Fastest",2]
[1998,"1998-08-02","TRF",null,"DE JONG JAAP",8,"3.47.31",227.31,"",8]
[1998,"1998-08-02","TRF",null,"BADDELEY JOANNE",9,"3.50.00",230,"Fastest",1]
[1998,"1998-08-02","TRF",null,"HINDMARSH GREG",10,"3.59.56",239.56,"Fastest",1]
[1998,"1998-08-02","TRF",null,"BAMBRICK TOM",11,"4.23.51",263.51,"",6]
[1998,"1998-08-02","TRF",null,"JONES GWEN",12,"4.25.28",265.27999999999997,"",4]
[1998,"1998-08-02","TRF",null,"PARKER BRENDA",13,"4.32.12",272.12,"Fastest",2]
[1998,"1998-08-02","TRF",null,"HERLIHY LYALL",14,"4.48.58",288.58,"Fastest",1]
[1998,"1998-08-02","TRF",null,"RYAN TOM",15,"4.52.31",292.31,"Fastest",3]
[1999,"1999-08-01","TRF",null,"JONES STEVE",1,"2.42.17",162.16999999999999,"Fastest",5]
[1999,"1999-08-01","TRF",null,"O'CONNOR TONY",2,"2.51.10",171.1,"Fastest",5]
[1999,"1999-08-01","TRF",null,"SIMMONS SHANE",3,"2.58.01",178.01,"Fastest",2]
[1999,"1999-08-01","TRF",null,"BOURGONJE ERIC",4,"3.04.49",184.49,"Fastest",1]
[1999,"1999-08-01","TRF",null,"NUTTALL JOHN",5,"3.05.50",185.5,"",14]
[1999,"1999-08-01","TRF",null,"MESSENGER BRUCE",6,"3.16.29",196.29,"Fastest",2]
[1999,"1999-08-01","TRF",null,"RICH KEITH",7,"3.18.47",198.47,"",8]
[1999,"1999-08-01","TRF",null,"SAPIR RON",8,"3.20.07",200.07,"Fastest",1]
[1999,"1999-08-01","TRF",null,"BARRON ADAM",9,"3.22.59",202.59,"",2]
[1999,"1999-08-01","TRF",null,"ROBINSON MICHELLE",10,"3.24.11",204.11,"Fastest",1]
[1999,"1999-08-01","TRF",null,"STANTON GEOFF",11,"3.28.14",208.14,"Fastest",20]
[1999,"1999-08-01","TRF",null,"ROWDEN WIDGE",12,"3.28.20",208.2,"",4]
[1999,"1999-08-01","TRF",null,"NAN TIE SHAREE LEE",13,"3.29.34",209.34,"Fastest",5]
[1999,"1999-08-01","TRF",null,"MCKEON CATHY",14,"3.30.37",210.37,"Fastest",2]
[1999,"1999-08-01","TRF",null,"BAMBRICK TOM",15,"3.35.06",215.06,"",6]
[1999,"1999-08-01","TRF",null,"DE JONG JAAP",16,"3.35.49",215.49,"",8]
[1999,"1999-08-01","TRF",null,"WHARTON DAVE",17,"3.36.14",216.14,"Fastest",6]
[1999,"1999-08-01","TRF",null,"HARDY RAY",18,"3.41.04",221.04,"Fastest",1]
[1999,"1999-08-01","TRF",null,"BROWN JENNY",19,"3.43.37",223.37,"",8]
[1999,"1999-08-01","TRF",null,"HYNES SARAH",20,"3.47.34",227.34,"Fastest",3]
[1999,"1999-08-01","TRF",null,"FRAZER IAN",21,"3.54.24",234.24,"Fastest",4]
[1999,"1999-08-01","TRF",null,"KELSO SYLVIA",22,"4.13.17",253.17,"",3]
[1999,"1999-08-01","TRF",null,"EVANS ALAN",23,"4.13.19",253.19,"",3]
[1999,"1999-08-01","TRF",null,"DEAN YONATHAN",24,"4.18.18",258.18,"Fastest",1]
[1999,"1999-08-01","TRF",null,"JONES GWEN",25,"4.46.45",286.45,"",4]
[1999,"1999-08-01","TRF",null,"EVANS VIVIEN",26,"4.48.22",288.22000000000003,"",2]
[1999,"1999-08-01","TRF",null,"CRASE WAYNE",27,"N/A","N/A","",12]
[2000,"2000-08-01","TRF",null,"ROBINSON GEORGE",1,"N/A","N/A","",1]
[2000,"2000-08-01","TRF",null,"GREEN GEORGE",2,"N/A","N/A","",1]
[2000,"2000-08-01","TRF",null,"O'CONNOR TONY",3,"N/A","N/A","",5]
[2000,"2000-08-01","TRF",null,"VALENA TOM",4,"N/A","N/A","",2]
[2000,"2000-08-01","TRF",null,"SHIELDS MERV",5,"N/A","N/A","",6]
[2000,"2000-08-01","TRF",null,"SEARSTON JOHN",6,"N/A","N/A","",1]
[2000,"2000-08-01","TRF",null,"WEEKS EMILY",7,"N/A","N/A","",1]
[2000,"2000-08-01","TRF",null,"DONOGHUE MIKE",8,"N/A","N/A","",8]
[2000,"2000-08-01","TRF",null,"FALK BRIAN",9,"N/A","N/A","",1]
[2000,"2000-08-01","TRF",null,"NAN TIE SHAREE LEE",10,"N/A","N/A","",5]
[2000,"2000-08-01","TRF",null,"NIXON GARY",11,"N/A","N/A","",2]
[2000,"2000-08-01","TRF",null,"ZEVENBERGEN MARCEL",12,"N/A","N/A","",2]
[2000,"2000-08-01","TRF",null,"TOMLIN BARRY",13,"N/A","N/A","",8]
[2000,"2000-08-01","TRF",null,"WHARTON DAVE",14,"N/A","N/A","",6]
[2000,"2000-08-01","TRF",null,"JACKSON STEWART",15,"N/A","N/A","",2]
[2000,"2000-08-01","TRF",null,"JOHANNESEN SALLY",16,"N/A","N/A","",1]
[2000,"2000-08-01","TRF",null,"MCCOOK LAURENCE",17,"N/A","N/A","",1]
[2000,"2000-08-01","TRF",null,"MCINTYRE DUNCAN",18,"N/A","N/A","",1]
[2000,"2000-08-01","TRF",null,"MCCONVILLE DEBRA",19,"N/A","N/A","",4]
[2000,"2000-08-01","TRF",null,"FRAZER IAN",20,"N/A","N/A","",4]
[2000,"2000-08-01","TRF",null,"DORNEY JOHN",21,"N/A","N/A","",1]
[2000,"2000-08-01","TRF",null,"LEE JENNIFER",22,"N/A","N/A","",4]
[2000,"2000-08-01","TRF",null,"LEE CHRIS",23,"N/A","N/A","",5]
[2000,"2000-08-01","TRF",null,"CRASE WAYNE",24,"N/A","N/A","",12]
[2000,"2000-08-01","TRF",null,"KENNEDY ROBIN",25,"N/A","N/A","",1]
[2000,"2000-08-01","TRF",null,"DE JONG JAAP",26,"N/A","N/A","",8]
[2000,"2000-08-01","TRF",null,"MOLL CHRIS",27,"N/A","N/A","",3]
[2000,"2000-08-01","TRF",null,"BROWN JENNY",28,"N/A","N/A","",8]
[2000,"2000-08-01","TRF",null,"LEITCH CAM",29,"N/A","N/A","",2]
[2000,"2000-08-01","TRF",null,"HYNES SARAH",30,"N/A","N/A","",3]
[2000,"2000-08-01","TRF",null,"ROBINSON JODIE",31,"N/A","N/A","",1]
[2000,"2000-08-01","TRF",null,"VANDERVOET DAVID",32,"N/A","N/A","",1]
[2000,"2000-08-01","TRF",null,"MEGAW CHRIS",33,"N/A","N/A","",2]
[2000,"2000-08-01","TRF",null,"OLSEN JOHN",34,"N/A","N/A","",7]
[2000,"2000-08-01","TRF",null,"BAIRD WARREN",35,"N/A","N/A","",2]
[2000,"2000-08-01","TRF",null,"ANDERSON JOHN",36,"N/A","N/A","",1]
[2001,"2001-08-05","TRF",null,"ZUPAN GARY",1,"2.52.49",172.49,"Fastest",1]
[2001,"2001-08-05","TRF",null,"VALENA TOM",2,"2.58.13",178.13,"Fastest",2]
[2001,"2001-08-05","TRF",null,"SCHONEVELD JOHN",3,"2.59.24",179.24,"Fastest",1]
[2001,"2001-08-05","TRF",null,"FLAUS STEVE",4,"3.05.43",185.43,"",2]
[2001,"2001-08-05","TRF",null,"TAPLIN JOHN",5,"3.09.19",189.19,"Fastest",1]
[2001,"2001-08-05","TRF",null,"NIXON GARY",6,"3.09.26",189.26,"Fastest",2]
[2001,"2001-08-05","TRF",null,"BATHGATE RAY",7,"3.16.10",196.1,"Fastest",2]
[2001,"2001-08-05","TRF",null,"LEMCKE DAVE",8,"3.16.39",196.39,"Fastest",1]
[2001,"2001-08-05","TRF",null,"JOY CHRIS",9,"3.18.15",198.15,"Fastest",1]
[2001,"2001-08-05","TRF",null,"BRESSAN GABE",10,"3.20.21",200.21,"Fastest",1]
[2001,"2001-08-05","TRF",null,"EVANS DAVID",11,"3.22.08",202.08,"Fastest",1]
[2001,"2001-08-05","TRF",null,"BORWICK STUART",12,"3.23.40",203.4,"Fastest",1]
[2001,"2001-08-05","TRF",null,"ANDERSSEN THOROLD",13,"3.24.00",204,"Fastest",1]
[2001,"2001-08-05","TRF",null,"LAWSON LARRY",14,"3.25.18",205.18,"Fastest",1]
[2001,"2001-08-05","TRF",null,"NORRIS BERNIE",15,"3.25.43",205.43,"",19]
[2001,"2001-08-05","TRF",null,"IRELAND DUANE",16,"3.29.06",209.06,"Fastest",1]
[2001,"2001-08-05","TRF",null,"ANDRESS GREG",17,"3.29.07",209.07,"Fastest",1]
[2001,"2001-08-05","TRF",null,"NAN TIE SHAREE LEE",18,"3.32.44",212.44,"",5]
[2001,"2001-08-05","TRF",null,"MCNABB JIM",19,"3.33.05",213.05,"",2]
[2001,"2001-08-05","TRF",null,"TILSE JANELLE",20,"3.33.29",213.29,"Fastest",1]
[2001,"2001-08-05","TRF",null,"MCCONVILLE DEBRA",21,"3.34.38",214.38,"",4]
[2001,"2001-08-05","TRF",null,"MCCOLL CHRIS",22,"3.35.15",215.15,"Fastest",1]
[2001,"2001-08-05","TRF",null,"FELESINA TONY",23,"3.35.31",215.31,"",23]
[2001,"2001-08-05","TRF",null,"LEBISH ROGER",24,"3.35.31",215.31,"",9]
[2001,"2001-08-05","TRF",null,"FORD PAUL",25,"3.37.04",217.04,"Fastest",1]
[2001,"2001-08-05","TRF",null,"ALBURY JIM",26,"3.37.57",217.57,"Fastest",1]
[2001,"2001-08-05","TRF",null,"CAMPBELL BRONWYN",27,"3.38.34",218.34,"Fastest",1]
[2001,"2001-08-05","TRF",null,"RICH KEITH",28,"3.40.10",220.1,"",8]
[2001,"2001-08-05","TRF",null,"MCLAINE KAHRYN",29,"3.44.19",224.19,"",2]
[2001,"2001-08-05","TRF",null,"WHARTON DAVE",30,"3.46.43",226.43,"",6]
[2001,"2001-08-05","TRF",null,"ROSSITER RON",31,"3.48.32",228.32,"Fastest",1]
[2001,"2001-08-05","TRF",null,"HAYDEN DARREN",32,"3.51.47",231.47,"Fastest",1]
[2001,"2001-08-05","TRF",null,"NEWMAN PETER",33,"3.52.46",232.46,"Fastest",1]
[2001,"2001-08-05","TRF",null,"VALLANCE PAT",34,"3.52.48",232.48,"Fastest",1]
[2001,"2001-08-05","TRF",null,"LLEWELLYN PETER",35,"3.55.49",235.49,"Fastest",2]
[2001,"2001-08-05","TRF",null,"BROOS FRITS",36,"3.58.05",238.05,"Fastest",1]
[2001,"2001-08-05","TRF",null,"HYNES SARAH",37,"3.58.51",238.51,"",3]
[2001,"2001-08-05","TRF",null,"SYMONS JOANNE",38,"4.01.50",241.5,"Fastest",1]
[2001,"2001-08-05","TRF",null,"BROWN JENNY",39,"4.06.33",246.33,"",8]
[2001,"2001-08-05","TRF",null,"ROLF KAREEN MAREE",40,"4.08.04",248.04,"Fastest",1]
[2001,"2001-08-05","TRF",null,"LEIBLING WOLFGANG",41,"4.14.59",254.59,"Fastest",1]
[2001,"2001-08-05","TRF",null,"CAVILL JIM",42,"4.20.10",260.10000000000002,"Fastest",1]
[2001,"2001-08-05","TRF",null,"HART JACQUI",43,"4.29.32",269.32,"Fastest",1]
[2001,"2001-08-05","TRF",null,"RUTHERFORD ROD",44,"4.29.51",269.51,"Fastest",14]
[2001,"2001-08-05","TRF",null,"SIMMONS SHARON",45,"4.30.09",270.08999999999997,"Fastest",1]
[2001,"2001-08-05","TRF",null,"MARSH PAUL",46,"4.32.02",272.02,"Fastest",1]
[2001,"2001-08-05","TRF",null,"SEMMLER ANDREA",47,"4.38.16",278.16000000000003,"Fastest",1]
[2001,"2001-08-05","TRF",null,"KEIR THERESE",48,"4.47.22",287.22000000000003,"Fastest",1]
[2001,"2001-08-05","TRF",null,"COULL ERIC",49,"4.50.01",290.01,"",2]
[2001,"2001-08-05","TRF",null,"DUROX TONY",50,"4.55.10",295.10000000000002,"Fastest",1]
[2001,"2001-08-05","TRF",null,"OLSEN JOHN",51,"5.11.12",311.12,"",7]
[2001,"2001-08-05","TRF",null,"NEVILLE ANNE",52,"5.11.14",311.14,"Fastest",1]
[2001,"2001-08-05","TRF",null,"DONNELLY ANN",53,"5.11.15",311.14999999999998,"Fastest",1]
[2001,"2001-08-05","TRF",null,"JENKINS PETER",54,"5.11.16",311.16000000000003,"Fastest",4]
[2001,"2001-08-05","TRF",null,"BISHOP BRETT",55,"5.24.54",324.54000000000002,"Fastest",1]
[2001,"2001-08-05","TRF",null,"SEDGWICK JACQUI",56,"5.33.01",333.01,"Fastest",1]
[2002,"2002-08-01","TRF",null,"MCCULLOCH MAL",1,"2.59.41",179.41,"Fastest",1]
[2002,"2002-08-01","TRF",null,"SIMMONS SHANE",2,"3.01.32",181.32,"",2]
[2002,"2002-08-01","TRF",null,"FLAUS STEVE",3,"3.05.27",185.27,"Fastest",2]
[2002,"2002-08-01","TRF",null,"NUTTALL JOHN",4,"3.08.53",188.53,"",14]
[2002,"2002-08-01","TRF",null,"O'CONNOR TONY",5,"3.14.10",194.1,"",5]
[2002,"2002-08-01","TRF",null,"JACKSON STEWART",6,"3.18.47",198.47,"Fastest",2]
[2002,"2002-08-01","TRF",null,"JUCHNIEWICZ NATHAN",7,"3.21.23",201.23,"Fastest",1]
[2002,"2002-08-01","TRF",null,"BATHGATE RAY",8,"3.22.07",202.07,"",2]
[2002,"2002-08-01","TRF",null,"MCCONVILLE DEBRA",9,"3.26.31",206.31,"Fastest",4]
[2002,"2002-08-01","TRF",null,"ARMIT BRIAN",10,"3.26.31",206.31,"",4]
[2002,"2002-08-01","TRF",null,"MOLL CHRIS",11,"3.32.00",212,"",3]
[2002,"2002-08-01","TRF",null,"SCOTT GARTH",12,"3.36.19",216.19,"Fastest",1]
[2002,"2002-08-01","TRF",null,"DONOGHUE MIKE",13,"3.37.25",217.25,"",8]
[2002,"2002-08-01","TRF",null,"COOKE JACKY",14,"3.40.38",220.38,"",2]
[2002,"2002-08-01","TRF",null,"MCLAINE KAHRYN",15,"3.41.34",221.34,"Fastest",2]
[2002,"2002-08-01","TRF",null,"POWER DIANNE",16,"3.47.03",227.03,"Fastest",2]
[2002,"2002-08-01","TRF",null,"CROUCH-CHIVERS PAUL",17,"3.47.27",227.27,"",13]
[2002,"2002-08-01","TRF",null,"FICKEL BOB",18,"3.48.09",228.09,"Fastest",1]
[2002,"2002-08-01","TRF",null,"NORTHFIELD RODNEY",19,"3.51.21",231.21,"",14]
[2002,"2002-08-01","TRF",null,"SUCKLING CARY",20,"3.51.54",231.54,"Fastest",1]
[2002,"2002-08-01","TRF",null,"VANDERVOET DANIEL",21,"3.53.00",233,"Fastest",1]
[2002,"2002-08-01","TRF",null,"LEE JENNIFER",22,"3.53.29",233.29,"",4]
[2002,"2002-08-01","TRF",null,"LEE CHRIS",23,"3.53.31",233.31,"",5]
[2002,"2002-08-01","TRF",null,"MOSS BILL",24,"3.53.48",233.48,"",3]
[2002,"2002-08-01","TRF",null,"JONES DIANE",25,"3.55.55",235.55,"Fastest",1]
[2002,"2002-08-01","TRF",null,"BAMBRICK TOM",26,"3.56.26",236.26,"",6]
[2002,"2002-08-01","TRF",null,"HUANG DALE",27,"3.57.37",237.37,"",4]
[2002,"2002-08-01","TRF",null,"CANNINGS DAVID",28,"3.59.32",239.32,"Fastest",21]
[2002,"2002-08-01","TRF",null,"BAIRD WARREN",29,"4.03.23",243.23,"Fastest",2]
[2002,"2002-08-01","TRF",null,"FELESINA TONY",30,"4.05.24",245.24,"",23]
[2002,"2002-08-01","TRF",null,"MEGAW CHRIS",31,"4.05.43",245.43,"Fastest",2]
[2002,"2002-08-01","TRF",null,"REA NEVILLE",32,"4.06.33",246.33,"Fastest",1]
[2002,"2002-08-01","TRF",null,"SANCHES EDSON",33,"4.07.31",247.31,"Fastest",1]
[2002,"2002-08-01","TRF",null,"JAYCOCK RUSSELL",34,"4.14.37",254.37,"",5]
[2002,"2002-08-01","TRF",null,"GRUNDY ANNE",35,"4.14.51",254.51,"Fastest",1]
[2002,"2002-08-01","TRF",null,"HUPP JOSEPH",36,"4.16.14",256.14,"Fastest",1]
[2002,"2002-08-01","TRF",null,"LIEBING WOLFGANG",37,"4.16.26",256.26,"Fastest",1]
[2002,"2002-08-01","TRF",null,"JACKSON BRIAN",38,"4.17.30",257.3,"Fastest",5]
[2002,"2002-08-01","TRF",null,"FOSTER CHRIS",39,"4.19.57",259.57,"Fastest",1]
[2002,"2002-08-01","TRF",null,"BARTLETT RICHARD",40,"4.28.16",268.16000000000003,"Fastest",1]
[2002,"2002-08-01","TRF",null,"WAKELIN TREVOR",41,"4.30.48",270.48,"Fastest",1]
[2002,"2002-08-01","TRF",null,"STEAD PETER",42,"4.32.28",272.27999999999997,"",2]
[2002,"2002-08-01","TRF",null,"COULL ERIC",43,"4.35.36",275.36,"Fastest",2]
[2002,"2002-08-01","TRF",null,"BAIRD CATHY",44,"4.36.47",276.47000000000003,"",2]
[2002,"2002-08-01","TRF",null,"GALEA CORAL",45,"4.40.58",280.58,"Fastest",1]
[2002,"2002-08-01","TRF",null,"IDE JOHN",46,"4.41.12",281.12,"Fastest",1]
[2002,"2002-08-01","TRF",null,"DE JONG JAAP",47,"4.52.53",292.52999999999997,"",8]
[2002,"2002-08-01","TRF",null,"HOWELL ANGELA",48,"4.56.14",296.14,"",2]
[2002,"2002-08-01","TRF",null,"BOUVIER JEAN",49,"5.02.15",302.14999999999998,"Fastest",1]
[2002,"2002-08-01","TRF",null,"JONES GWEN",50,"5.09.32",309.32,"",4]
[2002,"2002-08-01","TRF",null,"OLSEN JOHN",51,"5.15.01",315.01,"",7]
[2002,"2002-08-01","TRF",null,"LO ELSA",52,"5.19.45",319.45,"",3]
[2002,"2002-08-01","TRF",null,"JENKINS PETER",53,"5.19.46",319.45999999999998,"",4]
[2003,"2003-08-03","TRF",null,"HILL KEVIN",1,"2.37.26",157.26,"",3]
[2003,"2003-08-03","TRF",null,"LABINSKY NEIL",2,"2.38.04",158.04,"",3]
[2003,"2003-08-03","TRF",null,"DOULMAN GUY",3,"2.49.44",169.44,"Fastest",1]
[2003,"2003-08-03","TRF",null,"NUTTALL JOHN",4,"2.53.37",173.37,"Fastest",14]
[2003,"2003-08-03","TRF",null,"FLORENS DANIELLE",5,"2.55.51",175.51,"",3]
[2003,"2003-08-03","TRF",null,"BOSCO VINCE",6,"2.57.17",177.17,"",2]
[2003,"2003-08-03","TRF",null,"KUHNE ADRIAN",7,"2.59.12",179.12,"",2]
[2003,"2003-08-03","TRF",null,"RESTALL DAVE",8,"3.02.29",182.29,"Fastest",1]
[2003,"2003-08-03","TRF",null,"NEIMANIS PETER",9,"3.06.13",186.13,"",8]
[2003,"2003-08-03","TRF",null,"BERNSTONE MAX",10,"3.10.37",190.37,"Fastest",1]
[2003,"2003-08-03","TRF",null,"HILDER KATHRYN",11,"3.16.43",196.43,"Fastest",1]
[2003,"2003-08-03","TRF",null,"FELESINA TONY",12,"3.18.29",198.29,"Fastest",23]
[2003,"2003-08-03","TRF",null,"ABRAHAM LOUISE",13,"3.21.24",201.24,"Fastest",2]
[2003,"2003-08-03","TRF",null,"URLICH TOMISLAV",14,"3.21.42",201.42,"Fastest",1]
[2003,"2003-08-03","TRF",null,"MOLL CHRIS",15,"3.23.04",203.04,"Fastest",3]
[2003,"2003-08-03","TRF",null,"WELTON RONELLE",16,"3.27.08",207.08,"Fastest",1]
[2003,"2003-08-03","TRF",null,"CAMPHER MATIE",17,"3.27.12",207.12,"Fastest",1]
[2003,"2003-08-03","TRF",null,"CARLTON JOHN",18,"3.28.44",208.44,"",6]
[2003,"2003-08-03","TRF",null,"LAHIFF PETER",19,"3.29.26",209.26,"",9]
[2003,"2003-08-03","TRF",null,"MURRAY GARTH",20,"3.29.40",209.4,"",2]
[2003,"2003-08-03","TRF",null,"MCLELLAN HELEN",21,"3.32.42",212.42,"Fastest",1]
[2003,"2003-08-03","TRF",null,"STEAD PETER",22,"3.33.01",213.01,"Fastest",2]
[2003,"2003-08-03","TRF",null,"COVA KIM",23,"3.33.02",213.02,"Fastest",1]
[2003,"2003-08-03","TRF",null,"TUDEHOPE GREG",24,"3.33.13",213.13,"",3]
[2003,"2003-08-03","TRF",null,"O'BRIEN SHANEEN",25,"3.33.43",213.43,"Fastest",1]
[2003,"2003-08-03","TRF",null,"GOULD PETER",26,"3.35.26",215.26,"",2]
[2003,"2003-08-03","TRF",null,"SMITH VANESSA",27,"3.35.27",215.27,"",2]
[2003,"2003-08-03","TRF",null,"STANTON GEOFF",28,"3.36.45",216.45,"",20]
[2003,"2003-08-03","TRF",null,"MCARTHUR NATALIE",29,"3.36.54",216.54,"Fastest",1]
[2003,"2003-08-03","TRF",null,"CROUCH-CHIVERS PAUL",30,"3.39.33",219.33,"",13]
[2003,"2003-08-03","TRF",null,"FRISWELL ALISON",31,"3.41.03",221.03,"Fastest",1]
[2003,"2003-08-03","TRF",null,"MCCONVILLE DEBRA",32,"3.41.22",221.22,"",4]
[2003,"2003-08-03","TRF",null,"FABIAN THERESA",33,"3.42.29",222.29,"Fastest",1]
[2003,"2003-08-03","TRF",null,"STOKES DOUGLAS",34,"3.42.58",222.58,"",2]
[2003,"2003-08-03","TRF",null,"RICH KEITH",35,"3.43.59",223.59,"",8]
[2003,"2003-08-03","TRF",null,"PHILLIPS SHANE",36,"3.44.16",224.16,"Fastest",1]
[2003,"2003-08-03","TRF",null,"QUINN RICHARD",37,"3.45.04",225.04,"Fastest",1]
[2003,"2003-08-03","TRF",null,"O'NEILL PAUL",38,"3.48.51",228.51,"Fastest",1]
[2003,"2003-08-03","TRF",null,"TITMUS STEVEN",39,"3.48.56",228.56,"",19]
[2003,"2003-08-03","TRF",null,"MCGAGH FIONA",40,"3.49.12",229.12,"Fastest",1]
[2003,"2003-08-03","TRF",null,"CATON ANDREW",41,"3.50.10",230.1,"Fastest",1]
[2003,"2003-08-03","TRF",null,"ARNOLD ROBERT",42,"3.50.13",230.13,"Fastest",1]
[2003,"2003-08-03","TRF",null,"HYNES SHANE",43,"3.50.44",230.44,"",9]
[2003,"2003-08-03","TRF",null,"WILLIAMS PAMELA",44,"3.50.59",230.59,"Fastest",4]
[2003,"2003-08-03","TRF",null,"TWAALFHOVE PATRICIA",45,"3.51.03",231.03,"Fastest",1]
[2003,"2003-08-03","TRF",null,"LEE JENNIFER",46,"3.51.27",231.27,"Fastest",4]
[2003,"2003-08-03","TRF",null,"LEE CHRIS",47,"3.51.28",231.28,"Fastest",5]
[2003,"2003-08-03","TRF",null,"NORRIS BERNIE",48,"3.51.52",231.52,"",19]
[2003,"2003-08-03","TRF",null,"RASMUSSEN RAYLENE",49,"3.51.55",231.55,"Fastest",1]
[2003,"2003-08-03","TRF",null,"MAUREL OLIVIER",50,"3.52.52",232.52,"Fastest",1]
[2003,"2003-08-03","TRF",null,"HUANG DALE",51,"3.54.11",234.11,"Fastest",4]
[2003,"2003-08-03","TRF",null,"POWER DIANNE",52,"3.55.59",235.59,"",2]
[2003,"2003-08-03","TRF",null,"TAZEL STEVEN",53,"3.57.26",237.26,"Fastest",1]
[2003,"2003-08-03","TRF",null,"WHARTON DAVE",54,"3.57.51",237.51,"",6]
[2003,"2003-08-03","TRF",null,"DUCKWORTH STEPHAN",55,"3.59.23",239.23,"Fastest",1]
[2003,"2003-08-03","TRF",null,"MURRAY PAUL",56,"3.59.40",239.4,"Fastest",1]
[2003,"2003-08-03","TRF",null,"BEARD ADRIAN",57,"4.00.17",240.17,"Fastest",1]
[2003,"2003-08-03","TRF",null,"LEBISH ROGER",58,"4.09.09",249.09,"",9]
[2003,"2003-08-03","TRF",null,"TOMPKINS MICHAEL",59,"4.09.48",249.48,"Fastest",1]
[2003,"2003-08-03","TRF",null,"BAYLEY CHRISTINE",60,"4.12.18",252.18,"Fastest",1]
[2003,"2003-08-03","TRF",null,"CRASE WAYNE",61,"4.13.36",253.36,"",12]
[2003,"2003-08-03","TRF",null,"BECK JODI",62,"4.14.13",254.13,"",2]
[2003,"2003-08-03","TRF",null,"QUINN JENNY",63,"4.18.37",258.37,"Fastest",1]
[2003,"2003-08-03","TRF",null,"MAGUIRE GERRY",64,"4.22.27",262.27,"Fastest",1]
[2003,"2003-08-03","TRF",null,"CANNINGS DAVID",65,"4.28.13",268.13,"",21]
[2003,"2003-08-03","TRF",null,"HOWELL ANGELA",66,"4.29.46",269.45999999999998,"Fastest",2]
[2003,"2003-08-03","TRF",null,"KHAN MELANIE",67,"4.30.03",270.02999999999997,"Fastest",1]
[2003,"2003-08-03","TRF",null,"CAMPHER ANKIE",68,"4.31.28",271.27999999999997,"Fastest",1]
[2003,"2003-08-03","TRF",null,"MASON MIKE",69,"4.38.17",278.17,"Fastest",1]
[2003,"2003-08-03","TRF",null,"CAMPBELL PETER",70,"4.45.21",285.20999999999998,"",2]
[2003,"2003-08-03","TRF",null,"DAVEL CORRIE",71,"4.48.19",288.19,"",3]
[2003,"2003-08-03","TRF",null,"CRAWFORD-NUTT ANNE",72,"4.49.44",289.44,"Fastest",1]
[2003,"2003-08-03","TRF",null,"BUCKLAND PETER",73,"4.50.27",290.27,"Fastest",2]
[2003,"2003-08-03","TRF",null,"JACKSON BRIAN",74,"4.52.51",292.51,"",5]
[2003,"2003-08-03","TRF",null,"OLSEN JOHN",75,"5.01.00",301,"",7]
[2003,"2003-08-03","TRF",null,"JENKINS PETER",76,"5.13.20",313.2,"",4]
[2003,"2003-08-03","TRF",null,"RUTHERFORD ROD",77,"5.23.12",323.12,"",14]
[2003,"2003-08-03","TRF",null,"AKINS DANNY",78,"5.23.13",323.13,"",3]
[2003,"2003-08-03","TRF",null,"KERRUISH GRAHAME",79,"6.31.41",391.41,"",2]
[2004,"2004-08-01","TRF",null,"MULLEN ALAN",1,"2.40.25",160.25,"",4]
[2004,"2004-08-01","TRF",null,"HILL KEVIN",2,"2.44.38",164.38,"",3]
[2004,"2004-08-01","TRF",null,"HOLLOWAY GEOFF",3,"2.46.36",166.36,"Fastest",1]
[2004,"2004-08-01","TRF",null,"WALTERS BRENTON",4,"2.49.01",169.01,"Fastest",1]
[2004,"2004-08-01","TRF",null,"BOSCO VINCE",5,"2.50.39",170.39,"Fastest",2]
[2004,"2004-08-01","TRF",null,"HEATH WAYNE",6,"2.56.31",176.31,"Fastest",1]
[2004,"2004-08-01","TRF",null,"KUHNE ADRIAN",7,"2.58.11",178.11,"Fastest",2]
[2004,"2004-08-01","TRF",null,"CLOWES ANDREW",8,"2.58.15",178.15,"Fastest",1]
[2004,"2004-08-01","TRF",null,"FLORENS DANIELLE",9,"2.58.59",178.59,"",3]
[2004,"2004-08-01","TRF",null,"LEE PAUL",10,"3.07.40",187.4,"",3]
[2004,"2004-08-01","TRF",null,"SMITH VANESSA",11,"3.07.41",187.41,"Fastest",2]
[2004,"2004-08-01","TRF",null,"RAYNER JEFF",12,"3.08.02",188.02,"Fastest",1]
[2004,"2004-08-01","TRF",null,"HIGHAM WILLIAM",13,"3.08.34",188.34,"Fastest",1]
[2004,"2004-08-01","TRF",null,"MOUSTOUKAS ALLAN",14,"3.10.14",190.14,"",7]
[2004,"2004-08-01","TRF",null,"SCHWEIZER RALPH",15,"3.11.34",191.34,"Fastest",1]
[2004,"2004-08-01","TRF",null,"PARTRIDGE ISOBEL",16,"3.12.04",192.04,"Fastest",1]
[2004,"2004-08-01","TRF",null,"QUINNEY DARRYL",17,"3.14.47",194.47,"",6]
[2004,"2004-08-01","TRF",null,"BOSCHEN MATTHEW",18,"3.20.54",200.54,"",16]
[2004,"2004-08-01","TRF",null,"ABRAHAM LOUISE",19,"3.22.53",202.53,"",2]
[2004,"2004-08-01","TRF",null,"HYNES SHANE",20,"3.23.08",203.08,"",9]
[2004,"2004-08-01","TRF",null,"GOULD PETER",21,"3.24.45",204.45,"Fastest",2]
[2004,"2004-08-01","TRF",null,"STANTON GEOFF",22,"3.28.52",208.52,"",20]
[2004,"2004-08-01","TRF",null,"MORGAN ANNA",23,"3.29.26",209.26,"",5]
[2004,"2004-08-01","TRF",null,"SCHINKEL JACQUI",24,"3.30.55",210.55,"Fastest",1]
[2004,"2004-08-01","TRF",null,"MESSENGER BRUCE",25,"3.31.34",211.34,"",2]
[2004,"2004-08-01","TRF",null,"TUDEHOPE GREG",26,"3.32.08",212.08,"Fastest",3]
[2004,"2004-08-01","TRF",null,"THORN JULIA",27,"3.38.25",218.25,"Fastest",1]
[2004,"2004-08-01","TRF",null,"MADDERN ROBERT",28,"3.39.28",219.28,"Fastest",1]
[2004,"2004-08-01","TRF",null,"CARTER BEN",29,"3.39.30",219.3,"",3]
[2004,"2004-08-01","TRF",null,"TREACHER MATHEW",30,"3.39.31",219.31,"Fastest",1]
[2004,"2004-08-01","TRF",null,"FELESINA TONY",31,"3.41.14",221.14,"",23]
[2004,"2004-08-01","TRF",null,"UTAN SIMON",32,"3.41.48",221.48,"Fastest",1]
[2004,"2004-08-01","TRF",null,"STOKES DOUGLAS",33,"3.42.47",222.47,"Fastest",2]
[2004,"2004-08-01","TRF",null,"HOWIE DAVID",34,"3.55.32",235.32,"",2]
[2004,"2004-08-01","TRF",null,"SHEPHERD STEPHEN",35,"3.57.06",237.06,"Fastest",2]
[2004,"2004-08-01","TRF",null,"ASTILL NEIL",36,"3.57.07",237.07,"",2]
[2004,"2004-08-01","TRF",null,"WILLIAMS PAMELA",37,"3.57.10",237.1,"",4]
[2004,"2004-08-01","TRF",null,"WILLIAMS LYLE",38,"3.58.13",238.13,"Fastest",1]
[2004,"2004-08-01","TRF",null,"BECK JODI",39,"3.58.57",238.57,"Fastest",2]
[2004,"2004-08-01","TRF",null,"LEE CHRIS",40,"4.00.09",240.09,"",5]
[2004,"2004-08-01","TRF",null,"KETTLE CATHERINE",41,"4.05.29",245.29,"Fastest",1]
[2004,"2004-08-01","TRF",null,"COOP LEIGH",42,"4.05.30",245.3,"Fastest",1]
[2004,"2004-08-01","TRF",null,"REILLY JOHN",43,"4.05.53",245.53,"",2]
[2004,"2004-08-01","TRF",null,"FRIEDMAN BETH",44,"4.07.56",247.56,"Fastest",1]
[2004,"2004-08-01","TRF",null,"KILOH KEITH",45,"4.09.42",249.42,"",4]
[2004,"2004-08-01","TRF",null,"LEBISH ROGER",46,"4.10.50",250.5,"",9]
[2004,"2004-08-01","TRF",null,"WILD KEVIN",47,"4.11.46",251.46,"Fastest",4]
[2004,"2004-08-01","TRF",null,"BRAYSHER PHILIP",48,"4.15.01",255.01,"Fastest",2]
[2004,"2004-08-01","TRF",null,"POWELL TONY",49,"4.18.41",258.41000000000003,"Fastest",1]
[2004,"2004-08-01","TRF",null,"HEAD DANIEL",50,"4.22.09",262.08999999999997,"Fastest",1]
[2004,"2004-08-01","TRF",null,"KITTO PHOEBE",51,"4.22.19",262.19,"Fastest",1]
[2004,"2004-08-01","TRF",null,"LALOR MERRICK",52,"4.34.50",274.5,"Fastest",1]
[2004,"2004-08-01","TRF",null,"HARVEY FRANCIS",53,"4.38.30",278.3,"Fastest",1]
[2004,"2004-08-01","TRF",null,"DAVEL CORRIE",54,"4.38.47",278.47000000000003,"Fastest",3]
[2004,"2004-08-01","TRF",null,"JACKSON BRIAN",55,"4.39.11",279.11,"",5]
[2004,"2004-08-01","TRF",null,"TAYLOR DON",56,"4.42.32",282.32,"Fastest",1]
[2004,"2004-08-01","TRF",null,"CAMPBELL GLEN",57,"4.47.45",287.45,"Fastest",1]
[2004,"2004-08-01","TRF",null,"MURPHY HELEN",58,"4.47.50",287.5,"Fastest",1]
[2004,"2004-08-01","TRF",null,"SAVAGE JESSICA",59,"4.49.09",289.08999999999997,"",3]
[2004,"2004-08-01","TRF",null,"BUCKLAND PETER",60,"4.51.21",291.20999999999998,"",2]
[2004,"2004-08-01","TRF",null,"STEWART BRETT",61,"4.52.28",292.27999999999997,"Fastest",2]
[2004,"2004-08-01","TRF",null,"OLSEN JOHN",62,"5.02.21",302.20999999999998,"",7]
[2004,"2004-08-01","TRF",null,"TREZONA BARNEY",63,"5.02.32",302.32,"Fastest",1]
[2004,"2004-08-01","TRF",null,"COLLIHOLE PAUL",64,"5.07.08",307.08,"Fastest",1]
[2004,"2004-08-01","TRF",null,"JENKINS PETER",65,"5.27.30",327.3,"",4]
[2004,"2004-08-01","TRF",null,"RUTHERFORD ROD",66,"5.33.09",333.09,"",14]
[2004,"2004-08-01","TRF",null,"KERRUISH GRAHAME",67,"6.25.24",385.24,"Fastest",2]
[2005,"2005-08-07","TRF",null,"JOHNSTON COLIN",1,"2.33.54",153.54,"",2]
[2005,"2005-08-07","TRF",null,"SMITH BRADLEY",2,"2.34.52",154.52000000000001,"Fastest",1]
[2005,"2005-08-07","TRF",null,"HILL KEVIN",3,"2.36.16",156.16,"Fastest",3]
[2005,"2005-08-07","TRF",null,"MULLEN ALAN",4,"2.38.43",158.43,"Fastest",4]
[2005,"2005-08-07","TRF",null,"HAWKSWORTH DANNY",5,"2.43.13",163.13,"Fastest",3]
[2005,"2005-08-07","TRF",null,"FLORENS DANIELLE",6,"2.50.04",170.04,"Fastest",3]
[2005,"2005-08-07","TRF",null,"LEE PAUL",7,"2.51.13",171.13,"",3]
[2005,"2005-08-07","TRF",null,"LABINSKY NEIL",8,"2.51.17",171.17,"",3]
[2005,"2005-08-07","TRF",null,"KNIGHT AARON",9,"2.51.28",171.28,"Fastest",1]
[2005,"2005-08-07","TRF",null,"KAPA WARREN",10,"2.57.00",177,"Fastest",2]
[2005,"2005-08-07","TRF",null,"ASTILL NEIL",11,"3.01.44",181.44,"Fastest",2]
[2005,"2005-08-07","TRF",null,"VLOTMAN DAVID",12,"3.03.25",183.25,"Fastest",1]
[2005,"2005-08-07","TRF",null,"NUTTALL JOHN",13,"3.05.23",185.23,"",14]
[2005,"2005-08-07","TRF",null,"QUINNEY DARRYL",14,"3.08.10",188.1,"Fastest",6]
[2005,"2005-08-07","TRF",null,"NORTHFIELD RODNEY",15,"3.10.25",190.25,"Fastest",14]
[2005,"2005-08-07","TRF",null,"LOCHARD ALAIN",16,"3.12.42",192.42,"Fastest",2]
[2005,"2005-08-07","TRF",null,"HYNES SHANE",17,"3.17.40",197.4,"",9]
[2005,"2005-08-07","TRF",null,"MCGANN JUSTIN",18,"3.17.47",197.47,"",3]
[2005,"2005-08-07","TRF",null,"MCGANN DOMINIC",19,"3.17.48",197.48,"Fastest",1]
[2005,"2005-08-07","TRF",null,"MOUSTOUKAS ALLAN",20,"3.17.57",197.57,"",7]
[2005,"2005-08-07","TRF",null,"MCGRATH SIMON",21,"3.22.14",202.14,"Fastest",1]
[2005,"2005-08-07","TRF",null,"GRUHN JOHN",22,"3.22.51",202.51,"Fastest",3]
[2005,"2005-08-07","TRF",null,"TAIT DOUGLAS",23,"3.23.37",203.37,"Fastest",1]
[2005,"2005-08-07","TRF",null,"HAMADI LAZHAR",24,"3.29.14",209.14,"Fastest",1]
[2005,"2005-08-07","TRF",null,"MORGAN ANNA",25,"3.30.05",210.05,"",5]
[2005,"2005-08-07","TRF",null,"DEVINE SUE",26,"3.30.14",210.14,"",3]
[2005,"2005-08-07","TRF",null,"STANTON GEOFF",27,"3.31.25",211.25,"",20]
[2005,"2005-08-07","TRF",null,"ZAHN JUDY",28,"3.31.26",211.26,"Fastest",1]
[2005,"2005-08-07","TRF",null,"KILOH KEITH",29,"3.37.28",217.28,"Fastest",4]
[2005,"2005-08-07","TRF",null,"LEAKE JOANNA",30,"3.37.47",217.47,"Fastest",1]
[2005,"2005-08-07","TRF",null,"REILLY JOHN",31,"3.39.16",219.16,"Fastest",2]
[2005,"2005-08-07","TRF",null,"HOWIE DAVID",32,"3.42.39",222.39,"Fastest",2]
[2005,"2005-08-07","TRF",null,"OLLSON COL",33,"3.43.24",223.24,"Fastest",1]
[2005,"2005-08-07","TRF",null,"NAN TIE SHAREE LEE",34,"3.44.06",224.06,"",5]
[2005,"2005-08-07","TRF",null,"FELESINA TONY",35,"3.46.15",226.15,"",23]
[2005,"2005-08-07","TRF",null,"IRVING JENNIFER",36,"3.46.18",226.18,"",4]
[2005,"2005-08-07","TRF",null,"LAHIFF PETER",37,"3.48.08",228.08,"",9]
[2005,"2005-08-07","TRF",null,"CLINCH RODNEY",38,"3.48.11",228.11,"Fastest",1]
[2005,"2005-08-07","TRF",null,"MAGUIRE LIZ",39,"3.51.55",231.55,"",4]
[2005,"2005-08-07","TRF",null,"HOWARTH JILL",40,"3.54.12",234.12,"Fastest",1]
[2005,"2005-08-07","TRF",null,"AXFORD BRENDAN",41,"3.54.20",234.2,"Fastest",2]
[2005,"2005-08-07","TRF",null,"MICHEL GILLIAN",42,"3.56.03",236.03,"Fastest",1]
[2005,"2005-08-07","TRF",null,"LLEWELLYN PETER",43,"3.57.43",237.43,"",2]
[2005,"2005-08-07","TRF",null,"LEBISH ROGER",44,"3.57.50",237.5,"",9]
[2005,"2005-08-07","TRF",null,"CLYNK STEVE",45,"3.58.13",238.13,"Fastest",1]
[2005,"2005-08-07","TRF",null,"DIXON DAMIAN",46,"3.58.31",238.31,"Fastest",1]
[2005,"2005-08-07","TRF",null,"MARANO JOHN",47,"4.00.02",240.02,"Fastest",2]
[2005,"2005-08-07","TRF",null,"SHEPHERD STEPHEN",48,"4.00.03",240.03,"",2]
[2005,"2005-08-07","TRF",null,"CANNINGS DAVID",49,"4.01.20",241.2,"",21]
[2005,"2005-08-07","TRF",null,"ROBERTSON SHARON",50,"4.01.25",241.25,"Fastest",1]
[2005,"2005-08-07","TRF",null,"HEITMANN STEFAN",51,"4.01.26",241.26,"Fastest",1]
[2005,"2005-08-07","TRF",null,"LEE JENNIFER",52,"4.01.40",241.4,"",4]
[2005,"2005-08-07","TRF",null,"LEE CHRIS",53,"4.01.41",241.41,"",5]
[2005,"2005-08-07","TRF",null,"MCGRATH MADDY",54,"4.02.18",242.18,"Fastest",1]
[2005,"2005-08-07","TRF",null,"MCKEON MARK",55,"4.05.45",245.45,"",2]
[2005,"2005-08-07","TRF",null,"WILLIAMS PAMELA",56,"4.06.02",246.02,"",4]
[2005,"2005-08-07","TRF",null,"ABDULRAHIM IKHWAN",57,"4.08.22",248.22,"Fastest",1]
[2005,"2005-08-07","TRF",null,"HUGHES TIMBO",58,"4.12.02",252.02,"",7]
[2005,"2005-08-07","TRF",null,"BURKE DAVID",59,"4.14.44",254.44,"Fastest",1]
[2005,"2005-08-07","TRF",null,"CROUCH-CHIVERS PAUL",60,"4.15.36",255.36,"",13]
[2005,"2005-08-07","TRF",null,"FULLER ROBERT",61,"4.17.53",257.52999999999997,"Fastest",1]
[2005,"2005-08-07","TRF",null,"ELMS DAVID",62,"4.22.25",262.25,"",5]
[2005,"2005-08-07","TRF",null,"WILSON VANESSA",63,"4.26.41",266.41000000000003,"Fastest",1]
[2005,"2005-08-07","TRF",null,"BRAYSHER PHILIP",64,"4.28.35",268.35000000000002,"",2]
[2005,"2005-08-07","TRF",null,"WHATMOUGH MICHELLE",65,"4.28.54",268.54000000000002,"Fastest",1]
[2005,"2005-08-07","TRF",null,"GRAHAM ANGELA",66,"4.29.52",269.52,"Fastest",1]
[2005,"2005-08-07","TRF",null,"WEGNER ALLAN",67,"4.32.53",272.52999999999997,"Fastest",1]
[2005,"2005-08-07","TRF",null,"BARNES ANTHONY",68,"4.34.14",274.14,"Fastest",1]
[2005,"2005-08-07","TRF",null,"NORRIS JOELLE",69,"4.37.24",277.24,"Fastest",1]
[2005,"2005-08-07","TRF",null,"LOTHIAN JODIE",70,"4.37.26",277.26,"Fastest",1]
[2005,"2005-08-07","TRF",null,"JACKSON BRIAN",71,"4.38.18",278.18,"",5]
[2005,"2005-08-07","TRF",null,"FORD PADDY",72,"4.39.35",279.35000000000002,"Fastest",1]
[2005,"2005-08-07","TRF",null,"MICHALSKI ALEXANDRA",73,"4.41.41",281.41000000000003,"Fastest",1]
[2005,"2005-08-07","TRF",null,"SAVAGE JESSICA",74,"4.43.50",283.5,"Fastest",3]
[2005,"2005-08-07","TRF",null,"WHITE RICHARD",75,"4.46.17",286.17,"",3]
[2005,"2005-08-07","TRF",null,"STOVER ERIC",76,"4.47.10",287.10000000000002,"Fastest",1]
[2005,"2005-08-07","TRF",null,"PIENAAR ERIC",77,"4.57.56",297.56,"",2]
[2005,"2005-08-07","TRF",null,"OLSEN JOHN",78,"4.58.15",298.14999999999998,"Fastest",7]
[2005,"2005-08-07","TRF",null,"RYAN TOM",79,"5.00.29",300.29000000000002,"",3]
[2005,"2005-08-07","TRF",null,"STEWART BRETT",80,"5.03.02",303.02,"",2]
[2005,"2005-08-07","TRF",null,"WEISE NEIL",81,"5.10.02",310.02,"Fastest",1]
[2005,"2005-08-07","TRF",null,"PENTA THOMAS",82,"5.16.45",316.45,"Fastest",1]
[2005,"2005-08-07","TRF",null,"BALL BELINDA",83,"5.18.20",318.2,"Fastest",1]
[2005,"2005-08-07","TRF",null,"RUTHERFORD ROD",84,"5.25.12",325.12,"",14]
[2005,"2005-08-07","TRF",null,"PELLER LINDA",85,"5.44.13",344.13,"Fastest",1]
[2005,"2005-08-07","TRF",null,"CROWLEY DENISE",86,"5.51.50",351.5,"Fastest",1]
[2005,"2005-08-07","TRF",null,"REID PAUL",87,"6.56.32",416.32,"Fastest",1]
[2006,"2006-08-06","TRF",null,"JOHNSTON COLIN",1,"2.31.02",151.02000000000001,"Fastest",2]
[2006,"2006-08-06","TRF",null,"LABINSKY NEIL",2,"2.36.58",156.58000000000001,"Fastest",3]
[2006,"2006-08-06","TRF",null,"MULLEN ALAN",3,"2.38.52",158.52000000000001,"",4]
[2006,"2006-08-06","TRF",null,"HAWKSWORTH DANNY",4,"2.48.25",168.25,"",3]
[2006,"2006-08-06","TRF",null,"FRENCH CHRISTOPHER",5,"2.54.16",174.16,"Fastest",1]
[2006,"2006-08-06","TRF",null,"WHELAN BRENDAN",6,"3.00.41",180.41,"Fastest",1]
[2006,"2006-08-06","TRF",null,"ROSS DAVID",7,"3.01.51",181.51,"Fastest",1]
[2006,"2006-08-06","TRF",null,"BOSCHEN MATTHEW",8,"3.05.17",185.17,"",16]
[2006,"2006-08-06","TRF",null,"MCGANN JUSTIN",9,"3.05.48",185.48,"",3]
[2006,"2006-08-06","TRF",null,"HYNES SHANE",10,"3.13.36",193.36,"",9]
[2006,"2006-08-06","TRF",null,"HUNTER MICHAEL",11,"3.14.21",194.21,"Fastest",1]
[2006,"2006-08-06","TRF",null,"KENNEDY STUART",12,"3.14.42",194.42,"Fastest",1]
[2006,"2006-08-06","TRF",null,"BROWN RHIANNON",13,"3.15.32",195.32,"Fastest",1]
[2006,"2006-08-06","TRF",null,"WALMSLEY BRIAN",14,"3.16.57",196.57,"Fastest",1]
[2006,"2006-08-06","TRF",null,"MORGAN ANNA",15,"3.18.45",198.45,"Fastest",5]
[2006,"2006-08-06","TRF",null,"MURRAY GARTH",16,"3.21.01",201.01,"Fastest",2]
[2006,"2006-08-06","TRF",null,"SELLECK COLIN",17,"3.25.38",205.38,"Fastest",1]
[2006,"2006-08-06","TRF",null,"HOCKING ROBERT",18,"3.25.43",205.43,"",5]
[2006,"2006-08-06","TRF",null,"GILBOY LARRY",19,"3.26.01",206.01,"Fastest",2]
[2006,"2006-08-06","TRF",null,"FELESINA TONY",20,"3.26.38",206.38,"",23]
[2006,"2006-08-06","TRF",null,"SHANNON EVAN",21,"3.28.17",208.17,"",2]
[2006,"2006-08-06","TRF",null,"PATZOLD RICK",22,"3.32.21",212.21,"",10]
[2006,"2006-08-06","TRF",null,"NU'U BOB",23,"3.34.19",214.19,"Fastest",1]
[2006,"2006-08-06","TRF",null,"HUGHES TIMBO",24,"3.34.34",214.34,"",7]
[2006,"2006-08-06","TRF",null,"EAGLES RUTH",25,"3.34.35",214.35,"",6]
[2006,"2006-08-06","TRF",null,"WILSON DAVID",26,"3.35.17",215.17,"Fastest",1]
[2006,"2006-08-06","TRF",null,"KILOH KEITH",27,"3.38.12",218.12,"",4]
[2006,"2006-08-06","TRF",null,"GRUHN JOHN",28,"3.39.25",219.25,"",3]
[2006,"2006-08-06","TRF",null,"JONES DEAN",29,"3.39.26",219.26,"Fastest",1]
[2006,"2006-08-06","TRF",null,"IRVING JENNIFER",30,"3.40.26",220.26,"",4]
[2006,"2006-08-06","TRF",null,"FRECKLINGTON KERI",31,"3.40.33",220.33,"Fastest",1]
[2006,"2006-08-06","TRF",null,"DEVINE SUE",32,"3.40.44",220.44,"",3]
[2006,"2006-08-06","TRF",null,"MCGANN CAROLINE",33,"3.40.52",220.52,"",2]
[2006,"2006-08-06","TRF",null,"ALLEN PETE",34,"3.42.51",222.51,"Fastest",1]
[2006,"2006-08-06","TRF",null,"LAHIFF PETER",35,"3.46.53",226.53,"",9]
[2006,"2006-08-06","TRF",null,"COLLINS JON",36,"3.49.05",229.05,"Fastest",1]
[2006,"2006-08-06","TRF",null,"HOWARTH LAURETTA",37,"3.50.00",230,"Fastest",1]
[2006,"2006-08-06","TRF",null,"MCINNES SCOTT",38,"3.50.49",230.49,"",7]
[2006,"2006-08-06","TRF",null,"SKVARIL VLASTIK",39,"3.51.06",231.06,"Fastest",1]
[2006,"2006-08-06","TRF",null,"PRALICA ELIZABETH",40,"3.51.41",231.41,"Fastest",2]
[2006,"2006-08-06","TRF",null,"TITMUS STEVEN",41,"3.53.20",233.2,"",19]
[2006,"2006-08-06","TRF",null,"NORRIS BERNIE",42,"3.53.23",233.23,"",19]
[2006,"2006-08-06","TRF",null,"CROUCH-CHIVERS PAUL",43,"3.54.44",234.44,"",13]
[2006,"2006-08-06","TRF",null,"HOOK ANDREW",44,"3.54.46",234.46,"Fastest",1]
[2006,"2006-08-06","TRF",null,"CRASE WAYNE",45,"3.55.08",235.08,"Fastest",12]
[2006,"2006-08-06","TRF",null,"LEWIS AMELIA",46,"4.01.03",241.03,"",2]
[2006,"2006-08-06","TRF",null,"LEAKE ANGELA",47,"4.01.32",241.32,"Fastest",1]
[2006,"2006-08-06","TRF",null,"BROSTROM ELDERENE",48,"4.02.28",242.28,"Fastest",11]
[2006,"2006-08-06","TRF",null,"REAKES HAYDEN",49,"4.03.55",243.55,"",2]
[2006,"2006-08-06","TRF",null,"KITSON JANE",50,"4.05.31",245.31,"Fastest",1]
[2006,"2006-08-06","TRF",null,"JENNY BETH",51,"4.11.34",251.34,"Fastest",1]
[2006,"2006-08-06","TRF",null,"HUTCHINSON DI",52,"4.15.10",255.1,"Fastest",3]
[2006,"2006-08-06","TRF",null,"LEBISH ROGER",53,"4.17.03",257.02999999999997,"",9]
[2006,"2006-08-06","TRF",null,"BEADNELL CHRIS",54,"4.20.21",260.20999999999998,"Fastest",1]
[2006,"2006-08-06","TRF",null,"AXFORD BRENDAN",55,"4.24.57",264.57,"",2]
[2006,"2006-08-06","TRF",null,"LOW ADRIAN",56,"4.26.09",266.08999999999997,"Fastest",1]
[2006,"2006-08-06","TRF",null,"AYERS NATALIE",57,"4.29.08",269.08,"Fastest",1]
[2006,"2006-08-06","TRF",null,"JAYCOCK RUSSELL",58,"4.30.21",270.20999999999998,"",5]
[2006,"2006-08-06","TRF",null,"PIENAAR ERIC",59,"4.34.47",274.47000000000003,"Fastest",2]
[2006,"2006-08-06","TRF",null,"DAVEL CORRIE",60,"4.43.05",283.05,"",3]
[2006,"2006-08-06","TRF",null,"MCMILLAN TRUDY",61,"4.53.57",293.57,"Fastest",1]
[2006,"2006-08-06","TRF",null,"RYAN TOM",62,"5.00.11",300.11,"",3]
[2006,"2006-08-06","TRF",null,"AVENELL KEN",63,"5.01.44",301.44,"Fastest",1]
[2006,"2006-08-06","TRF",null,"LOW SIMONE",64,"5.03.28",303.27999999999997,"Fastest",1]
[2006,"2006-08-06","TRF",null,"HARVEY LORETTO",65,"5.04.16",304.16000000000003,"Fastest",1]
[2006,"2006-08-06","TRF",null,"JACKSON BRIAN",66,"5.05.19",305.19,"",5]
[2006,"2006-08-06","TRF",null,"OLSEN JOHN",67,"5.06.58",306.58,"",7]
[2006,"2006-08-06","TRF",null,"SOTAMAA HELSINKI",68,"5.08.50",308.5,"Fastest",1]
[2006,"2006-08-06","TRF",null,"SAVAGE JESSICA",69,"5.31.52",331.52,"",3]
[2006,"2006-08-06","TRF",null,"CANNINGS DAVID",70,"5.33.55",333.55,"",21]
[2006,"2006-08-06","TRF",null,"RUTHERFORD ROD",71,"5.35.26",335.26,"",14]
[2007,"2007-08-05","TRF",null,"THOMPSON STAFFORD",1,"2.36.23",156.22999999999999,"Fastest",1]
[2007,"2007-08-05","TRF",null,"BRITTAIN SCOTT",2,"2.42.06",162.06,"Fastest",1]
[2007,"2007-08-05","TRF",null,"LEE PAUL",3,"2.49.21",169.21,"Fastest",3]
[2007,"2007-08-05","TRF",null,"BOSCHEN MATTHEW",4,"3.02.03",182.03,"",16]
[2007,"2007-08-05","TRF",null,"JENKINSON GARY",5,"3.12.39",192.39,"Fastest",1]
[2007,"2007-08-05","TRF",null,"HYNES SHANE",6,"3.16.23",196.23,"",9]
[2007,"2007-08-05","TRF",null,"GORDON TONY",7,"3.18.22",198.22,"",10]
[2007,"2007-08-05","TRF",null,"HOCKING ROBERT",8,"3.20.45",200.45,"",5]
[2007,"2007-08-05","TRF",null,"NORRIS BERNIE",9,"3.20.58",200.58,"",19]
[2007,"2007-08-05","TRF",null,"GALEA DAREN",10,"3.21.12",201.12,"Fastest",1]
[2007,"2007-08-05","TRF",null,"MUNRO STUART",11,"3.22.35",202.35,"Fastest",2]
[2007,"2007-08-05","TRF",null,"HUGHES TIMBO",12,"3.25.06",205.06,"Fastest",7]
[2007,"2007-08-05","TRF",null,"JELLEY SUSAN",13,"3.26.56",206.56,"Fastest",1]
[2007,"2007-08-05","TRF",null,"FELESINA TONY",14,"3.31.51",211.51,"",23]
[2007,"2007-08-05","TRF",null,"MORGAN ANNA",15,"3.34.10",214.1,"",5]
[2007,"2007-08-05","TRF",null,"BUGEJA JOHN",16,"3.34.33",214.33,"Fastest",1]
[2007,"2007-08-05","TRF",null,"CORDEROY BOB",17,"3.35.07",215.07,"",2]
[2007,"2007-08-05","TRF",null,"WINDLE DANNY",18,"3.35.18",215.18,"Fastest",1]
[2007,"2007-08-05","TRF",null,"WILLIAMS JOSHUA",19,"3.38.35",218.35,"",2]
[2007,"2007-08-05","TRF",null,"SAGER JULIE",20,"3.41.59",221.59,"Fastest",1]
[2007,"2007-08-05","TRF",null,"ALLEN GRAEME",21,"3.42.43",222.43,"Fastest",1]
[2007,"2007-08-05","TRF",null,"IRVING JENNIFER",22,"3.42.52",222.52,"",4]
[2007,"2007-08-05","TRF",null,"CLOSE KIM",23,"3.45.03",225.03,"Fastest",1]
[2007,"2007-08-05","TRF",null,"GOWER ADAM",24,"3.46.20",226.2,"Fastest",1]
[2007,"2007-08-05","TRF",null,"LINDSAY DAVID",25,"3.46.45",226.45,"Fastest",1]
[2007,"2007-08-05","TRF",null,"MURPHY AARON",26,"3.46.48",226.48,"",3]
[2007,"2007-08-05","TRF",null,"MENZIES DAMIEN",27,"3.49.11",229.11,"Fastest",1]
[2007,"2007-08-05","TRF",null,"JOHNSTON STEVIE",28,"3.51.13",231.13,"Fastest",1]
[2007,"2007-08-05","TRF",null,"MARRIOTT KRYSSI",29,"3.51.28",231.28,"",2]
[2007,"2007-08-05","TRF",null,"HARGREAVES BRUCE",30,"3.54.13",234.13,"Fastest",4]
[2007,"2007-08-05","TRF",null,"STASSEN VINCENT",31,"3.57.14",237.14,"Fastest",1]
[2007,"2007-08-05","TRF",null,"CORMACK SANDRA",32,"4.01.42",241.42,"Fastest",1]
[2007,"2007-08-05","TRF",null,"MATHEWS TANIA",33,"4.02.41",242.41,"Fastest",1]
[2007,"2007-08-05","TRF",null,"STEEL CORRIE",34,"4.09.46",249.46,"Fastest",1]
[2007,"2007-08-05","TRF",null,"FOTHERINGHAM JAMES",35,"4.14.01",254.01,"",2]
[2007,"2007-08-05","TRF",null,"GRIFFIN DONALD",36,"4.14.35",254.35,"Fastest",1]
[2007,"2007-08-05","TRF",null,"DAY ALEC",37,"4.14.58",254.58,"",2]
[2007,"2007-08-05","TRF",null,"CROUCH-CHIVERS PAUL",38,"4.19.36",259.36,"",13]
[2007,"2007-08-05","TRF",null,"HUANG DALE",39,"4.23.09",263.08999999999997,"",4]
[2007,"2007-08-05","TRF",null,"COYSH DAVID",40,"4.24.24",264.24,"",3]
[2007,"2007-08-05","TRF",null,"STAROSTKA MICHELE",41,"4.25.05",265.05,"Fastest",1]
[2007,"2007-08-05","TRF",null,"STAROSTKA CHRIS",42,"4.25.06",265.06,"Fastest",1]
[2007,"2007-08-05","TRF",null,"TITMUS STEVEN",43,"4.26.20",266.2,"",19]
[2007,"2007-08-05","TRF",null,"MITCHELL GLENDA",44,"4.28.01",268.01,"Fastest",1]
[2007,"2007-08-05","TRF",null,"MITCHELL WALTER",45,"4.28.01",268.01,"Fastest",1]
[2007,"2007-08-05","TRF",null,"GEEVES SCOTT",46,"4.30.36",270.36,"Fastest",1]
[2007,"2007-08-05","TRF",null,"COGHLAN JAMES",47,"4.34.50",274.5,"Fastest",1]
[2007,"2007-08-05","TRF",null,"HUTCHINSON DI",48,"4.51.35",291.35000000000002,"",3]
[2007,"2007-08-05","TRF",null,"DAVY PJ",49,"5.04.17",304.17,"Fastest",1]
[2007,"2007-08-05","TRF",null,"DAVY MARTIN",50,"5.04.18",304.18,"Fastest",1]
[2007,"2007-08-05","TRF",null,"CANNINGS DAVID",51,"5.11.04",311.04000000000002,"",21]
[2007,"2007-08-05","TRF",null,"LO ELSA",52,"5.13.48",313.48,"Fastest",3]
[2007,"2007-08-05","TRF",null,"SCHOUTEN MELANIE",53,"5.13.56",313.56,"Fastest",1]
[2007,"2007-08-05","TRF",null,"RUTHERFORD ROD",54,"5.18.19",318.19,"",14]
[2007,"2007-08-05","TRF",null,"SPOKES LEIGH",55,"5.56.15",356.15,"Fastest",1]
[2007,"2007-08-05","TRF",null,"SPOKES GRAHAM",56,"5.56.15",356.15,"Fastest",1]
[2008,"2008-08-03","TRF",null,"KRAKE MICK",1,"2.54.28",174.28,"Fastest",1]
[2008,"2008-08-03","TRF",null,"MCGANN JUSTIN",2,"2.54.44",174.44,"Fastest",3]
[2008,"2008-08-03","TRF",null,"CLIFFORD PETER",3,"2.57.17",177.17,"Fastest",1]
[2008,"2008-08-03","TRF",null,"BOSCHEN MATTHEW",4,"2.59.41",179.41,"Fastest",16]
[2008,"2008-08-03","TRF",null,"GAUDIN JAMES",5,"3.01.21",181.21,"Fastest",2]
[2008,"2008-08-03","TRF",null,"BROWN SCOTT",6,"3.05.39",185.39,"",3]
[2008,"2008-08-03","TRF",null,"BISH JOHN",7,"3.06.12",186.12,"",3]
[2008,"2008-08-03","TRF",null,"FRAZER JAEMIN",8,"3.07.02",187.02,"",6]
[2008,"2008-08-03","TRF",null,"WK-JEON HYUNG",9,"3.15.39",195.39,"Fastest",1]
[2008,"2008-08-03","TRF",null,"KUNZ KARL",10,"3.15.58",195.58,"Fastest",1]
[2008,"2008-08-03","TRF",null,"MCSWEENEY SIMON",11,"3.18.46",198.46,"",2]
[2008,"2008-08-03","TRF",null,"WILD REUBEN",12,"3.19.08",199.08,"Fastest",1]
[2008,"2008-08-03","TRF",null,"DEVINE SUE",13,"3.20.01",200.01,"Fastest",3]
[2008,"2008-08-03","TRF",null,"WHITTLE IVAN",14,"3.23.15",203.15,"Fastest",1]
[2008,"2008-08-03","TRF",null,"MCGANN CAROLINE",15,"3.24.34",204.34,"Fastest",2]
[2008,"2008-08-03","TRF",null,"CROWE SUSAN",16,"3.25.11",205.11,"",3]
[2008,"2008-08-03","TRF",null,"WATKINS MEREDITH",17,"3.27.06",207.06,"Fastest",2]
[2008,"2008-08-03","TRF",null,"HOCKING ROBERT",18,"3.27.24",207.24,"",5]
[2008,"2008-08-03","TRF",null,"DANELLO KATRINA",19,"3.29.03",209.03,"Fastest",1]
[2008,"2008-08-03","TRF",null,"FELESINA TONY",20,"3.29.32",209.32,"",23]
[2008,"2008-08-03","TRF",null,"NORRIS BERNIE",21,"3.31.51",211.51,"",19]
[2008,"2008-08-03","TRF",null,"MCLEAN GARY",22,"3.32.02",212.02,"Fastest",1]
[2008,"2008-08-03","TRF",null,"FURNELL JAMES",23,"3.32.37",212.37,"Fastest",1]
[2008,"2008-08-03","TRF",null,"MORGAN ANNA",24,"3.36.42",216.42,"",5]
[2008,"2008-08-03","TRF",null,"DONOGHUE MIKE",25,"3.38.47",218.47,"",8]
[2008,"2008-08-03","TRF",null,"STANTON GEOFF",26,"3.42.06",222.06,"",20]
[2008,"2008-08-03","TRF",null,"MARRIOTT KRYSSI",27,"3.43.37",223.37,"Fastest",2]
[2008,"2008-08-03","TRF",null,"MURPHY AARON",28,"3.44.12",224.12,"",3]
[2008,"2008-08-03","TRF",null,"HART BRIDGET",29,"3.44.47",224.47,"",5]
[2008,"2008-08-03","TRF",null,"HUGHES TIMBO",30,"3.45.11",225.11,"",7]
[2008,"2008-08-03","TRF",null,"SCHONFELDT-ROY SONJA",31,"3.45.16",225.16,"",5]
[2008,"2008-08-03","TRF",null,"MOUSTOUKAS ALLAN",32,"3.48.38",228.38,"",7]
[2008,"2008-08-03","TRF",null,"WALSH VANESSA",33,"3.49.05",229.05,"Fastest",1]
[2008,"2008-08-03","TRF",null,"LINDLEY JASON",34,"3.53.04",233.04,"Fastest",1]
[2008,"2008-08-03","TRF",null,"DERRY GEOFFREY",35,"3.53.24",233.24,"Fastest",1]
[2008,"2008-08-03","TRF",null,"FOTHERINGHAM JAMES",36,"3.55.15",235.15,"Fastest",2]
[2008,"2008-08-03","TRF",null,"OHTSUKI CHIKAKO",37,"3.56.15",236.15,"Fastest",1]
[2008,"2008-08-03","TRF",null,"BROWN TARYN",38,"3.56.42",236.42,"Fastest",1]
[2008,"2008-08-03","TRF",null,"PERKINS DAVE",39,"3.58.39",238.39,"",16]
[2008,"2008-08-03","TRF",null,"REAKES HAYDEN",40,"3.59.13",239.13,"Fastest",2]
[2008,"2008-08-03","TRF",null,"TITMUS STEVEN",41,"3.59.14",239.14,"",19]
[2008,"2008-08-03","TRF",null,"HUANG DALE",42,"4.00.19",240.19,"",4]
[2008,"2008-08-03","TRF",null,"RYAN GARY",43,"4.01.16",241.16,"Fastest",1]
[2008,"2008-08-03","TRF",null,"O'BRIEN ANDREW",44,"4.02.23",242.23,"",4]
[2008,"2008-08-03","TRF",null,"O'BRIEN SUE",45,"4.02.23",242.23,"",5]
[2008,"2008-08-03","TRF",null,"SCHMITT MARK",46,"4.03.17",243.17,"Fastest",1]
[2008,"2008-08-03","TRF",null,"GRIFFITHS CAROLYN",47,"4.10.45",250.45,"Fastest",1]
[2008,"2008-08-03","TRF",null,"MARONEY PAUL",48,"4.11.01",251.01,"Fastest",1]
[2008,"2008-08-03","TRF",null,"CRASE WAYNE",49,"4.12.58",252.58,"",12]
[2008,"2008-08-03","TRF",null,"FULLER KAREN",50,"4.13.05",253.05,"Fastest",1]
[2008,"2008-08-03","TRF",null,"SMITH ESTHER",51,"4.13.25",253.25,"",6]
[2008,"2008-08-03","TRF",null,"KING MICHAEL",52,"4.20.18",260.18,"Fastest",1]
[2008,"2008-08-03","TRF",null,"STURZAKER JANE",53,"4.21.45",261.45,"Fastest",6]
[2008,"2008-08-03","TRF",null,"LACEY REBECCA",54,"4.25.49",265.49,"Fastest",1]
[2008,"2008-08-03","TRF",null,"MULLEN ELIZABETH",55,"4.27.22",267.22000000000003,"Fastest",1]
[2008,"2008-08-03","TRF",null,"GLUER ROBERT",56,"4.28.17",268.17,"",2]
[2008,"2008-08-03","TRF",null,"LANSKY CATHERINE",57,"4.29.56",269.56,"Fastest",1]
[2008,"2008-08-03","TRF",null,"GARNER LAURA",58,"4.30.14",270.14,"Fastest",1]
[2008,"2008-08-03","TRF",null,"WILD KEVIN",59,"4.35.19",275.19,"",4]
[2008,"2008-08-03","TRF",null,"KEHOE MAJELLA",60,"4.35.39",275.39,"Fastest",1]
[2008,"2008-08-03","TRF",null,"CROUCH-CHIVERS PAUL",61,"4.38.15",278.14999999999998,"",13]
[2008,"2008-08-03","TRF",null,"BENN WAYNE",62,"4.39.29",279.29000000000002,"Fastest",1]
[2008,"2008-08-03","TRF",null,"BARRETT NEVILLE",63,"4.52.43",292.43,"Fastest",1]
[2008,"2008-08-03","TRF",null,"POTTER KEITH",64,"4.55.12",295.12,"Fastest",1]
[2008,"2008-08-03","TRF",null,"AKINS DANNY",65,"4.57.15",297.14999999999998,"",3]
[2008,"2008-08-03","TRF",null,"MECEDA EVE",66,"4.57.24",297.24,"Fastest",1]
[2008,"2008-08-03","TRF",null,"HOOKER TIMOTHY",67,"4.58.08",298.08,"Fastest",1]
[2008,"2008-08-03","TRF",null,"BEARHAM SCOTT",68,"5.06.03",306.02999999999997,"Fastest",1]
[2008,"2008-08-03","TRF",null,"LO ELSA",69,"5.16.55",316.55,"",3]
[2008,"2008-08-03","TRF",null,"COYSH DAVID",70,"5.21.07",321.07,"",3]
[2008,"2008-08-03","TRF",null,"GRACIA ADRIANA",71,"5.21.08",321.08,"Fastest",1]
[2008,"2008-08-03","TRF",null,"CANNINGS DAVID",72,"5.25.00",325,"",21]
[2008,"2008-08-03","TRF",null,"ALEXANDER KATHERINE",73,"5.36.07",336.07,"Fastest",1]
[2008,"2008-08-03","TRF",null,"MCMARTIN KERRY",74,"5.51.25",351.25,"Fastest",1]
[2008,"2008-08-03","TRF",null,"RUTHERFORD ROD",75,"5.53.42",353.42,"",14]
[2009,"2009-08-02","TRF",null,"CRINITI DAVID",1,"2.29.47",149.47,"",2]
[2009,"2009-08-02","TRF",null,"MULLEN ALAN",2,"2.40.57",160.57,"",4]
[2009,"2009-08-02","TRF",null,"BROWN SCOTT",3,"2.56.33",176.33,"",3]
[2009,"2009-08-02","TRF",null,"WESLAN ADAM",4,"3.02.04",182.04,"Fastest",1]
[2009,"2009-08-02","TRF",null,"MCSWEENEY SIMON",5,"3.04.56",184.56,"Fastest",2]
[2009,"2009-08-02","TRF",null,"MULLINS GREG",6,"3.06.19",186.19,"Fastest",1]
[2009,"2009-08-02","TRF",null,"NUTTALL JOHN",7,"3.07.11",187.11,"",14]
[2009,"2009-08-02","TRF",null,"MAGUIRE LIZ",8,"3.09.33",189.33,"",4]
[2009,"2009-08-02","TRF",null,"BOSCHEN MATTHEW",9,"3.11.05",191.05,"",16]
[2009,"2009-08-02","TRF",null,"NORTHFIELD RODNEY",10,"3.12.44",192.44,"",14]
[2009,"2009-08-02","TRF",null,"HYNES SHANE",11,"3.14.41",194.41,"",9]
[2009,"2009-08-02","TRF",null,"VIGERZI FRANK",12,"3.15.25",195.25,"",7]
[2009,"2009-08-02","TRF",null,"SPROTT GEOFFREY",13,"3.16.01",196.01,"Fastest",10]
[2009,"2009-08-02","TRF",null,"JENKINSON AMY",14,"3.16.58",196.58,"Fastest",1]
[2009,"2009-08-02","TRF",null,"ROWCLIFFE NAOMI",15,"3.17.35",197.35,"Fastest",1]
[2009,"2009-08-02","TRF",null,"RIDGWELL JAMES",16,"3.21.01",201.01,"Fastest",1]
[2009,"2009-08-02","TRF",null,"MURPHY AARON",17,"3.22.11",202.11,"Fastest",3]
[2009,"2009-08-02","TRF",null,"FELESINA TONY",18,"3.23.58",203.58,"",23]
[2009,"2009-08-02","TRF",null,"MCNAUGHT BOB",19,"3.26.56",206.56,"Fastest",1]
[2009,"2009-08-02","TRF",null,"HART BRIDGET",20,"3.29.18",209.18,"",5]
[2009,"2009-08-02","TRF",null,"MCFADZEN MARK",21,"3.29.24",209.24,"",5]
[2009,"2009-08-02","TRF",null,"SCHONFELDT-ROY SONJA",22,"3.29.44",209.44,"",5]
[2009,"2009-08-02","TRF",null,"HOCKING ROBERT",23,"3.32.29",212.29,"",5]
[2009,"2009-08-02","TRF",null,"PARE ROBERT",24,"3.33.42",213.42,"Fastest",1]
[2009,"2009-08-02","TRF",null,"QUINNEY DARRYL",25,"3.36.20",216.2,"",6]
[2009,"2009-08-02","TRF",null,"PERKINS DAVE",26,"3.36.48",216.48,"",16]
[2009,"2009-08-02","TRF",null,"MCKENZIE PETER R",27,"3.37.28",217.28,"Fastest",1]
[2009,"2009-08-02","TRF",null,"HOGGAN JOHN",28,"3.37.36",217.36,"Fastest",11]
[2009,"2009-08-02","TRF",null,"STANTON GEOFF",29,"3.37.51",217.51,"",20]
[2009,"2009-08-02","TRF",null,"VARDY RODNEY",30,"3.41.26",221.26,"Fastest",1]
[2009,"2009-08-02","TRF",null,"BROWN TREVOR",31,"3.42.00",222,"",6]
[2009,"2009-08-02","TRF",null,"BART ADAM",32,"3.43.44",223.44,"Fastest",1]
[2009,"2009-08-02","TRF",null,"HUTCHINSON SCOTT",33,"3.44.38",224.38,"Fastest",1]
[2009,"2009-08-02","TRF",null,"LYLE STEWART",34,"3.44.39",224.39,"Fastest",1]
[2009,"2009-08-02","TRF",null,"AINSCOUGH NICK",35,"3.44.48",224.48,"",3]
[2009,"2009-08-02","TRF",null,"HUGHES TIMBO",36,"3.45.26",225.26,"",7]
[2009,"2009-08-02","TRF",null,"ATKINSON CAMERON",37,"3.46.30",226.3,"Fastest",2]
[2009,"2009-08-02","TRF",null,"MULLINS NATALIE",38,"3.49.06",229.06,"Fastest",1]
[2009,"2009-08-02","TRF",null,"BAINES KESTER",39,"3.50.14",230.14,"",2]
[2009,"2009-08-02","TRF",null,"PATZOLD RICK",40,"3.51.14",231.14,"",10]
[2009,"2009-08-02","TRF",null,"CHURCH ANDREW",41,"3.53.22",233.22,"Fastest",1]
[2009,"2009-08-02","TRF",null,"SCHROEDER DEBBIE",42,"3.54.28",234.28,"Fastest",1]
[2009,"2009-08-02","TRF",null,"GLUER ROBERT",43,"3.55.32",235.32,"Fastest",2]
[2009,"2009-08-02","TRF",null,"CLAYTON CAMERON",44,"3.55.43",235.43,"",2]
[2009,"2009-08-02","TRF",null,"DAVIE GREGOR",45,"3.56.28",236.28,"Fastest",3]
[2009,"2009-08-02","TRF",null,"LEWIS AMELIA",46,"3.59.43",239.43,"Fastest",2]
[2009,"2009-08-02","TRF",null,"DUNBAR ADAM",47,"3.59.45",239.45,"Fastest",1]
[2009,"2009-08-02","TRF",null,"FAGG KEITH",48,"4.10.44",250.44,"",10]
[2009,"2009-08-02","TRF",null,"O'DONNELL COLIN",49,"4.11.43",251.43,"Fastest",1]
[2009,"2009-08-02","TRF",null,"EDMOND DEVITT",50,"4.14.10",254.1,"Fastest",1]
[2009,"2009-08-02","TRF",null,"TITMUS STEVEN",51,"4.14.33",254.33,"",19]
[2009,"2009-08-02","TRF",null,"ANDERSON KAY",52,"4.15.16",255.16,"Fastest",1]
[2009,"2009-08-02","TRF",null,"ANDERSON WAYNE JOHN",53,"4.17.12",257.12,"Fastest",1]
[2009,"2009-08-02","TRF",null,"RATTRAY MATTHEW",54,"4.20.55",260.55,"Fastest",1]
[2009,"2009-08-02","TRF",null,"SIWERSKI NICK",55,"4.23.56",263.56,"Fastest",1]
[2009,"2009-08-02","TRF",null,"LLOYD ROHAN",56,"4.27.20",267.2,"Fastest",1]
[2009,"2009-08-02","TRF",null,"CROUCH-CHIVERS PAUL",57,"4.27.52",267.52,"",13]
[2009,"2009-08-02","TRF",null,"BERTANI JOEL",58,"4.34.26",274.26,"Fastest",1]
[2009,"2009-08-02","TRF",null,"MARTIN JUSTIN",59,"4.35.04",275.04000000000002,"Fastest",1]
[2009,"2009-08-02","TRF",null,"CRASE WAYNE",60,"4.38.40",278.39999999999998,"",12]
[2009,"2009-08-02","TRF",null,"GRANT ALAN",61,"4.39.41",279.41000000000003,"Fastest",1]
[2009,"2009-08-02","TRF",null,"CRANER JEFF",62,"4.39.52",279.52,"Fastest",1]
[2009,"2009-08-02","TRF",null,"WILLIAMSON SALLY",63,"4.48.49",288.49,"Fastest",1]
[2009,"2009-08-02","TRF",null,"WILLIAMS TIM",64,"4.51.49",291.49,"Fastest",1]
[2009,"2009-08-02","TRF",null,"SAWYER JARROD",65,"4.51.49",291.49,"Fastest",1]
[2009,"2009-08-02","TRF",null,"ZIEMNICKI LEAH",66,"4.55.18",295.18,"Fastest",1]
[2009,"2009-08-02","TRF",null,"LEMANIS ANGELA",67,"4.57.31",297.31,"Fastest",1]
[2009,"2009-08-02","TRF",null,"WILD KEVIN",68,"5.08.34",308.33999999999997,"",4]
[2009,"2009-08-02","TRF",null,"CANNINGS DAVID",69,"5.16.53",316.52999999999997,"",21]
[2009,"2009-08-02","TRF",null,"GOODWIN TODD",70,"5.19.07",319.07,"Fastest",1]
[2009,"2009-08-02","TRF",null,"GRAHAM MARK",71,"5.19.07",319.07,"Fastest",1]
[2009,"2009-08-02","TRF",null,"GORDON-MAHONEY ANYA",72,"5.22.37",322.37,"Fastest",1]
[2009,"2009-08-02","TRF",null,"DAVIE MHAIRI",73,"6.12.53",372.53,"Fastest",1]
[2010,"2010-08-08","TRF",null,"KAHURYZI OSWALD",1,"2.24.28",144.28,"Fastest",1]
[2010,"2010-08-08","TRF",null,"BROWN SCOTT",2,"2.47.59",167.59,"Fastest",3]
[2010,"2010-08-08","TRF",null,"SCHAAF CONSTANTIN",3,"2.49.40",169.4,"Fastest",1]
[2010,"2010-08-08","TRF",null,"FRAZER JAEMIN",4,"2.51.01",171.01,"",6]
[2010,"2010-08-08","TRF",null,"JONES STEVE",5,"2.59.30",179.3,"",5]
[2010,"2010-08-08","TRF",null,"WHEELER PETER",6,"2.59.32",179.32,"Fastest",1]
[2010,"2010-08-08","TRF",null,"BISH JOHN",7,"3.00.30",180.3,"Fastest",3]
[2010,"2010-08-08","TRF",null,"VIGERZI FRANK",8,"3.03.42",183.42,"Fastest",7]
[2010,"2010-08-08","TRF",null,"MCFADZEN MARK",9,"3.04.40",184.4,"Fastest",5]
[2010,"2010-08-08","TRF",null,"NORRIS BERNIE",10,"3.11.32",191.32,"Fastest",19]
[2010,"2010-08-08","TRF",null,"SIMPSON JACK",11,"3.11.49",191.49,"Fastest",1]
[2010,"2010-08-08","TRF",null,"CARTER BEN",12,"3.11.51",191.51,"Fastest",3]
[2010,"2010-08-08","TRF",null,"HOCKING ROBERT",13,"3.12.36",192.36,"Fastest",5]
[2010,"2010-08-08","TRF",null,"LOCHARD ALAIN",14,"3.14.44",194.44,"",2]
[2010,"2010-08-08","TRF",null,"LESKE STUART",15,"3.15.01",195.01,"Fastest",1]
[2010,"2010-08-08","TRF",null,"NORTHFIELD RODNEY",16,"3.16.00",196,"",14]
[2010,"2010-08-08","TRF",null,"MITCHELL GREGOR",17,"3.21.33",201.33,"Fastest",1]
[2010,"2010-08-08","TRF",null,"PATZOLD RICK",18,"3.22.19",202.19,"Fastest",10]
[2010,"2010-08-08","TRF",null,"FELESINA TONY",19,"3.23.21",203.21,"",23]
[2010,"2010-08-08","TRF",null,"READ COLETTE",20,"3.23.29",203.29,"",12]
[2010,"2010-08-08","TRF",null,"SELMAN JASON",21,"3.24.09",204.09,"Fastest",2]
[2010,"2010-08-08","TRF",null,"NUTTALL JOHN",22,"3.27.22",207.22,"",14]
[2010,"2010-08-08","TRF",null,"PUNSHON MICHAEL",23,"3.28.25",208.25,"Fastest",2]
[2010,"2010-08-08","TRF",null,"MOINE HERVE",24,"3.29.07",209.07,"Fastest",1]
[2010,"2010-08-08","TRF",null,"WEBBER MEGAN",25,"3.31.22",211.22,"Fastest",2]
[2010,"2010-08-08","TRF",null,"PERKINS DAVE",26,"3.33.21",213.21,"",16]
[2010,"2010-08-08","TRF",null,"LOGAN BRENDAN",27,"3.33.27",213.27,"Fastest",1]
[2010,"2010-08-08","TRF",null,"GARRIGUES DAVID",28,"3.34.05",214.05,"Fastest",1]
[2010,"2010-08-08","TRF",null,"HEARN KENNY",29,"3.34.41",214.41,"Fastest",2]
[2010,"2010-08-08","TRF",null,"VAN DER MEER MARTIN",30,"3.35.41",215.41,"",2]
[2010,"2010-08-08","TRF",null,"KORMAN LUKE",31,"3.36.29",216.29,"Fastest",1]
[2010,"2010-08-08","TRF",null,"MENKENS MARGOT",32,"3.38.16",218.16,"Fastest",2]
[2010,"2010-08-08","TRF",null,"MCDONNELL PETER",33,"3.38.31",218.31,"Fastest",1]
[2010,"2010-08-08","TRF",null,"VAN VUUREN PIETER",34,"3.38.32",218.32,"Fastest",1]
[2010,"2010-08-08","TRF",null,"REDL NICKY",35,"3.38.38",218.38,"Fastest",1]
[2010,"2010-08-08","TRF",null,"IRVING JENNIFER",36,"3.39.13",219.13,"Fastest",4]
[2010,"2010-08-08","TRF",null,"SMITH DAVID",37,"3.39.50",219.5,"Fastest",1]
[2010,"2010-08-08","TRF",null,"AINSCOUGH NICK",38,"3.40.24",220.24,"Fastest",3]
[2010,"2010-08-08","TRF",null,"WOOD JOHANNA",39,"3.41.05",221.05,"Fastest",1]
[2010,"2010-08-08","TRF",null,"BAKER MATT",40,"3.41.56",221.56,"",9]
[2010,"2010-08-08","TRF",null,"STAATS JANET",41,"3.42.03",222.03,"Fastest",1]
[2010,"2010-08-08","TRF",null,"ROMEO MARIO",42,"3.43.31",223.31,"Fastest",1]
[2010,"2010-08-08","TRF",null,"GUY DAVID",43,"3.47.49",227.49,"Fastest",1]
[2010,"2010-08-08","TRF",null,"FAGG KEITH",44,"3.49.04",229.04,"Fastest",10]
[2010,"2010-08-08","TRF",null,"COOK GARY",45,"3.49.09",229.09,"Fastest",1]
[2010,"2010-08-08","TRF",null,"HUGHES TIMBO",46,"3.49.46",229.46,"",7]
[2010,"2010-08-08","TRF",null,"MCINNES SCOTT",47,"3.49.57",229.57,"Fastest",7]
[2010,"2010-08-08","TRF",null,"HUMPHREYS AMBER",48,"3.51.26",231.26,"Fastest",1]
[2010,"2010-08-08","TRF",null,"TURNBULL GLENN",49,"3.52.23",232.23,"Fastest",1]
[2010,"2010-08-08","TRF",null,"DOBSON JOHN",50,"3.53.12",233.12,"Fastest",1]
[2010,"2010-08-08","TRF",null,"PARTRIDGE TIM",51,"3.55.42",235.42,"Fastest",1]
[2010,"2010-08-08","TRF",null,"DAY ALEC",52,"3.56.01",236.01,"Fastest",2]
[2010,"2010-08-08","TRF",null,"O'BRIEN ANDREW",53,"3.58.58",238.58,"",4]
[2010,"2010-08-08","TRF",null,"O'BRIEN SUE",54,"3.58.58",238.58,"",5]
[2010,"2010-08-08","TRF",null,"STANTON GEOFF",55,"3.59.00",239,"",20]
[2010,"2010-08-08","TRF",null,"TITMUS STEVEN",56,"4.00.37",240.37,"",19]
[2010,"2010-08-08","TRF",null,"LARSEN JUNIA",57,"4.02.55",242.55,"Fastest",1]
[2010,"2010-08-08","TRF",null,"SPROTT GEOFFREY",58,"4.02.56",242.56,"",10]
[2010,"2010-08-08","TRF",null,"TUNNAH ALUN",59,"4.04.39",244.39,"Fastest",1]
[2010,"2010-08-08","TRF",null,"BORELLINI ALLISON",60,"4.04.55",244.55,"Fastest",1]
[2010,"2010-08-08","TRF",null,"DAVIE GREGOR",61,"4.05.17",245.17,"",3]
[2010,"2010-08-08","TRF",null,"STOREY LEANNE",62,"4.05.27",245.27,"Fastest",1]
[2010,"2010-08-08","TRF",null,"FANNING BRIAN",63,"4.06.48",246.48,"",3]
[2010,"2010-08-08","TRF",null,"DANELLO LEE",64,"4.06.49",246.49,"Fastest",1]
[2010,"2010-08-08","TRF",null,"BAWDEN DAVE",65,"4.08.24",248.24,"Fastest",1]
[2010,"2010-08-08","TRF",null,"NELSON LYNDSAY",66,"4.08.25",248.25,"Fastest",1]
[2010,"2010-08-08","TRF",null,"HESLOP IAN",67,"4.09.39",249.39,"Fastest",2]
[2010,"2010-08-08","TRF",null,"GRAHAM PAUL",68,"4.09.56",249.56,"Fastest",1]
[2010,"2010-08-08","TRF",null,"FERGUSON ANN",69,"4.09.57",249.57,"Fastest",1]
[2010,"2010-08-08","TRF",null,"HUANG CHING-TE",70,"4.12.32",252.32,"Fastest",1]
[2010,"2010-08-08","TRF",null,"BEAVIS DAVE",71,"4.13.47",253.47,"Fastest",1]
[2010,"2010-08-08","TRF",null,"GROUNDWATER DAVE",72,"4.14.35",254.35,"Fastest",1]
[2010,"2010-08-08","TRF",null,"ARCHER DEBORAH",73,"4.17.27",257.27,"Fastest",3]
[2010,"2010-08-08","TRF",null,"AYUKAI MISAKI",74,"4.18.00",258,"Fastest",1]
[2010,"2010-08-08","TRF",null,"BECK MALCOLM",75,"4.18.04",258.04000000000002,"Fastest",1]
[2010,"2010-08-08","TRF",null,"GOBBI ALDO",76,"4.18.10",258.10000000000002,"Fastest",1]
[2010,"2010-08-08","TRF",null,"BROOK DAVID",77,"4.20.00",260,"Fastest",1]
[2010,"2010-08-08","TRF",null,"HEISE CARLENE",78,"4.21.53",261.52999999999997,"Fastest",1]
[2010,"2010-08-08","TRF",null,"MUNRO STUART",79,"4.21.53",261.52999999999997,"",2]
[2010,"2010-08-08","TRF",null,"BENSON ROSS",80,"4.22.38",262.38,"Fastest",1]
[2010,"2010-08-08","TRF",null,"SHOEBRIDGE WAYNE",81,"4.23.35",263.35000000000002,"Fastest",1]
[2010,"2010-08-08","TRF",null,"POSTMA STEVE",82,"4.26.15",266.14999999999998,"Fastest",2]
[2010,"2010-08-08","TRF",null,"MALCOLM CRAIG",83,"4.27.10",267.10000000000002,"Fastest",1]
[2010,"2010-08-08","TRF",null,"HUMPHREYS GARETH",84,"4.27.09",267.08999999999997,"Fastest",1]
[2010,"2010-08-08","TRF",null,"CRASE WAYNE",85,"4.31.29",271.29000000000002,"",12]
[2010,"2010-08-08","TRF",null,"LEE JOSEPH",86,"4.38.09",278.08999999999997,"Fastest",1]
[2010,"2010-08-08","TRF",null,"BEATTIE THERESA",87,"4.38.43",278.43,"Fastest",1]
[2010,"2010-08-08","TRF",null,"RAWSTRON JANE",88,"4.40.09",280.08999999999997,"Fastest",1]
[2010,"2010-08-08","TRF",null,"HAWTHORN NATALIE",89,"4.42.06",282.06,"Fastest",1]
[2010,"2010-08-08","TRF",null,"MENKENS MARGOT",90,"4.45.24",285.24,"",2]
[2010,"2010-08-08","TRF",null,"SHOEBRIDGE JO",91,"4.49.33",289.33,"Fastest",1]
[2010,"2010-08-08","TRF",null,"PRALICA ELIZABETH",92,"4.49.33",289.33,"",2]
[2010,"2010-08-08","TRF",null,"GRUHN JOHN",93,"4.49.33",289.33,"",3]
[2010,"2010-08-08","TRF",null,"BAGENT ADRIAN",94,"4.51.41",291.41000000000003,"Fastest",1]
[2010,"2010-08-08","TRF",null,"LO TAI-HUA",95,"4.59.02",299.02,"Fastest",1]
[2010,"2010-08-08","TRF",null,"WILD KEVIN",96,"5.23.22",323.22000000000003,"",4]
[2010,"2010-08-08","TRF",null,"REYNOLDS HELEN",97,"5.24.54",324.54000000000002,"Fastest",1]
[2010,"2010-08-08","TRF",null,"RUTHERFORD ROD",98,"5.29.49",329.49,"",14]
[2010,"2010-08-08","TRF",null,"KAPA WARREN",99,"5.33.49",333.49,"",2]
[2010,"2010-08-08","TRF",null,"MAHER DEBBIE",100,"5.44.55",344.55,"Fastest",1]
[2010,"2010-08-08","TRF",null,"CANNINGS DAVID",101,"5.52.46",352.46,"",21]
[2011,"2011-08-07","TRF",null,"BANKS RICHARD",1,"2.47.15",167.15,"",9]
[2011,"2011-08-07","TRF",null,"WHITE CHRIS",2,"2.52.36",172.36,"Fastest",1]
[2011,"2011-08-07","TRF",null,"BANAGHAN GLENDA",3,"3.02.39",182.39,"Fastest",1]
[2011,"2011-08-07","TRF",null,"STEDMAN SAM",4,"3.03.40",183.4,"",5]
[2011,"2011-08-07","TRF",null,"GAUDIN JAMES",5,"3.04.00",184,"",2]
[2011,"2011-08-07","TRF",null,"COPP PHIL",6,"3.04.16",184.16,"",10]
[2011,"2011-08-07","TRF",null,"HYNES SHANE",7,"3.04.28",184.28,"",9]
[2011,"2011-08-07","TRF",null,"HOEY THOMAS",8,"3.05.10",185.1,"Fastest",1]
[2011,"2011-08-07","TRF",null,"BURNS TYSON",9,"3.08.26",188.26,"",3]
[2011,"2011-08-07","TRF",null,"NICHOLAS PAUL",10,"3.08.26",188.26,"Fastest",1]
[2011,"2011-08-07","TRF",null,"BOSCHEN MATTHEW",11,"3.09.23",189.23,"",16]
[2011,"2011-08-07","TRF",null,"CROWE SUSAN",12,"3.10.19",190.19,"Fastest",3]
[2011,"2011-08-07","TRF",null,"HERMANN MATT",13,"3.10.19",190.19,"Fastest",1]
[2011,"2011-08-07","TRF",null,"BISH JOHN",14,"3.10.26",190.26,"",3]
[2011,"2011-08-07","TRF",null,"LAMONT STRUAN",15,"3.15.35",195.35,"Fastest",1]
[2011,"2011-08-07","TRF",null,"MCFADZEN MARK",16,"3.15.38",195.38,"",5]
[2011,"2011-08-07","TRF",null,"READ COLETTE",17,"3.17.08",197.08,"",12]
[2011,"2011-08-07","TRF",null,"HAMS TIM",18,"3.19.17",199.17,"",3]
[2011,"2011-08-07","TRF",null,"TURNBULL DEAHNE",19,"3.21.06",201.06,"Fastest",1]
[2011,"2011-08-07","TRF",null,"CLAYTON CAMERON",20,"3.22.41",202.41,"Fastest",2]
[2011,"2011-08-07","TRF",null,"SPENCE AL",21,"3.23.39",203.39,"Fastest",2]
[2011,"2011-08-07","TRF",null,"PATZOLD RICK",22,"3.24.22",204.22,"",10]
[2011,"2011-08-07","TRF",null,"PERKINS DAVE",23,"3.24.31",204.31,"Fastest",16]
[2011,"2011-08-07","TRF",null,"WEST DANE",24,"3.27.37",207.37,"",4]
[2011,"2011-08-07","TRF",null,"BENNETT ELIZABETH",25,"3.28.26",208.26,"Fastest",1]
[2011,"2011-08-07","TRF",null,"SIMMONS JON",26,"3.28.42",208.42,"Fastest",2]
[2011,"2011-08-07","TRF",null,"NORTHFIELD RODNEY",27,"3.29.01",209.01,"",14]
[2011,"2011-08-07","TRF",null,"ROBINSON BILL",28,"3.29.12",209.12,"",5]
[2011,"2011-08-07","TRF",null,"FELESINA TONY",29,"3.29.25",209.25,"",23]
[2011,"2011-08-07","TRF",null,"NORRIS BERNIE",30,"3.29.25",209.25,"",19]
[2011,"2011-08-07","TRF",null,"GARNETT ADRIAN",31,"3.30.02",210.02,"",2]
[2011,"2011-08-07","TRF",null,"MOUSTOUKAS ALLAN",32,"3.30.30",210.3,"",7]
[2011,"2011-08-07","TRF",null,"BAKER MATT",33,"3.31.06",211.06,"",9]
[2011,"2011-08-07","TRF",null,"SELMAN JASON",34,"3.31.13",211.13,"",2]
[2011,"2011-08-07","TRF",null,"HART BRIDGET",35,"3.31.42",211.42,"",5]
[2011,"2011-08-07","TRF",null,"CAVIN BEN",36,"3.34.38",214.38,"Fastest",1]
[2011,"2011-08-07","TRF",null,"BAINES KESTER",37,"3.35.34",215.34,"Fastest",2]
[2011,"2011-08-07","TRF",null,"TITMUS STEVEN",38,"3.35.38",215.38,"Fastest",19]
[2011,"2011-08-07","TRF",null,"HENDERSON ANTHEA",39,"3.35.58",215.58,"Fastest",2]
[2011,"2011-08-07","TRF",null,"LIGHTFOOT JULIE",40,"3.37.00",217,"",2]
[2011,"2011-08-07","TRF",null,"HORN MICHAEL",41,"3.38.45",218.45,"Fastest",1]
[2011,"2011-08-07","TRF",null,"HEARN KENNY",42,"3.40.30",220.3,"",2]
[2011,"2011-08-07","TRF",null,"TRACEY KRISTINE",43,"3.41.56",221.56,"Fastest",1]
[2011,"2011-08-07","TRF",null,"GEIGER MARTIN",44,"3.42.21",222.21,"Fastest",1]
[2011,"2011-08-07","TRF",null,"DI COSTANZO FRANÇOIS",45,"3.42.29",222.29,"Fastest",1]
[2011,"2011-08-07","TRF",null,"SPROTT GEOFFREY",46,"3.43.23",223.23,"",10]
[2011,"2011-08-07","TRF",null,"FITZSIMMONS MICHAEL",47,"3.43.39",223.39,"",9]
[2011,"2011-08-07","TRF",null,"HUNDERTMARK MICHAELA",48,"3.44.06",224.06,"Fastest",1]
[2011,"2011-08-07","TRF",null,"DAY JARED",49,"3.45.20",225.2,"Fastest",2]
[2011,"2011-08-07","TRF",null,"PERKINS SAMUEL",50,"3.45.45",225.45,"Fastest",1]
[2011,"2011-08-07","TRF",null,"KIEFER HARTMUTH",51,"3.46.39",226.39,"Fastest",1]
[2011,"2011-08-07","TRF",null,"SINGLE RICKIE",52,"3.47.02",227.02,"Fastest",1]
[2011,"2011-08-07","TRF",null,"BAKURSKI CARMEL",53,"3.47.20",227.2,"Fastest",1]
[2011,"2011-08-07","TRF",null,"PREIN JONAS",54,"3.48.02",228.02,"Fastest",1]
[2011,"2011-08-07","TRF",null,"ILLES TIMOTHY",55,"3.49.20",229.2,"Fastest",1]
[2011,"2011-08-07","TRF",null,"WINGREEN CAROL",56,"3.49.50",229.5,"Fastest",1]
[2011,"2011-08-07","TRF",null,"WEBBER MEGAN",57,"3.51.03",231.03,"",2]
[2011,"2011-08-07","TRF",null,"BREADSELL GRANT",58,"3.52.03",232.03,"Fastest",1]
[2011,"2011-08-07","TRF",null,"CAMPBELL PETER",59,"3.52.31",232.31,"Fastest",2]
[2011,"2011-08-07","TRF",null,"FANNING BRIAN",60,"3.53.13",233.13,"Fastest",3]
[2011,"2011-08-07","TRF",null,"PATANE NADINE",61,"3.54.17",234.17,"Fastest",1]
[2011,"2011-08-07","TRF",null,"MILLER ANNE",62,"3.54.20",234.2,"Fastest",2]
[2011,"2011-08-07","TRF",null,"BURKE JEFFREY",63,"3.57.03",237.03,"Fastest",1]
[2011,"2011-08-07","TRF",null,"TRUEBODY LUKE",64,"3.57.21",237.21,"Fastest",1]
[2011,"2011-08-07","TRF",null,"FAGG KEITH",65,"3.57.43",237.43,"",10]
[2011,"2011-08-07","TRF",null,"DAVIES GLEN",66,"3.58.10",238.1,"",2]
[2011,"2011-08-07","TRF",null,"COWEN MICHAEL",67,"3.59.20",239.2,"Fastest",1]
[2011,"2011-08-07","TRF",null,"MCDONALD DAVID",68,"3.59.22",239.22,"Fastest",1]
[2011,"2011-08-07","TRF",null,"SCHAFRANEK VANESSA",69,"4.00.17",240.17,"Fastest",1]
[2011,"2011-08-07","TRF",null,"CHASSEUIL GEORGES",70,"4.03.50",243.5,"Fastest",1]
[2011,"2011-08-07","TRF",null,"GUILLOT STPHANE",71,"4.04.11",244.11,"Fastest",1]
[2011,"2011-08-07","TRF",null,"MCINNES SCOTT",72,"4.05.32",245.32,"",7]
[2011,"2011-08-07","TRF",null,"LUDEWIG RALF",73,"4.05.40",245.4,"Fastest",1]
[2011,"2011-08-07","TRF",null,"DOUGHERTY PETE",74,"4.05.47",245.47,"",2]
[2011,"2011-08-07","TRF",null,"HUGHES TIMBO",75,"4.07.14",247.14,"",7]
[2011,"2011-08-07","TRF",null,"BROSTROM ELDERENE",76,"4.07.59",247.59,"",11]
[2011,"2011-08-07","TRF",null,"WHARTON DAVE",77,"4.08.44",248.44,"",6]
[2011,"2011-08-07","TRF",null,"ARCHER CHRIS",78,"4.09.36",249.36,"Fastest",1]
[2011,"2011-08-07","TRF",null,"HARGREAVES BRUCE",79,"4.15.09",255.09,"",4]
[2011,"2011-08-07","TRF",null,"WALSH SHANE",80,"4.15.58",255.58,"Fastest",1]
[2011,"2011-08-07","TRF",null,"TESSIER CHRISTIAN",81,"4.17.11",257.11,"Fastest",1]
[2011,"2011-08-07","TRF",null,"O'BRIEN ANDREW",82,"4.17.43",257.43,"",4]
[2011,"2011-08-07","TRF",null,"O'BRIEN SUE",83,"4.17.43",257.43,"",5]
[2011,"2011-08-07","TRF",null,"CRASE WAYNE",84,"4.18.19",258.19,"",12]
[2011,"2011-08-07","TRF",null,"DAVIE GREGOR",85,"4.18.47",258.47000000000003,"",3]
[2011,"2011-08-07","TRF",null,"FERDINANDS KAREN",86,"4.19.31",259.31,"Fastest",1]
[2011,"2011-08-07","TRF",null,"SHIRLAW ROBYN",87,"4.19.31",259.31,"Fastest",1]
[2011,"2011-08-07","TRF",null,"SPERLING DAVID",88,"4.19.46",259.45999999999998,"Fastest",1]
[2011,"2011-08-07","TRF",null,"SPIVEY CHRIS",89,"4.21.03",261.02999999999997,"Fastest",1]
[2011,"2011-08-07","TRF",null,"STANTON GEOFF",90,"4.22.44",262.44,"",20]
[2011,"2011-08-07","TRF",null,"RODSJO KENT",91,"4.23.48",263.48,"Fastest",1]
[2011,"2011-08-07","TRF",null,"MORTON ALASTAIR",92,"4.25.43",265.43,"Fastest",1]
[2011,"2011-08-07","TRF",null,"CRUZEL CHRISTOPHE",93,"4.26.10",266.10000000000002,"Fastest",1]
[2011,"2011-08-07","TRF",null,"HORN ANGELA",94,"4.26.10",266.10000000000002,"Fastest",1]
[2011,"2011-08-07","TRF",null,"STEVENS ADAM",95,"4.26.23",266.23,"Fastest",1]
[2011,"2011-08-07","TRF",null,"LUCK JODIE",96,"4.26.42",266.42,"Fastest",1]
[2011,"2011-08-07","TRF",null,"STURZAKER JANE",97,"4.27.42",267.42,"",6]
[2011,"2011-08-07","TRF",null,"LAMPERD JAMIE",98,"4.30.47",270.47000000000003,"Fastest",1]
[2011,"2011-08-07","TRF",null,"CHOUKROUN SYLVIE",99,"4.31.57",271.57,"Fastest",1]
[2011,"2011-08-07","TRF",null,"SMITH ANDY",100,"4.36.45",276.45,"Fastest",1]
[2011,"2011-08-07","TRF",null,"BOSWORTH GEORGINA LOUISE",101,"4.37.09",277.08999999999997,"Fastest",1]
[2011,"2011-08-07","TRF",null,"ARCHER DEBORAH",102,"4.37.18",277.18,"",3]
[2011,"2011-08-07","TRF",null,"MARTINEZ BRIAN",103,"4.38.48",278.48,"Fastest",1]
[2011,"2011-08-07","TRF",null,"SIMMONS SALLY",104,"4.39.18",279.18,"Fastest",2]
[2011,"2011-08-07","TRF",null,"BURROWS DAMIEN",105,"4.39.46",279.45999999999998,"",3]
[2011,"2011-08-07","TRF",null,"BEKEDORF JOACHIM",106,"4.42.20",282.2,"Fastest",1]
[2011,"2011-08-07","TRF",null,"ZEISNER GERHARD",107,"4.42.20",282.2,"Fastest",1]
[2011,"2011-08-07","TRF",null,"PELTIER HELYETTE",108,"4.42.20",282.2,"Fastest",1]
[2011,"2011-08-07","TRF",null,"TURNBULL ROWEN",109,"4.42.30",282.3,"Fastest",1]
[2011,"2011-08-07","TRF",null,"HATCH DEREK",110,"4.43.38",283.38,"Fastest",1]
[2011,"2011-08-07","TRF",null,"GALE JOHN",111,"4.44.47",284.47000000000003,"Fastest",1]
[2011,"2011-08-07","TRF",null,"SNELLING BRENTON",112,"4.50.41",290.41000000000003,"Fastest",1]
[2011,"2011-08-07","TRF",null,"GRASPERGE EVELYNE",113,"4.50.50",290.5,"Fastest",1]
[2011,"2011-08-07","TRF",null,"MORTON OWEN",114,"4.53.00",293,"Fastest",1]
[2011,"2011-08-07","TRF",null,"CHASSEUIL PATRICIA",115,"4.54.18",294.18,"Fastest",1]
[2011,"2011-08-07","TRF",null,"PFLIEGER HUGUES",116,"4.55.08",295.08,"Fastest",1]
[2011,"2011-08-07","TRF",null,"NEL PIETER",117,"4.57.40",297.39999999999998,"Fastest",1]
[2011,"2011-08-07","TRF",null,"SMITH AARON",118,"4.58.00",298,"",2]
[2011,"2011-08-07","TRF",null,"CANNINGS DAVID",119,"4.58.43",298.43,"",21]
[2011,"2011-08-07","TRF",null,"HYDE JEVYN",120,"5.08.47",308.47000000000003,"",4]
[2011,"2011-08-07","TRF",null,"BARNES REBECCA",121,"5.10.07",310.07,"Fastest",1]
[2011,"2011-08-07","TRF",null,"MCOMBER CASSIDY",122,"5.11.39",311.39,"Fastest",1]
[2011,"2011-08-07","TRF",null,"IRELAND LARA",123,"5.14.05",314.05,"Fastest",1]
[2011,"2011-08-07","TRF",null,"KOTULSKI ANDREW",124,"5.14.22",314.22000000000003,"Fastest",1]
[2011,"2011-08-07","TRF",null,"NING ROSANNE (ROSIE)",125,"5.15.12",315.12,"Fastest",1]
[2011,"2011-08-07","TRF",null,"LABUSCHAGNE CELESTE",126,"5.16.32",316.32,"Fastest",1]
[2011,"2011-08-07","TRF",null,"LABUSCHAGNE ROSEMARIE",127,"5.16.32",316.32,"",5]
[2011,"2011-08-07","TRF",null,"POLETTI ALANA",128,"5.21.46",321.45999999999998,"",7]
[2011,"2011-08-07","TRF",null,"POLLARD MIKE",129,"5.25.33",325.33,"Fastest",1]
[2011,"2011-08-07","TRF",null,"APONTE JUAN",130,"5.38.14",338.14,"Fastest",1]
[2011,"2011-08-07","TRF",null,"RUTHERFORD ROD",131,"6.14.47",374.47,"",14]
[2011,"2011-08-07","TRF",null,"DAVIS ELIZABETH",132,"6.17.30",377.3,"Fastest",1]
[2011,"2011-08-07","TRF",null,"WHITFIELD DIANDRA",133,"6.17.30",377.3,"Fastest",1]
[2011,"2011-08-07","TRF",null,"MOUSTOUKAS ALLAN","DNF","DNF","DNF","",7]
[2012,"2012-08-01","TRF",null,"YAMADA MASAHITO",1,"2.38.20",158.19999999999999,"Fastest",1]
[2012,"2012-08-01","TRF",null,"YOSHIMATSU HISAE",2,"2.40.52",160.52000000000001,"Fastest",1]
[2012,"2012-08-01","TRF",null,"JONES STEVE",3,"2.44.15",164.15,"",5]
[2012,"2012-08-01","TRF",null,"STEDMAN SAM",4,"2.45.24",165.24,"",5]
[2012,"2012-08-01","TRF",null,"FRAZER JAEMIN",5,"2.46.45",166.45,"Fastest",6]
[2012,"2012-08-01","TRF",null,"BANKS RICHARD",6,"2.48.50",168.5,"",9]
[2012,"2012-08-01","TRF",null,"ROBINSON GLEN",7,"2.57.05",177.05,"Fastest",2]
[2012,"2012-08-01","TRF",null,"BUCHHOLZ MARK",8,"3.01.00",181,"Fastest",1]
[2012,"2012-08-01","TRF",null,"BAKER(2) MATT",9,"3.02.11",182.11,"Fastest",1]
[2012,"2012-08-01","TRF",null,"HYNES SHANE",10,"3.02.13",182.13,"Fastest",9]
[2012,"2012-08-01","TRF",null,"VIGERZI FRANK",11,"3.04.00",184,"",7]
[2012,"2012-08-01","TRF",null,"MUROI MICHIHITO",12,"3.05.29",185.29,"Fastest",1]
[2012,"2012-08-01","TRF",null,"RAILTON GRAEME",13,"3.05.40",185.4,"Fastest",1]
[2012,"2012-08-01","TRF",null,"BOSCHEN MATTHEW",14,"3.06.53",186.53,"",16]
[2012,"2012-08-01","TRF",null,"BURNS TYSON",15,"3.08.00",188,"Fastest",3]
[2012,"2012-08-01","TRF",null,"HILTON JAMES",16,"3.08.05",188.05,"Fastest",1]
[2012,"2012-08-01","TRF",null,"HAERTSCH ROBERT",17,"3.08.32",188.32,"Fastest",1]
[2012,"2012-08-01","TRF",null,"QUAGLIOTTO EVAN",18,"3.08.59",188.59,"Fastest",2]
[2012,"2012-08-01","TRF",null,"READ COLETTE",19,"3.11.31",191.31,"Fastest",12]
[2012,"2012-08-01","TRF",null,"NEIMANIS PETER",20,"3.11.45",191.45,"",8]
[2012,"2012-08-01","TRF",null,"MCFADZEN MARK",21,"3.13.00",193,"",5]
[2012,"2012-08-01","TRF",null,"VAN DER MEER MARTIN",22,"3.14.51",194.51,"Fastest",2]
[2012,"2012-08-01","TRF",null,"CARTER BEN",23,"3.14.57",194.57,"",3]
[2012,"2012-08-01","TRF",null,"KAZAMA YOICHI",24,"3.15.28",195.28,"Fastest",1]
[2012,"2012-08-01","TRF",null,"BUTLER RYAN",25,"3.15.54",195.54,"Fastest",1]
[2012,"2012-08-01","TRF",null,"HAMS TIM",26,"3.16.23",196.23,"",3]
[2012,"2012-08-01","TRF",null,"FITZSIMMONS MICHAEL",27,"3.16.27",196.27,"Fastest",9]
[2012,"2012-08-01","TRF",null,"COPP PHIL",28,"3.17.36",197.36,"",10]
[2012,"2012-08-01","TRF",null,"WINTER SARA",29,"3.18.35",198.35,"Fastest",1]
[2012,"2012-08-01","TRF",null,"WEST DANE",30,"3.21.38",201.38,"",4]
[2012,"2012-08-01","TRF",null,"BAKER MATT",31,"3.21.44",201.44,"Fastest",9]
[2012,"2012-08-01","TRF",null,"HART BRIDGET",32,"3.21.51",201.51,"Fastest",5]
[2012,"2012-08-01","TRF",null,"THOMAS BENJAMIN",33,"3.24.16",204.16,"Fastest",1]
[2012,"2012-08-01","TRF",null,"METTAM TIM",34,"3.24.29",204.29,"",4]
[2012,"2012-08-01","TRF",null,"CHARLES DANIEL",35,"3.24.30",204.3,"Fastest",1]
[2012,"2012-08-01","TRF",null,"SCULLY SAM",36,"3.25.54",205.54,"Fastest",1]
[2012,"2012-08-01","TRF",null,"ELLIOTT CLINTON",37,"3.26.19",206.19,"Fastest",1]
[2012,"2012-08-01","TRF",null,"GIBBIE JOHN",38,"3.27.00",207,"Fastest",2]
[2012,"2012-08-01","TRF",null,"PERKINS DAVE",39,"3.27.14",207.14,"",16]
[2012,"2012-08-01","TRF",null,"FELESINA TONY",40,"3.28.40",208.4,"",23]
[2012,"2012-08-01","TRF",null,"BETHUNE ROBERT",41,"3.28.51",208.51,"Fastest",1]
[2012,"2012-08-01","TRF",null,"CORRADI JASON",42,"3.29.46",209.46,"",3]
[2012,"2012-08-01","TRF",null,"TRISTRAM HAMISH",43,"3.30.19",210.19,"Fastest",1]
[2012,"2012-08-01","TRF",null,"SHANNON PATRICK",44,"3.31.31",211.31,"",5]
[2012,"2012-08-01","TRF",null,"THWAITES MICHAEL",45,"3.31.41",211.41,"Fastest",1]
[2012,"2012-08-01","TRF",null,"SPROTT GEOFFREY",46,"3.31.50",211.5,"",10]
[2012,"2012-08-01","TRF",null,"NIHEI TETSUYA",47,"3.31.58",211.58,"Fastest",1]
[2012,"2012-08-01","TRF",null,"NAKAJIMA MICHIKO",48,"3.31.58",211.58,"Fastest",1]
[2012,"2012-08-01","TRF",null,"ROBINSON BILL",49,"3.33.55",213.55,"",5]
[2012,"2012-08-01","TRF",null,"RYAN TAMARA",50,"3.34.06",214.06,"",9]
[2012,"2012-08-01","TRF",null,"BENNETT MARK",51,"3.34.13",214.13,"Fastest",1]
[2012,"2012-08-01","TRF",null,"HARRIS BRENT",52,"3.34.28",214.28,"Fastest",2]
[2012,"2012-08-01","TRF",null,"CHANNELLS DAVID",53,"3.35.18",215.18,"Fastest",1]
[2012,"2012-08-01","TRF",null,"BAULEKA JOELI",54,"3.37.57",217.57,"Fastest",1]
[2012,"2012-08-01","TRF",null,"BROWN TREVOR",55,"3.38.24",218.24,"",6]
[2012,"2012-08-01","TRF",null,"NORTHFIELD RODNEY",56,"3.39.17",219.17,"",14]
[2012,"2012-08-01","TRF",null,"DALL-HJORRING MICHAEL",57,"3.42.02",222.02,"Fastest",1]
[2012,"2012-08-01","TRF",null,"CARMAN JO",58,"3.42.25",222.25,"Fastest",1]
[2012,"2012-08-01","TRF",null,"KUSHIDA MEGUMI",59,"3.42.32",222.32,"Fastest",1]
[2012,"2012-08-01","TRF",null,"HILTON SHANE",60,"3.43.06",223.06,"Fastest",1]
[2012,"2012-08-01","TRF",null,"GUY WILLIAM",61,"3.43.13",223.13,"",4]
[2012,"2012-08-01","TRF",null,"O'BRIEN SUE",62,"3.43.15",223.15,"Fastest",5]
[2012,"2012-08-01","TRF",null,"O'BRIEN ANDREW",63,"3.43.17",223.17,"Fastest",4]
[2012,"2012-08-01","TRF",null,"GURNICK KARL",64,"3.43.33",223.33,"Fastest",1]
[2012,"2012-08-01","TRF",null,"EAGLES RUTH",65,"3.45.54",225.54,"",6]
[2012,"2012-08-01","TRF",null,"BULLEN RUTH",66,"3.46.49",226.49,"Fastest",1]
[2012,"2012-08-01","TRF",null,"GILBOY LARRY",67,"3.47.58",227.58,"",2]
[2012,"2012-08-01","TRF",null,"FOULKES WENDY",68,"3.47.58",227.58,"Fastest",1]
[2012,"2012-08-01","TRF",null,"BROWN NICHOLAS",69,"3.48.14",228.14,"Fastest",2]
[2012,"2012-08-01","TRF",null,"HOWES ANDREW",70,"3.48.42",228.42,"Fastest",1]
[2012,"2012-08-01","TRF",null,"POCOCK CHRIS",71,"3.49.17",229.17,"Fastest",3]
[2012,"2012-08-01","TRF",null,"FENTON MICHAEL",72,"3.49.17",229.17,"Fastest",1]
[2012,"2012-08-01","TRF",null,"ELLERSHAW ROBERT",73,"3.51.48",231.48,"Fastest",5]
[2012,"2012-08-01","TRF",null,"MILLER ANNE",74,"3.56.22",236.22,"",2]
[2012,"2012-08-01","TRF",null,"PUNSHON MICHAEL",75,"3.56.29",236.29,"",2]
[2012,"2012-08-01","TRF",null,"RUNDE GAVIN",76,"3.56.57",236.57,"Fastest",1]
[2012,"2012-08-01","TRF",null,"BERESFORD AYDEN",77,"3.57.43",237.43,"Fastest",1]
[2012,"2012-08-01","TRF",null,"CADELL STEVE",78,"3.58.24",238.24,"Fastest",1]
[2012,"2012-08-01","TRF",null,"DAY JARED",79,"3.59.10",239.1,"",2]
[2012,"2012-08-01","TRF",null,"DOUGHERTY PETE",80,"3.59.52",239.52,"Fastest",2]
[2012,"2012-08-01","TRF",null,"FRAZER IAN",81,"4.00.18",240.18,"",4]
[2012,"2012-08-01","TRF",null,"BROSTROM ELDERENE",82,"4.02.42",242.42,"",11]
[2012,"2012-08-01","TRF",null,"TITMUS STEVEN",83,"4.06.40",246.4,"",19]
[2012,"2012-08-01","TRF",null,"MORROW TRENT",84,"4.11.04",251.04,"Fastest",1]
[2012,"2012-08-01","TRF",null,"HOWELL TEGWEN",85,"4.12.31",252.31,"Fastest",2]
[2012,"2012-08-01","TRF",null,"BATHIS AARON",86,"4.13.13",253.13,"Fastest",1]
[2012,"2012-08-01","TRF",null,"THOMSON DAVID",87,"4.13.13",253.13,"Fastest",1]
[2012,"2012-08-01","TRF",null,"MELLINGER CATHERINE",88,"4.13.26",253.26,"Fastest",1]
[2012,"2012-08-01","TRF",null,"BUTLER MINETTE",89,"4.13.46",253.46,"Fastest",1]
[2012,"2012-08-01","TRF",null,"FLYNN-PITTAR DEE",90,"4.13.59",253.59,"",5]
[2012,"2012-08-01","TRF",null,"MORGAN PAULA",91,"4.14.17",254.17,"Fastest",1]
[2012,"2012-08-01","TRF",null,"ELMS DAVID",92,"4.14.30",254.3,"Fastest",5]
[2012,"2012-08-01","TRF",null,"COOK JADE",93,"4.16.03",256.02999999999997,"Fastest",1]
[2012,"2012-08-01","TRF",null,"HARGREAVES BRUCE",94,"4.16.06",256.06,"",4]
[2012,"2012-08-01","TRF",null,"MCINNES SCOTT",95,"4.16.24",256.24,"",7]
[2012,"2012-08-01","TRF",null,"HORNER ALES",96,"4.23.14",263.14,"Fastest",1]
[2012,"2012-08-01","TRF",null,"THOMPSON-LANG CHRIS",97,"4.24.03",264.02999999999997,"Fastest",1]
[2012,"2012-08-01","TRF",null,"MIKIC ADAM",98,"4.24.06",264.06,"Fastest",1]
[2012,"2012-08-01","TRF",null,"MCCABE JUSTIN",99,"4.25.35",265.35000000000002,"Fastest",1]
[2012,"2012-08-01","TRF",null,"O'CONNOR THERESA",100,"4.27.05",267.05,"",10]
[2012,"2012-08-01","TRF",null,"CRAWFORD LES",101,"4.27.38",267.38,"",2]
[2012,"2012-08-01","TRF",null,"BURROWS DAMIEN",102,"4.28.55",268.55,"Fastest",3]
[2012,"2012-08-01","TRF",null,"MCKEOWN HUGH",103,"4.29.02",269.02,"Fastest",1]
[2012,"2012-08-01","TRF",null,"DUDMAN CHRIS",104,"4.29.40",269.39999999999998,"",2]
[2012,"2012-08-01","TRF",null,"NORRIS BERNIE",105,"4.29.53",269.52999999999997,"",19]
[2012,"2012-08-01","TRF",null,"DU PLESSIS GERHARDUS",106,"4.30.43",270.43,"Fastest",1]
[2012,"2012-08-01","TRF",null,"DU PLESSIS CORNELIS",107,"4.30.43",270.43,"Fastest",1]
[2012,"2012-08-01","TRF",null,"ARCHER DEBORAH",108,"4.31.38",271.38,"",3]
[2012,"2012-08-01","TRF",null,"HEBB MICHAEL",109,"4.32.45",272.45,"Fastest",1]
[2012,"2012-08-01","TRF",null,"WOON CHEUNG CHAN KAREN",110,"4.33.12",273.12,"Fastest",3]
[2012,"2012-08-01","TRF",null,"HODGSON TARA",111,"4.35.18",275.18,"Fastest",1]
[2012,"2012-08-01","TRF",null,"RENKEN JO",112,"4.37.48",277.48,"Fastest",1]
[2012,"2012-08-01","TRF",null,"STANTON GEOFF",113,"4.40.04",280.04000000000002,"",20]
[2012,"2012-08-01","TRF",null,"LAWSON LORRAINE",114,"4.40.39",280.39,"",4]
[2012,"2012-08-01","TRF",null,"EASEY CINDY",115,"4.41.36",281.36,"Fastest",1]
[2012,"2012-08-01","TRF",null,"EDWARDS ALANNA",116,"4.42.28",282.27999999999997,"Fastest",1]
[2012,"2012-08-01","TRF",null,"REICHER BERNARD",117,"4.44.16",284.16000000000003,"Fastest",1]
[2012,"2012-08-01","TRF",null,"POSTMA STEVE",118,"4.55.10",295.10000000000002,"",2]
[2012,"2012-08-01","TRF",null,"PALFREY CHRIS",119,"4.55.58",295.58,"Fastest",2]
[2012,"2012-08-01","TRF",null,"MONKS JACINTA",120,"4.56.06",296.06,"Fastest",2]
[2012,"2012-08-01","TRF",null,"OTTO ANNALIESE",121,"4.56.07",296.07,"",3]
[2012,"2012-08-01","TRF",null,"PARKS MICHAEL",122,"5.01.53",301.52999999999997,"Fastest",1]
[2012,"2012-08-01","TRF",null,"LIM RUPERT",123,"5.01.54",301.54000000000002,"Fastest",1]
[2012,"2012-08-01","TRF",null,"BELL MARK",124,"5.04.39",304.39,"Fastest",1]
[2012,"2012-08-01","TRF",null,"FORSTER SAMANTHA",125,"5.04.55",304.55,"Fastest",1]
[2012,"2012-08-01","TRF",null,"CROUCH-CHIVERS PAUL",126,"5.10.39",310.39,"",13]
[2012,"2012-08-01","TRF",null,"LEONARDI FRED",127,"5.15.10",315.10000000000002,"Fastest",2]
[2012,"2012-08-01","TRF",null,"DOWD RODNEY",128,"5.15.23",315.23,"Fastest",1]
[2012,"2012-08-01","TRF",null,"GAINS TOMMY",129,"5.18.06",318.06,"Fastest",1]
[2012,"2012-08-01","TRF",null,"PAINE KEVIN",130,"5.22.50",322.5,"Fastest",1]
[2012,"2012-08-01","TRF",null,"CANNINGS DAVID",131,"5.24.46",324.45999999999998,"",21]
[2012,"2012-08-01","TRF",null,"POLETTI ALANA",132,"5.25.56",325.56,"",7]
[2012,"2012-08-01","TRF",null,"BONA CLARE",133,"5.29.22",329.22,"",2]
[2012,"2012-08-01","TRF",null,"RUYS JUANITA",134,"6.03.39",363.39,"Fastest",1]
[2012,"2012-08-01","TRF",null,"COBURN SUZANNE",135,"6.04.08",364.08,"Fastest",1]
[2012,"2012-08-01","TRF",null,"LEACH SANDY",136,"6.11.10",371.1,"Fastest",1]
[2012,"2012-08-01","TRF",null,"RUTHERFORD ROD",137,"6.16.29",376.29,"",14]
[2013,"2013-08-04","TRF",null,"PEARSON NEIL",1,"2.36.14",156.13999999999999,"Fastest",3]
[2013,"2013-08-04","TRF",null,"WAREHAM RAYMOND",2,"2.41.27",161.27000000000001,"Fastest",1]
[2013,"2013-08-04","TRF",null,"BANKS RICHARD",3,"2.42.52",162.52000000000001,"Fastest",9]
[2013,"2013-08-04","TRF",null,"NEMOTO YUTO",4,"2.48.01",168.01,"Fastest",1]
[2013,"2013-08-04","TRF",null,"PETERS RON",5,"2.48.35",168.35,"Fastest",1]
[2013,"2013-08-04","TRF",null,"HAWKSWORTH DANNY",6,"2.50.31",170.31,"",3]
[2013,"2013-08-04","TRF",null,"STEDMAN SAM",7,"2.53.55",173.55,"",5]
[2013,"2013-08-04","TRF",null,"WEST DANE",8,"2.56.27",176.27,"",4]
[2013,"2013-08-04","TRF",null,"ROBINSON GLEN",9,"3.01.26",181.26,"",2]
[2013,"2013-08-04","TRF",null,"HARDIMAN LUCIE",10,"3.04.13",184.13,"Fastest",1]
[2013,"2013-08-04","TRF",null,"BOSCHEN MATTHEW",11,"3.07.21",187.21,"",16]
[2013,"2013-08-04","TRF",null,"OTANI RUMI",12,"3.07.23",187.23,"Fastest",1]
[2013,"2013-08-04","TRF",null,"LENNON MARK",13,"3.10.08",190.08,"Fastest",2]
[2013,"2013-08-04","TRF",null,"WADE MARK",14,"3.15.10",195.1,"Fastest",1]
[2013,"2013-08-04","TRF",null,"HAMS TIM",15,"3.15.47",195.47,"Fastest",3]
[2013,"2013-08-04","TRF",null,"BUDDEN CRAIG",16,"3.16.27",196.27,"Fastest",1]
[2013,"2013-08-04","TRF",null,"VIGERZI FRANK",17,"3.18.35",198.35,"",7]
[2013,"2013-08-04","TRF",null,"CROWE SUSAN",18,"3.19.16",199.16,"",3]
[2013,"2013-08-04","TRF",null,"MURDOCH LINCOLN",19,"3.20.10",200.1,"Fastest",1]
[2013,"2013-08-04","TRF",null,"BOWREY IAN",20,"3.22.59",202.59,"",3]
[2013,"2013-08-04","TRF",null,"ROBINSON BILL",21,"3.23.13",203.13,"",5]
[2013,"2013-08-04","TRF",null,"CORRADI JASON",22,"3.23.13",203.13,"Fastest",3]
[2013,"2013-08-04","TRF",null,"METTAM TIM",23,"3.23.18",203.18,"",4]
[2013,"2013-08-04","TRF",null,"KIM JIN-YOUNG",24,"3.23.38",203.38,"Fastest",1]
[2013,"2013-08-04","TRF",null,"READ COLETTE",25,"3.23.39",203.39,"",12]
[2013,"2013-08-04","TRF",null,"HICKS BRIAN",26,"3.25.41",205.41,"Fastest",1]
[2013,"2013-08-04","TRF",null,"RICHARDSON PETER",27,"3.25.56",205.56,"Fastest",1]
[2013,"2013-08-04","TRF",null,"ADAMS STEVE",28,"3.26.41",206.41,"Fastest",1]
[2013,"2013-08-04","TRF",null,"SPROTT GEOFFREY",29,"3.26.47",206.47,"",10]
[2013,"2013-08-04","TRF",null,"FITZSIMMONS MICHAEL",30,"3.26.52",206.52,"",9]
[2013,"2013-08-04","TRF",null,"NUTTALL JOHN",31,"3.27.28",207.28,"",14]
[2013,"2013-08-04","TRF",null,"CONYERS CHRISTINE",32,"3.27.57",207.57,"Fastest",1]
[2013,"2013-08-04","TRF",null,"DALTON LAURENCE",33,"3.28.13",208.13,"Fastest",1]
[2013,"2013-08-04","TRF",null,"HART BRIDGET",34,"3.28.15",208.15,"",5]
[2013,"2013-08-04","TRF",null,"MCINTYRE JOSH",35,"3.28.51",208.51,"Fastest",1]
[2013,"2013-08-04","TRF",null,"PERKINS DAVE",36,"3.29.18",209.18,"",16]
[2013,"2013-08-04","TRF",null,"HUNT BLAIR",37,"3.29.34",209.34,"Fastest",1]
[2013,"2013-08-04","TRF",null,"FELESINA TONY",38,"3.34.11",214.11,"",23]
[2013,"2013-08-04","TRF",null,"NESVEDA PETER",39,"3.34.12",214.12,"Fastest",1]
[2013,"2013-08-04","TRF",null,"DONOGHUE MIKE",40,"3.36.57",216.57,"",8]
[2013,"2013-08-04","TRF",null,"QUAGLIOTTO EVAN",41,"3.37.28",217.28,"",2]
[2013,"2013-08-04","TRF",null,"SCHUTT BEN",42,"3.37.36",217.36,"Fastest",1]
[2013,"2013-08-04","TRF",null,"GUY WILLIAM",43,"3.38.39",218.39,"Fastest",4]
[2013,"2013-08-04","TRF",null,"LODWICK LISA",44,"3.41.07",221.07,"Fastest",1]
[2013,"2013-08-04","TRF",null,"PATZOLD RICK",45,"3.42.19",222.19,"",10]
[2013,"2013-08-04","TRF",null,"MALONE DEAN",46,"3.45.02",225.02,"Fastest",1]
[2013,"2013-08-04","TRF",null,"BAKER MATT",47,"3.45.25",225.25,"",9]
[2013,"2013-08-04","TRF",null,"NEL BILLY",48,"3.46.56",226.56,"Fastest",1]
[2013,"2013-08-04","TRF",null,"FOX ADAM",49,"3.47.05",227.05,"Fastest",2]
[2013,"2013-08-04","TRF",null,"PACEY CHRIS",50,"3.48.20",228.2,"Fastest",2]
[2013,"2013-08-04","TRF",null,"AINSCOUGH NICK",51,"3.49.48",229.48,"",3]
[2013,"2013-08-04","TRF",null,"MURPHY TIM",52,"3.50.57",230.57,"Fastest",1]
[2013,"2013-08-04","TRF",null,"DOHERTY BILL",53,"3.51.03",231.03,"Fastest",4]
[2013,"2013-08-04","TRF",null,"SHEERS MADELINE",54,"3.51.30",231.3,"Fastest",1]
[2013,"2013-08-04","TRF",null,"VICKERS VICKI",55,"3.52.58",232.58,"",6]
[2013,"2013-08-04","TRF",null,"TINDALL GRAEME",56,"3.53.07",233.07,"Fastest",3]
[2013,"2013-08-04","TRF",null,"RIGBY PAUL",57,"3.53.22",233.22,"Fastest",1]
[2013,"2013-08-04","TRF",null,"SHAO YIFENG",58,"3.53.56",233.56,"Fastest",1]
[2013,"2013-08-04","TRF",null,"NORTHFIELD RODNEY",59,"3.54.14",234.14,"",14]
[2013,"2013-08-04","TRF",null,"HATTON MAXIM",60,"3.55.28",235.28,"Fastest",1]
[2013,"2013-08-04","TRF",null,"FARLEY TRAVIS",61,"3.57.10",237.1,"Fastest",1]
[2013,"2013-08-04","TRF",null,"TITMUS STEVEN",62,"3.57.11",237.11,"",19]
[2013,"2013-08-04","TRF",null,"COLOMBO JOSH",63,"3.57.28",237.28,"Fastest",1]
[2013,"2013-08-04","TRF",null,"DE HAAN KIMBERLEY",64,"3.57.29",237.29,"Fastest",1]
[2013,"2013-08-04","TRF",null,"PARKER MARKHAM",65,"3.59.49",239.49,"Fastest",2]
[2013,"2013-08-04","TRF",null,"EY JASON",66,"3.59.52",239.52,"Fastest",1]
[2013,"2013-08-04","TRF",null,"BONANNO KIRSTIN",67,"4.05.46",245.46,"",2]
[2013,"2013-08-04","TRF",null,"ELLERSHAW ROBERT",68,"4.06.04",246.04,"",5]
[2013,"2013-08-04","TRF",null,"RIFAI BELINDA",69,"4.06.21",246.21,"Fastest",1]
[2013,"2013-08-04","TRF",null,"FRAZER IAN",70,"4.08.04",248.04,"",4]
[2013,"2013-08-04","TRF",null,"AQUILINA CHRISTA",71,"4.11.44",251.44,"Fastest",1]
[2013,"2013-08-04","TRF",null,"BAKER NICHOLE",72,"4.13.48",253.48,"",3]
[2013,"2013-08-04","TRF",null,"FANNING BRIAN",73,"4.13.50",253.5,"",3]
[2013,"2013-08-04","TRF",null,"SALAMA WISSAM",74,"4.13.54",253.54,"Fastest",1]
[2013,"2013-08-04","TRF",null,"DUIGNAN PAUL",75,"4.13.58",253.58,"Fastest",1]
[2013,"2013-08-04","TRF",null,"STANTON GEOFF",76,"4.14.49",254.49,"",20]
[2013,"2013-08-04","TRF",null,"DONELEY ELIZA",77,"4.15.41",255.41,"Fastest",1]
[2013,"2013-08-04","TRF",null,"YOUSSEF ELIAS",78,"4.15.43",255.43,"Fastest",1]
[2013,"2013-08-04","TRF",null,"NORRIS BERNIE",79,"4.16.08",256.08,"",19]
[2013,"2013-08-04","TRF",null,"CRASE WAYNE",80,"4.16.56",256.56,"",12]
[2013,"2013-08-04","TRF",null,"FAGG KEITH",81,"4.21.49",261.49,"",10]
[2013,"2013-08-04","TRF",null,"CAMERON DAVID",82,"4.23.14",263.14,"Fastest",1]
[2013,"2013-08-04","TRF",null,"HOGGAN JOHN",83,"4.23.35",263.35000000000002,"",11]
[2013,"2013-08-04","TRF",null,"BROWN TREVOR",84,"4.23.36",263.36,"",6]
[2013,"2013-08-04","TRF",null,"COPP PHIL",85,"4.23.36",263.36,"",10]
[2013,"2013-08-04","TRF",null,"NEIMANIS PETER",86,"4.23.37",263.37,"",8]
[2013,"2013-08-04","TRF",null,"MIFSUD RODNEY",87,"4.24.07",264.07,"Fastest",1]
[2013,"2013-08-04","TRF",null,"HUTCHINSON DI",88,"4.26.26",266.26,"",3]
[2013,"2013-08-04","TRF",null,"WATERS ALLISON",89,"4.27.16",267.16000000000003,"Fastest",1]
[2013,"2013-08-04","TRF",null,"DAVIDSON AROHA",90,"4.28.09",268.08999999999997,"Fastest",1]
[2013,"2013-08-04","TRF",null,"QIAN LIYING",91,"4.35.22",275.22000000000003,"Fastest",1]
[2013,"2013-08-04","TRF",null,"NEWTON PETER",92,"4.35.35",275.35000000000002,"",2]
[2013,"2013-08-04","TRF",null,"BROWN NICHOLAS",93,"4.37.50",277.5,"",2]
[2013,"2013-08-04","TRF",null,"KOMOTO SHUNYA",94,"4.38.08",278.08,"",5]
[2013,"2013-08-04","TRF",null,"STURZAKER JANE",95,"4.38.55",278.55,"",6]
[2013,"2013-08-04","TRF",null,"PETERSON JASON",96,"4.39.08",279.08,"",3]
[2013,"2013-08-04","TRF",null,"O'REILLY PHIL",97,"4.41.17",281.17,"",3]
[2013,"2013-08-04","TRF",null,"MCGRATH GARY",98,"4.45.21",285.20999999999998,"Fastest",1]
[2013,"2013-08-04","TRF",null,"LUCKEL DANIEL",99,"4.46.05",286.05,"Fastest",1]
[2013,"2013-08-04","TRF",null,"GOVEA PAOLA",100,"4.47.16",287.16000000000003,"Fastest",1]
[2013,"2013-08-04","TRF",null,"HUMPHREY JASON",101,"4.47.16",287.16000000000003,"Fastest",1]
[2013,"2013-08-04","TRF",null,"BURROWS DAMIEN",102,"4.47.30",287.3,"",3]
[2013,"2013-08-04","TRF",null,"DAY PAUL",103,"4.48.03",288.02999999999997,"",3]
[2013,"2013-08-04","TRF",null,"LETT FAITH",104,"4.49.27",289.27,"Fastest",1]
[2013,"2013-08-04","TRF",null,"POLETTI ALANA",105,"4.51.24",291.24,"",7]
[2013,"2013-08-04","TRF",null,"PORTER MARK",106,"4.52.16",292.16000000000003,"Fastest",1]
[2013,"2013-08-04","TRF",null,"SCHWARTZ JAKO",107,"4.56.33",296.33,"Fastest",1]
[2013,"2013-08-04","TRF",null,"WOOLVERIDGE GEORGIE",108,"4.59.09",299.08999999999997,"Fastest",1]
[2013,"2013-08-04","TRF",null,"MADDEN DAVID",109,"4.59.16",299.16000000000003,"Fastest",1]
[2013,"2013-08-04","TRF",null,"WHEELER JESS",110,"5.01.12",301.12,"Fastest",1]
[2013,"2013-08-04","TRF",null,"MILES LUKE",111,"5.10.12",310.12,"",2]
[2013,"2013-08-04","TRF",null,"ABEL CRAIG",112,"5.10.38",310.38,"Fastest",1]
[2013,"2013-08-04","TRF",null,"GULBINAS RAY",113,"5.11.25",311.25,"",2]
[2013,"2013-08-04","TRF",null,"GRIFFIN ELIZABETH",114,"5.14.19",314.19,"Fastest",1]
[2013,"2013-08-04","TRF",null,"STEWART REBECCA",115,"5.17.34",317.33999999999997,"Fastest",1]
[2013,"2013-08-04","TRF",null,"BOWEN ANNA",116,"5.20.57",320.57,"Fastest",1]
[2013,"2013-08-04","TRF",null,"NELSON MIRANDA",117,"5.22.10",322.10000000000002,"Fastest",1]
[2013,"2013-08-04","TRF",null,"CROUCH-CHIVERS PAUL",118,"5.23.47",323.47000000000003,"",13]
[2013,"2013-08-04","TRF",null,"MIFSUD ADRIANNE",119,"5.24.03",324.02999999999997,"Fastest",1]
[2013,"2013-08-04","TRF",null,"KILBY KATE",120,"5.24.13",324.13,"Fastest",1]
[2013,"2013-08-04","TRF",null,"MURCH ROBERT",121,"5.28.14",328.14,"Fastest",1]
[2013,"2013-08-04","TRF",null,"CANNINGS DAVID",122,"5.30.33",330.33,"",21]
[2013,"2013-08-04","TRF",null,"DAHN-HARVEY ANGELA",123,"5.31.55",331.55,"Fastest",1]
[2013,"2013-08-04","TRF",null,"SHERLOCK DANIELLE",124,"5.31.55",331.55,"Fastest",1]
[2013,"2013-08-04","TRF",null,"WALKOM BRENDAN",125,"5.56.03",356.03,"",6]
[2013,"2013-08-04","TRF",null,"WALSH KERRY",126,"5.56.03",356.03,"Fastest",1]
[2014,"2014-08-03","TRF",null,"ASHKETTLE BENJAMIN",1,"2.22.49",142.49,"Fastest",1]
[2014,"2014-08-03","TRF",null,"CRINITI DAVID",2,"2.27.07",147.07,"Fastest",2]
[2014,"2014-08-03","TRF",null,"DESSAIX-CHIN RUSSELL",3,"2.30.24",150.24,"Fastest",1]
[2014,"2014-08-03","TRF",null,"STEDMAN SAM",4,"2.43.28",163.28,"Fastest",5]
[2014,"2014-08-03","TRF",null,"PEARSON NEIL",5,"2.48.06",168.06,"",3]
[2014,"2014-08-03","TRF",null,"WEST DANE",6,"2.49.14",169.14,"Fastest",4]
[2014,"2014-08-03","TRF",null,"BANKS RICHARD",7,"2.50.30",170.3,"",9]
[2014,"2014-08-03","TRF",null,"FRAZER JAEMIN",8,"2.53.08",173.08,"",6]
[2014,"2014-08-03","TRF",null,"GORDON TONY",9,"2.53.43",173.43,"",10]
[2014,"2014-08-03","TRF",null,"BECK VICTORIA",10,"2.55.23",175.23,"Fastest",1]
[2014,"2014-08-03","TRF",null,"CAREY OLIVER",11,"2.59.21",179.21,"Fastest",4]
[2014,"2014-08-03","TRF",null,"BOSCHEN MATTHEW",12,"3.03.21",183.21,"",16]
[2014,"2014-08-03","TRF",null,"COPP PHIL",13,"3.03.57",183.57,"",10]
[2014,"2014-08-03","TRF",null,"SMYTHE LUKE",14,"3.06.46",186.46,"Fastest",1]
[2014,"2014-08-03","TRF",null,"CRINITI MELISSA",15,"3.09.17",189.17,"Fastest",1]
[2014,"2014-08-03","TRF",null,"HYNES SHANE",16,"3.11.44",191.44,"",9]
[2014,"2014-08-03","TRF",null,"BURNS TYSON",17,"3.12.02",192.02,"",3]
[2014,"2014-08-03","TRF",null,"VIGERZI FRANK",18,"3.12.12",192.12,"",7]
[2014,"2014-08-03","TRF",null,"HAHLOS ALEX",19,"3.14.14",194.14,"Fastest",1]
[2014,"2014-08-03","TRF",null,"READ COLETTE",20,"3.14.23",194.23,"",12]
[2014,"2014-08-03","TRF",null,"NEIMANIS PETER",21,"3.20.54",200.54,"",8]
[2014,"2014-08-03","TRF",null,"STAFFORD ERIN",22,"3.23.24",203.24,"Fastest",7]
[2014,"2014-08-03","TRF",null,"FORD GEOFF",23,"3.23.58",203.58,"Fastest",1]
[2014,"2014-08-03","TRF",null,"NUTTALL JOHN",24,"3.25.45",205.45,"",14]
[2014,"2014-08-03","TRF",null,"DEEN ROB",25,"3.26.36",206.36,"Fastest",1]
[2014,"2014-08-03","TRF",null,"BAKER MATT",26,"3.26.45",206.45,"",9]
[2014,"2014-08-03","TRF",null,"VON SENDEN DAVID",27,"3.27.15",207.15,"",4]
[2014,"2014-08-03","TRF",null,"HYDE JEVYN",28,"3.27.39",207.39,"Fastest",4]
[2014,"2014-08-03","TRF",null,"LIGHTFOOT JULIE",29,"3.28.53",208.53,"Fastest",2]
[2014,"2014-08-03","TRF",null,"POCOCK MICHAEL",30,"3.30.13",210.13,"Fastest",1]
[2014,"2014-08-03","TRF",null,"D'ALCORN SHANE",31,"3.33.01",213.01,"Fastest",1]
[2014,"2014-08-03","TRF",null,"SPARKES DAVID",32,"3.36.20",216.2,"Fastest",1]
[2014,"2014-08-03","TRF",null,"SPROTT GEOFFREY",33,"3.37.56",217.56,"",10]
[2014,"2014-08-03","TRF",null,"MARRINAN MICHAEL",34,"3.38.19",218.19,"Fastest",1]
[2014,"2014-08-03","TRF",null,"VICKERS VICKI",35,"3.38.28",218.28,"",6]
[2014,"2014-08-03","TRF",null,"ARDILL JOHN",36,"3.38.33",218.33,"Fastest",1]
[2014,"2014-08-03","TRF",null,"TIDMAS ADRIAN",37,"3.40.50",220.5,"",7]
[2014,"2014-08-03","TRF",null,"ELSDON-BELL ALAN",38,"3.42.49",222.49,"",2]
[2014,"2014-08-03","TRF",null,"SKINNER VICKI",39,"3.43.13",223.13,"Fastest",1]
[2014,"2014-08-03","TRF",null,"TURNER JOHN",40,"3.43.52",223.52,"Fastest",1]
[2014,"2014-08-03","TRF",null,"PERKINS DAVE",41,"3.45.10",225.1,"",16]
[2014,"2014-08-03","TRF",null,"BYRNE DONNA",42,"3.45.56",225.56,"Fastest",1]
[2014,"2014-08-03","TRF",null,"CASTELLO SHANAY",43,"3.47.39",227.39,"Fastest",2]
[2014,"2014-08-03","TRF",null,"RYAN TAMARA",44,"3.49.07",229.07,"",9]
[2014,"2014-08-03","TRF",null,"BUSHELL LINDA",45,"3.50.53",230.53,"Fastest",1]
[2014,"2014-08-03","TRF",null,"FOX ADAM",46,"3.51.37",231.37,"",2]
[2014,"2014-08-03","TRF",null,"SCOTT MICHELLE",47,"3.54.53",234.53,"",2]
[2014,"2014-08-03","TRF",null,"DAVIES GLEN",48,"3.56.53",236.53,"Fastest",2]
[2014,"2014-08-03","TRF",null,"DOHERTY BILL",49,"3.58.44",238.44,"",4]
[2014,"2014-08-03","TRF",null,"LUKE BENJAMIN",50,"3.59.44",239.44,"Fastest",1]
[2014,"2014-08-03","TRF",null,"O'SHEA MICHAEL",51,"4.00.04",240.04,"Fastest",1]
[2014,"2014-08-03","TRF",null,"PARKER MARKHAM",52,"4.00.39",240.39,"",2]
[2014,"2014-08-03","TRF",null,"DUDMAN CHRIS",53,"4.00.45",240.45,"Fastest",2]
[2014,"2014-08-03","TRF",null,"FLYNN-PITTAR DEE",54,"4.01.22",241.22,"Fastest",5]
[2014,"2014-08-03","TRF",null,"OBRIEN DAVID",55,"4.01.28",241.28,"Fastest",2]
[2014,"2014-08-03","TRF",null,"BOWIE HAYLEY",56,"4.01.35",241.35,"Fastest",1]
[2014,"2014-08-03","TRF",null,"ELLIOTT WARREN",57,"4.02.37",242.37,"Fastest",1]
[2014,"2014-08-03","TRF",null,"CORRIE KAREY",58,"4.02.52",242.52,"",2]
[2014,"2014-08-03","TRF",null,"GERSEKOWSKI TOM",59,"4.03.39",243.39,"",2]
[2014,"2014-08-03","TRF",null,"KING DAN",60,"4.03.53",243.53,"Fastest",1]
[2014,"2014-08-03","TRF",null,"VALENTINE JAMIE",61,"4.04.23",244.23,"Fastest",1]
[2014,"2014-08-03","TRF",null,"OKAMOTO DAISUKE",62,"4.04.32",244.32,"Fastest",1]
[2014,"2014-08-03","TRF",null,"BRERETON SARAH",63,"4.05.01",245.01,"",3]
[2014,"2014-08-03","TRF",null,"POCOCK CHRIS",64,"4.05.21",245.21,"",3]
[2014,"2014-08-03","TRF",null,"HILL GREG",65,"4.07.07",247.07,"Fastest",1]
[2014,"2014-08-03","TRF",null,"NORTHFIELD RODNEY",66,"4.07.36",247.36,"",14]
[2014,"2014-08-03","TRF",null,"LEONARD JAMES",67,"4.08.05",248.05,"",2]
[2014,"2014-08-03","TRF",null,"GUY WILLIAM",68,"4.08.55",248.55,"",4]
[2014,"2014-08-03","TRF",null,"LIGHTBOUND PAUL",69,"4.09.45",249.45,"Fastest",1]
[2014,"2014-08-03","TRF",null,"BAKER NICHOLE",70,"4.11.16",251.16,"Fastest",3]
[2014,"2014-08-03","TRF",null,"ALBERT RORY",71,"4.15.47",255.47,"Fastest",1]
[2014,"2014-08-03","TRF",null,"NEWTON PETER",72,"4.15.55",255.55,"Fastest",2]
[2014,"2014-08-03","TRF",null,"LUCAS SUSAN",73,"4.16.35",256.35000000000002,"Fastest",1]
[2014,"2014-08-03","TRF",null,"TODD ERIN",74,"4.18.07",258.07,"Fastest",1]
[2014,"2014-08-03","TRF",null,"WANG WENHONG",75,"4.19.13",259.13,"Fastest",1]
[2014,"2014-08-03","TRF",null,"TAYLOR CLAIRE",76,"4.20.07",260.07,"Fastest",1]
[2014,"2014-08-03","TRF",null,"SPENCELEY JAMIE",77,"4.21.35",261.35000000000002,"Fastest",1]
[2014,"2014-08-03","TRF",null,"BUTTIGIEG JASON",78,"4.21.44",261.44,"Fastest",1]
[2014,"2014-08-03","TRF",null,"NORRIS BERNIE",79,"4.23.06",263.06,"",19]
[2014,"2014-08-03","TRF",null,"O'CONNOR THERESA",80,"4.23.15",263.14999999999998,"",10]
[2014,"2014-08-03","TRF",null,"CRASE WAYNE",81,"4.23.23",263.23,"",12]
[2014,"2014-08-03","TRF",null,"TITMUS STEVEN",82,"4.23.23",263.23,"",19]
[2014,"2014-08-03","TRF",null,"BOWLES SIMONE",83,"4.23.26",263.26,"Fastest",1]
[2014,"2014-08-03","TRF",null,"FELESINA TONY",84,"4.23.41",263.41000000000003,"",23]
[2014,"2014-08-03","TRF",null,"PETERSON JASON",85,"4.25.23",265.23,"",3]
[2014,"2014-08-03","TRF",null,"REINKE MICHAEL",86,"4.25.30",265.3,"Fastest",2]
[2014,"2014-08-03","TRF",null,"MILES MARK",87,"4.26.12",266.12,"Fastest",1]
[2014,"2014-08-03","TRF",null,"TODD SCOTT",88,"4.26.30",266.3,"",2]
[2014,"2014-08-03","TRF",null,"JOHANSSON JOHN",89,"4.27.00",267,"Fastest",1]
[2014,"2014-08-03","TRF",null,"TINDALL GRAEME",90,"4.28.03",268.02999999999997,"",3]
[2014,"2014-08-03","TRF",null,"PACEY CHRIS",91,"4.28.31",268.31,"",2]
[2014,"2014-08-03","TRF",null,"TURNER GLEN",92,"4.29.56",269.56,"",3]
[2014,"2014-08-03","TRF",null,"MARTIN STEPHEN",93,"4.31.01",271.01,"Fastest",1]
[2014,"2014-08-03","TRF",null,"MCINNES SCOTT",94,"4.31.45",271.45,"",7]
[2014,"2014-08-03","TRF",null,"WOOLCOTT RAYMOND",95,"4.32.24",272.24,"Fastest",1]
[2014,"2014-08-03","TRF",null,"KOMOTO SHUNYA",96,"4.33.45",273.45,"",5]
[2014,"2014-08-03","TRF",null,"FITZSIMONS STEVEN",97,"4.33.53",273.52999999999997,"Fastest",1]
[2014,"2014-08-03","TRF",null,"GROVES TRENT",98,"4.35.28",275.27999999999997,"Fastest",1]
[2014,"2014-08-03","TRF",null,"TUDEHOPE GREG",99,"4.37.16",277.16000000000003,"",3]
[2014,"2014-08-03","TRF",null,"SMIT ANDRIES",100,"4.37.48",277.48,"Fastest",1]
[2014,"2014-08-03","TRF",null,"MOLL DEBRA",101,"4.38.25",278.25,"Fastest",1]
[2014,"2014-08-03","TRF",null,"GULBINAS RAY",102,"4.38.31",278.31,"Fastest",2]
[2014,"2014-08-03","TRF",null,"HARKER GLEN",103,"4.38.51",278.51,"Fastest",2]
[2014,"2014-08-03","TRF",null,"FORD SHANNON",104,"4.39.36",279.36,"Fastest",1]
[2014,"2014-08-03","TRF",null,"STANTON GEOFF",105,"4.40.12",280.12,"",20]
[2014,"2014-08-03","TRF",null,"ELLERSHAW ROBERT",106,"4.40.22",280.22000000000003,"",5]
[2014,"2014-08-03","TRF",null,"FAULKNER SALLY",107,"4.40.54",280.54000000000002,"Fastest",1]
[2014,"2014-08-03","TRF",null,"ELMS DAVID",108,"4.43.03",283.02999999999997,"",5]
[2014,"2014-08-03","TRF",null,"WALKOM BRENDAN",109,"4.43.28",283.27999999999997,"Fastest",6]
[2014,"2014-08-03","TRF",null,"MARUFF TIMOTHY",110,"4.44.44",284.44,"",4]
[2014,"2014-08-03","TRF",null,"O'REILLY PHIL",111,"4.44.56",284.56,"",3]
[2014,"2014-08-03","TRF",null,"MURTHA JULIE",112,"4.45.49",285.49,"Fastest",1]
[2014,"2014-08-03","TRF",null,"KERRISK JOHN",113,"4.46.23",286.23,"",4]
[2014,"2014-08-03","TRF",null,"SCHWARTZ GIDEON",114,"4.46.45",286.45,"Fastest",1]
[2014,"2014-08-03","TRF",null,"HOOD MARC",115,"4.49.35",289.35000000000002,"Fastest",4]
[2014,"2014-08-03","TRF",null,"LEWIS-STAPLETON LARA",116,"4.51.53",291.52999999999997,"Fastest",1]
[2014,"2014-08-03","TRF",null,"HARDIE CAM",117,"5.02.12",302.12,"Fastest",1]
[2014,"2014-08-03","TRF",null,"FORDHAM LEIGH",118,"5.02.16",302.16000000000003,"Fastest",1]
[2014,"2014-08-03","TRF",null,"XIE JINYI",119,"5.02.39",302.39,"Fastest",1]
[2014,"2014-08-03","TRF",null,"DENNIS CATHERINE",120,"5.14.12",314.12,"Fastest",1]
[2014,"2014-08-03","TRF",null,"KELLY MIRANDA",121,"5.14.18",314.18,"Fastest",1]
[2014,"2014-08-03","TRF",null,"CARLISLE KAREN",122,"5.16.28",316.27999999999997,"Fastest",1]
[2014,"2014-08-03","TRF",null,"HINKLEY DANIEL",123,"5.19.11",319.11,"Fastest",1]
[2014,"2014-08-03","TRF",null,"DIZON MARIA CELESTE",124,"5.20.01",320.01,"Fastest",1]
[2014,"2014-08-03","TRF",null,"SWAN SAM",125,"5.20.01",320.01,"Fastest",1]
[2014,"2014-08-03","TRF",null,"CONNOLLY MAIREAD",126,"5.22.03",322.02999999999997,"Fastest",1]
[2014,"2014-08-03","TRF",null,"NEIMANIS KATHLEEN",127,"5.22.12",322.12,"",2]
[2014,"2014-08-03","TRF",null,"HARRIS SCOTT",128,"5.22.59",322.58999999999997,"Fastest",1]
[2014,"2014-08-03","TRF",null,"NEIMANIS GRETA",129,"5.23.11",323.11,"",2]
[2014,"2014-08-03","TRF",null,"BISHOP KAY",130,"5.25.09",325.08999999999997,"Fastest",1]
[2014,"2014-08-03","TRF",null,"MARKIE NIEL",131,"5.26.33",326.33,"Fastest",1]
[2014,"2014-08-03","TRF",null,"FLYNN-PITTAR AJIA-MOON",132,"5.27.58",327.58,"",2]
[2014,"2014-08-03","TRF",null,"LIGHTBOUND BRIDIE",133,"5.34.42",334.42,"Fastest",1]
[2014,"2014-08-03","TRF",null,"GUINEA CHRISTY",134,"5.42.57",342.57,"Fastest",1]
[2014,"2014-08-03","TRF",null,"CANNINGS DAVID",135,"5.46.10",346.1,"",21]
[2014,"2014-08-03","TRF",null,"CROUCH-CHIVERS PAUL",136,"5.48.46",348.46,"",13]
[2014,"2014-08-03","TRF",null,"JOCUMSEN AMANDA",137,"5.48.54",348.54,"Fastest",1]
[2014,"2014-08-03","TRF",null,"SPENCELEY YVONNE",138,"5.53.05",353.05,"Fastest",1]
[2014,"2014-08-03","TRF",null,"AMOS BEAR",139,"5.57.38",357.38,"Fastest",1]
[2014,"2014-08-03","TRF",null,"LEONARDI FRED",140,"5.57.39",357.39,"",2]
[2014,"2014-08-03","TRF",null,"RUTHERFORD ROD",141,"6.05.48",365.48,"",14]
[2015,"2015-08-02","TRF",null,"CROWLEY SARAH",1,"2.52.59",172.59,"Fastest",1]
[2015,"2015-08-02","TRF",null,"SATO SHIGENOBU",2,"2.53.47",173.47,"Fastest",1]
[2015,"2015-08-02","TRF",null,"BANKS RICHARD",3,"2.59.52",179.52,"",9]
[2015,"2015-08-02","TRF",null,"COPP PHIL",4,"2.59.58",179.58,"Fastest",10]
[2015,"2015-08-02","TRF",null,"RICHARDSON MICHAEL",5,"3.00.30",180.3,"Fastest",1]
[2015,"2015-08-02","TRF",null,"MAGUIRE LIZ",6,"3.03.57",183.57,"",4]
[2015,"2015-08-02","TRF",null,"BOSCHEN MATTHEW",7,"3.06.45",186.45,"",16]
[2015,"2015-08-02","TRF",null,"CUNNINGHAM STEPHEN",8,"3.07.21",187.21,"Fastest",1]
[2015,"2015-08-02","TRF",null,"SELBY MEL",9,"3.07.27",187.27,"Fastest",1]
[2015,"2015-08-02","TRF",null,"COOPER BEN",10,"3.08.29",188.29,"Fastest",2]
[2015,"2015-08-02","TRF",null,"GORDON TONY",11,"3.10.51",190.51,"",10]
[2015,"2015-08-02","TRF",null,"TAYLOR RICHARD",12,"3.15.15",195.15,"Fastest",1]
[2015,"2015-08-02","TRF",null,"TONKIN COREY",13,"3.19.46",199.46,"Fastest",1]
[2015,"2015-08-02","TRF",null,"LENNON MARK",14,"3.20.03",200.03,"",2]
[2015,"2015-08-02","TRF",null,"STRIPP DEON",15,"3.20.26",200.26,"",3]
[2015,"2015-08-02","TRF",null,"METTAM TIM",16,"3.20.30",200.3,"Fastest",4]
[2015,"2015-08-02","TRF",null,"TINDALL JONATHAN",17,"3.21.11",201.11,"Fastest",1]
[2015,"2015-08-02","TRF",null,"ALLEN LISA",18,"3.22.29",202.29,"Fastest",1]
[2015,"2015-08-02","TRF",null,"CHATTERTON SUZANNE",19,"3.22.34",202.34,"Fastest",1]
[2015,"2015-08-02","TRF",null,"VON SENDEN DAVID",20,"3.23.02",203.02,"",4]
[2015,"2015-08-02","TRF",null,"STAFFORD ERIN",21,"3.23.59",203.59,"",7]
[2015,"2015-08-02","TRF",null,"MARTIN ROB",22,"3.24.22",204.22,"Fastest",1]
[2015,"2015-08-02","TRF",null,"READ COLETTE",23,"3.24.56",204.56,"",12]
[2015,"2015-08-02","TRF",null,"PRENTIS TONY",24,"3.24.59",204.59,"Fastest",1]
[2015,"2015-08-02","TRF",null,"PERKINS DAVE",25,"3.27.33",207.33,"",16]
[2015,"2015-08-02","TRF",null,"PELUCHETTI HAILEY",26,"3.27.56",207.56,"Fastest",1]
[2015,"2015-08-02","TRF",null,"ELSDON-BELL ALAN",27,"3.29.29",209.29,"Fastest",2]
[2015,"2015-08-02","TRF",null,"REID ANDREW",28,"3.29.34",209.34,"Fastest",1]
[2015,"2015-08-02","TRF",null,"ROBINSON BILL",29,"3.30.50",210.5,"",5]
[2015,"2015-08-02","TRF",null,"OBORNE TIM",30,"3.31.47",211.47,"Fastest",1]
[2015,"2015-08-02","TRF",null,"NUTTALL JOHN",31,"3.31.53",211.53,"",14]
[2015,"2015-08-02","TRF",null,"FORD MICHAEL",32,"3.32.51",212.51,"Fastest",1]
[2015,"2015-08-02","TRF",null,"BRHANE EKUBAY",33,"3.32.59",212.59,"Fastest",1]
[2015,"2015-08-02","TRF",null,"WERBELOFF GAVIN",34,"3.33.09",213.09,"Fastest",1]
[2015,"2015-08-02","TRF",null,"BAKER MATT",35,"3.33.15",213.15,"",9]
[2015,"2015-08-02","TRF",null,"FRASER LISA",36,"3.35.03",215.03,"Fastest",1]
[2015,"2015-08-02","TRF",null,"HYDE JEVYN",37,"3.35.22",215.22,"",4]
[2015,"2015-08-02","TRF",null,"SPROTT GEOFFREY",38,"3.36.05",216.05,"",10]
[2015,"2015-08-02","TRF",null,"MOORE STUART",39,"3.36.12",216.12,"Fastest",2]
[2015,"2015-08-02","TRF",null,"FLANDERS TONY",40,"3.36.13",216.13,"",2]
[2015,"2015-08-02","TRF",null,"NEL BELTHAZER",41,"3.36.36",216.36,"Fastest",1]
[2015,"2015-08-02","TRF",null,"JENSEN GARY",42,"3.36.51",216.51,"Fastest",1]
[2015,"2015-08-02","TRF",null,"FELS NICOLE",43,"3.37.29",217.29,"Fastest",2]
[2015,"2015-08-02","TRF",null,"GREAVES STUART",44,"3.37.50",217.5,"Fastest",1]
[2015,"2015-08-02","TRF",null,"GERSEKOWSKI TOM",45,"3.38.18",218.18,"Fastest",2]
[2015,"2015-08-02","TRF",null,"MASSON JOHN",46,"3.39.52",219.52,"Fastest",1]
[2015,"2015-08-02","TRF",null,"VICKERS VICKI",47,"3.39.57",219.57,"",6]
[2015,"2015-08-02","TRF",null,"UCHIOKE ASAMI",48,"3.40.12",220.12,"Fastest",1]
[2015,"2015-08-02","TRF",null,"TIDMAS ADRIAN",49,"3.40.49",220.49,"",7]
[2015,"2015-08-02","TRF",null,"CORRIE KAREY",50,"3.44.37",224.37,"Fastest",2]
[2015,"2015-08-02","TRF",null,"HUMBER JUSTIN",51,"3.44.40",224.4,"",2]
[2015,"2015-08-02","TRF",null,"LANGLEY OWEN",52,"3.44.54",224.54,"Fastest",1]
[2015,"2015-08-02","TRF",null,"MCQUEEN WAYNE",53,"3.45.19",225.19,"Fastest",1]
[2015,"2015-08-02","TRF",null,"GILL MARTIN",54,"3.45.29",225.29,"Fastest",4]
[2015,"2015-08-02","TRF",null,"BANKS COLIN",55,"3.45.54",225.54,"",7]
[2015,"2015-08-02","TRF",null,"FERGUSON TONI",56,"3.48.07",228.07,"Fastest",1]
[2015,"2015-08-02","TRF",null,"QUINNEY DARRYL",57,"3.48.23",228.23,"",6]
[2015,"2015-08-02","TRF",null,"SHORT ANDREW",58,"3.49.26",229.26,"Fastest",1]
[2015,"2015-08-02","TRF",null,"HILTON AMANDA",59,"3.49.38",229.38,"Fastest",1]
[2015,"2015-08-02","TRF",null,"POCOCK CHRIS",60,"3.50.36",230.36,"",3]
[2015,"2015-08-02","TRF",null,"STEWART CRAIG",61,"3.50.54",230.54,"Fastest",1]
[2015,"2015-08-02","TRF",null,"WILLIAMS CAINE",62,"3.50.58",230.58,"Fastest",1]
[2015,"2015-08-02","TRF",null,"TITMUS STEVEN",63,"3.51.04",231.04,"",19]
[2015,"2015-08-02","TRF",null,"NORRIS BERNIE",64,"3.51.20",231.2,"",19]
[2015,"2015-08-02","TRF",null,"MURRAY COLIN",65,"3.52.39",232.39,"Fastest",1]
[2015,"2015-08-02","TRF",null,"MUDDOCK SHAUN",66,"3.53.14",233.14,"Fastest",1]
[2015,"2015-08-02","TRF",null,"CASTELLO SHANAY",67,"3.53.30",233.3,"",2]
[2015,"2015-08-02","TRF",null,"DUNSTAN JAMES",68,"3.53.33",233.33,"",5]
[2015,"2015-08-02","TRF",null,"HEALEY JOSH",69,"3.53.35",233.35,"Fastest",1]
[2015,"2015-08-02","TRF",null,"LLOYD ANDREW",70,"3.53.52",233.52,"",6]
[2015,"2015-08-02","TRF",null,"CUNNINGHAM CAROL",71,"3.54.11",234.11,"Fastest",1]
[2015,"2015-08-02","TRF",null,"ATKINSON CAMERON",72,"3.54.35",234.35,"",2]
[2015,"2015-08-02","TRF",null,"BONANNO KIRSTIN",73,"3.54.46",234.46,"Fastest",2]
[2015,"2015-08-02","TRF",null,"BROWN TREVOR",74,"3.55.48",235.48,"",6]
[2015,"2015-08-02","TRF",null,"TURNER GLEN",75,"3.56.33",236.33,"Fastest",3]
[2015,"2015-08-02","TRF",null,"BUTSON HARRY",76,"3.57.25",237.25,"Fastest",1]
[2015,"2015-08-02","TRF",null,"CLARKE KASEY",77,"3.57.25",237.25,"Fastest",1]
[2015,"2015-08-02","TRF",null,"BUTSON BEN",78,"3.57.26",237.26,"Fastest",1]
[2015,"2015-08-02","TRF",null,"NORTHFIELD RODNEY",79,"3.59.22",239.22,"",14]
[2015,"2015-08-02","TRF",null,"VAN ANTWERP CHARLES",80,"3.59.48",239.48,"",5]
[2015,"2015-08-02","TRF",null,"PREISIG BENTLEY",81,"3.59.56",239.56,"Fastest",1]
[2015,"2015-08-02","TRF",null,"PETERSON JASON",82,"4.01.01",241.01,"Fastest",3]
[2015,"2015-08-02","TRF",null,"HUMBER MELANIE",83,"4.01.13",241.13,"Fastest",2]
[2015,"2015-08-02","TRF",null,"MACDONALD IAIN",84,"4.01.23",241.23,"Fastest",1]
[2015,"2015-08-02","TRF",null,"MARUFF TIMOTHY",85,"4.01.30",241.3,"",4]
[2015,"2015-08-02","TRF",null,"THOMAS CHRIS",86,"4.01.36",241.36,"Fastest",1]
[2015,"2015-08-02","TRF",null,"BARTLETT GARRY",87,"4.02.47",242.47,"Fastest",1]
[2015,"2015-08-02","TRF",null,"WEARNE AMANDA",88,"4.03.13",243.13,"Fastest",1]
[2015,"2015-08-02","TRF",null,"MENTOR ANDRE",89,"4.03.32",243.32,"",4]
[2015,"2015-08-02","TRF",null,"SHARMA KIRAN",90,"4.03.58",243.58,"Fastest",1]
[2015,"2015-08-02","TRF",null,"EBDY KAREN",91,"4.04.11",244.11,"",4]
[2015,"2015-08-02","TRF",null,"SAXON MARTIN",92,"4.04.21",244.21,"Fastest",1]
[2015,"2015-08-02","TRF",null,"SPRUNT BRETT",93,"4.06.03",246.03,"Fastest",1]
[2015,"2015-08-02","TRF",null,"POLETTI ALANA",94,"4.06.22",246.22,"Fastest",7]
[2015,"2015-08-02","TRF",null,"SHEPHERD JASON",95,"4.07.03",247.03,"Fastest",1]
[2015,"2015-08-02","TRF",null,"KERRISK JOHN",96,"4.07.17",247.17,"Fastest",4]
[2015,"2015-08-02","TRF",null,"HOGGAN JOHN",97,"4.07.17",247.17,"",11]
[2015,"2015-08-02","TRF",null,"BROSTROM ELDERENE",98,"4.08.31",248.31,"",11]
[2015,"2015-08-02","TRF",null,"O'CONNOR THERESA",99,"4.09.30",249.3,"Fastest",10]
[2015,"2015-08-02","TRF",null,"FELESINA TONY",100,"4.10.15",250.15,"",23]
[2015,"2015-08-02","TRF",null,"SANSALONE LUCA",101,"4.10.26",250.26,"Fastest",2]
[2015,"2015-08-02","TRF",null,"MCBRYDE LEAH",102,"4.10.47",250.47,"Fastest",1]
[2015,"2015-08-02","TRF",null,"BERRIDGE ÁKRISTY",103,"4.11.08",251.08,"Fastest",1]
[2015,"2015-08-02","TRF",null,"ELLERSHAW ROBERT",104,"4.12.02",252.02,"",5]
[2015,"2015-08-02","TRF",null,"JACKSON STUART",105,"4.12.02",252.02,"",3]
[2015,"2015-08-02","TRF",null,"CHASE KIM",106,"4.13.02",253.02,"Fastest",2]
[2015,"2015-08-02","TRF",null,"BAKER NICHOLE",107,"4.13.43",253.43,"",3]
[2015,"2015-08-02","TRF",null,"HIATT ANDREW",108,"4.13.46",253.46,"Fastest",1]
[2015,"2015-08-02","TRF",null,"TINDALL GRAEME",109,"4.14.05",254.05,"",3]
[2015,"2015-08-02","TRF",null,"O'REILLY PHIL",110,"4.14.08",254.08,"Fastest",3]
[2015,"2015-08-02","TRF",null,"LAWSON LORRAINE",111,"4.16.23",256.23,"Fastest",4]
[2015,"2015-08-02","TRF",null,"RUTLEDGE ALEX",112,"4.18.23",258.23,"Fastest",1]
[2015,"2015-08-02","TRF",null,"CONDREN MICHAEL",113,"4.19.08",259.08,"Fastest",1]
[2015,"2015-08-02","TRF",null,"ENGLISH STEPHEN",114,"4.21.11",261.11,"Fastest",2]
[2015,"2015-08-02","TRF",null,"STOMAN DANIEL",115,"4.21.50",261.5,"Fastest",2]
[2015,"2015-08-02","TRF",null,"SYPOTT COURTNEY",116,"4.22.33",262.33,"Fastest",1]
[2015,"2015-08-02","TRF",null,"MACLAUGHLIN CANDY",117,"4.22.48",262.48,"Fastest",1]
[2015,"2015-08-02","TRF",null,"OSBORNE NICHOLAS",118,"4.23.06",263.06,"Fastest",1]
[2015,"2015-08-02","TRF",null,"POWELL GAVIN",119,"4.23.23",263.23,"Fastest",5]
[2015,"2015-08-02","TRF",null,"DOCTOR RUNNING",120,"4.24.10",264.10000000000002,"Fastest",2]
[2015,"2015-08-02","TRF",null,"DUNSTAN LAURA",121,"4.24.30",264.3,"Fastest",1]
[2015,"2015-08-02","TRF",null,"JOHNSTONE ROBERT",122,"4.24.36",264.36,"Fastest",2]
[2015,"2015-08-02","TRF",null,"CAMILLERI KEVIN",123,"4.24.38",264.38,"Fastest",1]
[2015,"2015-08-02","TRF",null,"GIEBEL KIM",124,"4.25.00",265,"Fastest",1]
[2015,"2015-08-02","TRF",null,"BRADING JOHN",125,"4.25.09",265.08999999999997,"Fastest",1]
[2015,"2015-08-02","TRF",null,"MCFADZEN MARK",126,"4.26.26",266.26,"",5]
[2015,"2015-08-02","TRF",null,"KENNEDY KAYLER",127,"4.26.29",266.29000000000002,"Fastest",1]
[2015,"2015-08-02","TRF",null,"PECKETT DARYL",128,"4.26.37",266.37,"Fastest",1]
[2015,"2015-08-02","TRF",null,"BONA CLARE",129,"4.26.56",266.56,"Fastest",2]
[2015,"2015-08-02","TRF",null,"PARRY RYAN",130,"4.27.22",267.22000000000003,"Fastest",1]
[2015,"2015-08-02","TRF",null,"MOES ANDREW",131,"4.27.43",267.43,"Fastest",1]
[2015,"2015-08-02","TRF",null,"MOES TIM",132,"4.27.44",267.44,"Fastest",1]
[2015,"2015-08-02","TRF",null,"QAZIM DEBBIE",133,"4.30.42",270.42,"Fastest",1]
[2015,"2015-08-02","TRF",null,"DAY PAUL",134,"4.31.31",271.31,"",3]
[2015,"2015-08-02","TRF",null,"KOMOTO SHUNYA",135,"4.31.40",271.39999999999998,"Fastest",5]
[2015,"2015-08-02","TRF",null,"WARD LISA",136,"4.31.46",271.45999999999998,"Fastest",2]
[2015,"2015-08-02","TRF",null,"MORRIS STEVEN",137,"4.32.05",272.05,"Fastest",1]
[2015,"2015-08-02","TRF",null,"HEALY BLAKE",138,"4.32.30",272.3,"Fastest",1]
[2015,"2015-08-02","TRF",null,"RAINS ALEX",139,"4.33.16",273.16000000000003,"Fastest",4]
[2015,"2015-08-02","TRF",null,"LIDDELL MARNI",140,"4.34.18",274.18,"Fastest",1]
[2015,"2015-08-02","TRF",null,"HOULAHAN KATE",141,"4.34.19",274.19,"Fastest",1]
[2015,"2015-08-02","TRF",null,"COLEMAN JESS",142,"4.34.21",274.20999999999998,"Fastest",1]
[2015,"2015-08-02","TRF",null,"KLOSE BRADLEY",143,"4.35.26",275.26,"",2]
[2015,"2015-08-02","TRF",null,"MURPHY JOSHUA",144,"4.35.26",275.26,"",2]
[2015,"2015-08-02","TRF",null,"WARMAN CHRISSY",145,"4.36.45",276.45,"Fastest",2]
[2015,"2015-08-02","TRF",null,"CLEMENTS MICHAEL",146,"4.38.58",278.58,"Fastest",2]
[2015,"2015-08-02","TRF",null,"DURRANT KIERA",147,"4.39.22",279.22000000000003,"Fastest",1]
[2015,"2015-08-02","TRF",null,"STANTON GEOFF",148,"4.41.24",281.24,"",20]
[2015,"2015-08-02","TRF",null,"WALLER SHARON",149,"4.44.38",284.38,"Fastest",4]
[2015,"2015-08-02","TRF",null,"BUTSON LISA",150,"4.45.14",285.14,"Fastest",1]
[2015,"2015-08-02","TRF",null,"HURREN SARA",151,"4.45.32",285.32,"Fastest",1]
[2015,"2015-08-02","TRF",null,"SCHOEN ELLIOTT",152,"4.46.36",286.36,"Fastest",1]
[2015,"2015-08-02","TRF",null,"SCHOEN ALEXANDRA",153,"4.46.37",286.37,"Fastest",1]
[2015,"2015-08-02","TRF",null,"MC DONAGH DEREK",154,"4.47.35",287.35000000000002,"Fastest",1]
[2015,"2015-08-02","TRF",null,"YOUNG NICOLA",155,"4.49.32",289.32,"Fastest",1]
[2015,"2015-08-02","TRF",null,"WALKOM BRENDAN",156,"4.52.57",292.57,"",6]
[2015,"2015-08-02","TRF",null,"SEYMOUR ALANA",157,"4.53.40",293.39999999999998,"Fastest",1]
[2015,"2015-08-02","TRF",null,"JOHNSTON RICHARD",158,"4.53.56",293.56,"Fastest",1]
[2015,"2015-08-02","TRF",null,"HOCHEDER MARGIT",159,"4.55.43",295.43,"Fastest",1]
[2015,"2015-08-02","TRF",null,"RYAN COLIN",160,"4.56.18",296.18,"Fastest",1]
[2015,"2015-08-02","TRF",null,"THOMAS DANE",161,"4.59.30",299.3,"",2]
[2015,"2015-08-02","TRF",null,"HILLS PAT",162,"5.00.19",300.19,"Fastest",1]
[2015,"2015-08-02","TRF",null,"TASSELLI STEPHEN",163,"5.00.46",300.45999999999998,"",3]
[2015,"2015-08-02","TRF",null,"PRENTICE GLENN",164,"5.00.51",300.51,"Fastest",1]
[2015,"2015-08-02","TRF",null,"BAINES ALEX",165,"5.01.36",301.36,"Fastest",1]
[2015,"2015-08-02","TRF",null,"HARKER GLEN",166,"5.01.47",301.47000000000003,"",2]
[2015,"2015-08-02","TRF",null,"MCGRATH WAYNE",167,"5.05.30",305.3,"Fastest",1]
[2015,"2015-08-02","TRF",null,"ROBINSON RACHEL",168,"5.08.17",308.17,"Fastest",1]
[2015,"2015-08-02","TRF",null,"REINKE MICHAEL",169,"5.08.31",308.31,"",2]
[2015,"2015-08-02","TRF",null,"VAN GORP JO",170,"5.08.35",308.35000000000002,"Fastest",1]
[2015,"2015-08-02","TRF",null,"VARDY JESSICA",171,"5.08.49",308.49,"Fastest",2]
[2015,"2015-08-02","TRF",null,"TAYLOR DARRELLE",172,"5.08.58",308.58,"Fastest",1]
[2015,"2015-08-02","TRF",null,"LUPSON DONNA",173,"5.10.59",310.58999999999997,"Fastest",1]
[2015,"2015-08-02","TRF",null,"CARRISON MARNIE",174,"5.11.00",311,"Fastest",1]
[2015,"2015-08-02","TRF",null,"MONKS JACINTA",175,"5.18.57",318.57,"",2]
[2015,"2015-08-02","TRF",null,"HOLMES STEVEN",176,"5.21.00",321,"Fastest",1]
[2015,"2015-08-02","TRF",null,"WEBSTER IAIN",177,"5.23.16",323.16000000000003,"Fastest",1]
[2015,"2015-08-02","TRF",null,"PEARCE JAYSON",178,"5.25.11",325.11,"Fastest",1]
[2015,"2015-08-02","TRF",null,"LAGUNDAY RENIER",179,"5.27.08",327.08,"Fastest",1]
[2015,"2015-08-02","TRF",null,"ELMS DAVID",180,"5.34.04",334.04,"",5]
[2015,"2015-08-02","TRF",null,"MARSHALL LYNDON",181,"5.35.49",335.49,"Fastest",1]
[2015,"2015-08-02","TRF",null,"CANNINGS DAVID",182,"5.37.44",337.44,"",21]
[2015,"2015-08-02","TRF",null,"PRENTICE MARLENE",183,"5.38.50",338.5,"Fastest",1]
[2015,"2015-08-02","TRF",null,"STALKER LEIGH",184,"5.52.11",352.11,"Fastest",1]
[2015,"2015-08-02","TRF",null,"LIS JACINTA",185,"5.52.12",352.12,"Fastest",1]
[2015,"2015-08-02","TRF",null,"NEAL MATTHEW",186,"5.52.51",352.51,"",5]
[2015,"2015-08-02","TRF",null,"THOMPSON WALTER",187,"5.54.01",354.01,"Fastest",1]
[2015,"2015-08-02","TRF",null,"CROUCH-CHIVERS PAUL",188,"5.57.12",357.12,"",13]
[2015,"2015-08-02","TRF",null,"RANE AJAY",189,"6.01.45",361.45,"Fastest",1]
[2015,"2015-08-02","TRF",null,"LOFTUS JO",190,"6.06.17",366.17,"",3]
[2015,"2015-08-02","TRF",null,"PARKER TYESEN",191,"6.15.50",375.5,"Fastest",1]
[2015,"2015-08-02","TRF",null,"RUTHERFORD ROD",192,"6.18.14",378.14,"",14]
[2016,"2016-08-07","TRF",null,"GEBRESELASSIE DEJEN",1,"2.39.19",159.19,"",2]
[2016,"2016-08-07","TRF",null,"STEDMAN SAM",2,"2.43.58",163.58000000000001,"",5]
[2016,"2016-08-07","TRF",null,"CAMILLERI JONATHAN",3,"2.48.24",168.24,"Fastest",4]
[2016,"2016-08-07","TRF",null,"BANKS RICHARD",4,"2.55.54",175.54,"",9]
[2016,"2016-08-07","TRF",null,"FALLON MICK",5,"2.57.12",177.12,"Fastest",1]
[2016,"2016-08-07","TRF",null,"BLACK BRIAN",6,"2.59.16",179.16,"Fastest",1]
[2016,"2016-08-07","TRF",null,"COPP PHIL",7,"3.00.11",180.11,"",10]
[2016,"2016-08-07","TRF",null,"BOWREY IAN",8,"3.06.28",186.28,"Fastest",3]
[2016,"2016-08-07","TRF",null,"LEE DOMINIC",9,"3.07.22",187.22,"Fastest",1]
[2016,"2016-08-07","TRF",null,"SANDREY GREGORY",10,"3.08.22",188.22,"Fastest",1]
[2016,"2016-08-07","TRF",null,"BOSCHEN MATTHEW",11,"3.12.39",192.39,"",16]
[2016,"2016-08-07","TRF",null,"STRIPP DEON",12,"3.14.40",194.4,"Fastest",3]
[2016,"2016-08-07","TRF",null,"VIGERZI FRANK",13,"3.15.29",195.29,"",7]
[2016,"2016-08-07","TRF",null,"SCHOEPFLIN LEO",14,"3.17.30",197.3,"Fastest",2]
[2016,"2016-08-07","TRF",null,"GARNETT ADRIAN",15,"3.17.35",197.35,"Fastest",2]
[2016,"2016-08-07","TRF",null,"VON SENDEN DAVID",16,"3.20.00",200,"",4]
[2016,"2016-08-07","TRF",null,"ROBINSON BILL",17,"3.20.03",200.03,"Fastest",5]
[2016,"2016-08-07","TRF",null,"LEONARD JAMES",18,"3.20.41",200.41,"Fastest",2]
[2016,"2016-08-07","TRF",null,"BROWN SHAUN",19,"3.21.40",201.4,"Fastest",1]
[2016,"2016-08-07","TRF",null,"READ COLETTE",20,"3.22.42",202.42,"",12]
[2016,"2016-08-07","TRF",null,"WILLIAMS JOSHUA",21,"3.24.13",204.13,"Fastest",2]
[2016,"2016-08-07","TRF",null,"DUBERY AARON",22,"3.24.36",204.36,"Fastest",1]
[2016,"2016-08-07","TRF",null,"SINTON PENELOPE",23,"3.24.46",204.46,"Fastest",1]
[2016,"2016-08-07","TRF",null,"NEMECEK MICHAL",24,"3.24.46",204.46,"Fastest",1]
[2016,"2016-08-07","TRF",null,"GLASSON CHRISTOPHER",25,"3.25.49",205.49,"Fastest",1]
[2016,"2016-08-07","TRF",null,"HAMLYN JASON",26,"3.26.04",206.04,"Fastest",1]
[2016,"2016-08-07","TRF",null,"NORRIS BERNIE",27,"3.26.12",206.12,"",19]
[2016,"2016-08-07","TRF",null,"WEIR HENRY",28,"3.26.39",206.39,"Fastest",1]
[2016,"2016-08-07","TRF",null,"PERKINS DAVE",29,"3.26.50",206.5,"",16]
[2016,"2016-08-07","TRF",null,"MCDONAGH DEREK",30,"3.26.54",206.54,"Fastest",4]
[2016,"2016-08-07","TRF",null,"LECKENBY JAMES",31,"3.27.03",207.03,"Fastest",1]
[2016,"2016-08-07","TRF",null,"SCHONFELDT-ROY SONJA",32,"3.27.09",207.09,"Fastest",5]
[2016,"2016-08-07","TRF",null,"FLANDERS TONY",33,"3.28.02",208.02,"Fastest",2]
[2016,"2016-08-07","TRF",null,"PATZOLD RICK",34,"3.28.21",208.21,"",10]
[2016,"2016-08-07","TRF",null,"BANKS COLIN",35,"3.28.36",208.36,"",7]
[2016,"2016-08-07","TRF",null,"MUIR JAMES",36,"3.28.44",208.44,"Fastest",1]
[2016,"2016-08-07","TRF",null,"WILSON GREG",37,"3.29.30",209.3,"",9]
[2016,"2016-08-07","TRF",null,"BRIDGE DEAN",38,"3.31.29",211.29,"Fastest",1]
[2016,"2016-08-07","TRF",null,"FERIK NICK",39,"3.31.42",211.42,"Fastest",2]
[2016,"2016-08-07","TRF",null,"NICHOLS TREVOR",40,"3.32.04",212.04,"Fastest",1]
[2016,"2016-08-07","TRF",null,"MENTOR ANDRE",41,"3.32.53",212.53,"Fastest",4]
[2016,"2016-08-07","TRF",null,"HUMBER JUSTIN",42,"3.33.38",213.38,"Fastest",2]
[2016,"2016-08-07","TRF",null,"BIRD DEVEN",43,"3.33.47",213.47,"Fastest",5]
[2016,"2016-08-07","TRF",null,"CADDY TIM",44,"3.34.05",214.05,"Fastest",1]
[2016,"2016-08-07","TRF",null,"BROWN TREVOR",45,"3.35.22",215.22,"Fastest",6]
[2016,"2016-08-07","TRF",null,"BRERETON SARAH",46,"3.35.51",215.51,"Fastest",3]
[2016,"2016-08-07","TRF",null,"EAGLES RUTH",47,"3.36.01",216.01,"",6]
[2016,"2016-08-07","TRF",null,"TAUFOOU JACOB",48,"3.36.57",216.57,"Fastest",2]
[2016,"2016-08-07","TRF",null,"WILDMAN MARK",49,"3.38.36",218.36,"Fastest",1]
[2016,"2016-08-07","TRF",null,"SIMMONS JON",50,"3.39.09",219.09,"",2]
[2016,"2016-08-07","TRF",null,"PALLING JESSICA",51,"3.39.21",219.21,"Fastest",1]
[2016,"2016-08-07","TRF",null,"LUCK MICHEAL",52,"3.40.27",220.27,"",3]
[2016,"2016-08-07","TRF",null,"DUNSTAN JAMES",53,"3.40.47",220.47,"",5]
[2016,"2016-08-07","TRF",null,"VAN DER VELDEN WES",54,"3.41.46",221.46,"Fastest",1]
[2016,"2016-08-07","TRF",null,"GOULD VINCENT",55,"3.42.33",222.33,"",2]
[2016,"2016-08-07","TRF",null,"JOHNSTONE ROD",56,"3.43.42",223.42,"Fastest",1]
[2016,"2016-08-07","TRF",null,"KILKELLY JOHN",57,"3.44.18",224.18,"Fastest",1]
[2016,"2016-08-07","TRF",null,"COLLIER LLOYD",58,"3.44.44",224.44,"Fastest",1]
[2016,"2016-08-07","TRF",null,"ANASSON ALEXANDRA",59,"3.44.59",224.59,"Fastest",1]
[2016,"2016-08-07","TRF",null,"TIDMAS ADRIAN",60,"3.46.06",226.06,"",7]
[2016,"2016-08-07","TRF",null,"O'REGAN PAUL",61,"3.46.33",226.33,"Fastest",1]
[2016,"2016-08-07","TRF",null,"MOORE SAM",62,"3.47.25",227.25,"Fastest",1]
[2016,"2016-08-07","TRF",null,"EBDY KAREN",63,"3.47.26",227.26,"",4]
[2016,"2016-08-07","TRF",null,"MCCARTHY EVAN",64,"3.47.42",227.42,"Fastest",1]
[2016,"2016-08-07","TRF",null,"YOSHIDA YUMIKO",65,"3.48.06",228.06,"Fastest",1]
[2016,"2016-08-07","TRF",null,"FELESINA TONY",66,"3.48.12",228.12,"",23]
[2016,"2016-08-07","TRF",null,"MARUFF TIMOTHY",67,"3.48.41",228.41,"Fastest",4]
[2016,"2016-08-07","TRF",null,"EVANS DERRICK",68,"3.48.55",228.55,"",6]
[2016,"2016-08-07","TRF",null,"FELS NICOLE",69,"3.49.39",229.39,"",2]
[2016,"2016-08-07","TRF",null,"COX RUPERT",70,"3.51.12",231.12,"Fastest",1]
[2016,"2016-08-07","TRF",null,"HAMILTON JOCK",71,"3.51.50",231.5,"Fastest",1]
[2016,"2016-08-07","TRF",null,"VAN ANTWERP CHARLES",72,"3.54.21",234.21,"Fastest",5]
[2016,"2016-08-07","TRF",null,"SPROTT GEOFFREY",73,"3.55.34",235.34,"",10]
[2016,"2016-08-07","TRF",null,"SOPAKUWA THOMMY",74,"3.56.22",236.22,"Fastest",1]
[2016,"2016-08-07","TRF",null,"TURNER GLEN",75,"3.56.49",236.49,"",3]
[2016,"2016-08-07","TRF",null,"BAKER MATT",76,"3.57.37",237.37,"",9]
[2016,"2016-08-07","TRF",null,"SMALES CLAYTON",77,"3.58.04",238.04,"Fastest",1]
[2016,"2016-08-07","TRF",null,"KLOSE BRADLEY",78,"3.58.12",238.12,"Fastest",2]
[2016,"2016-08-07","TRF",null,"FLYNN-PITTAR ISIS",79,"3.58.16",238.16,"Fastest",2]
[2016,"2016-08-07","TRF",null,"HEDGES DAVID",80,"3.58.50",238.5,"Fastest",2]
[2016,"2016-08-07","TRF",null,"HYDE JEVYN",81,"3.58.54",238.54,"",4]
[2016,"2016-08-07","TRF",null,"LLOYD ANDREW",82,"3.58.55",238.55,"",6]
[2016,"2016-08-07","TRF",null,"STODDART RYAN",83,"3.59.24",239.24,"Fastest",1]
[2016,"2016-08-07","TRF",null,"STJEPIC DOUG",84,"3.59.30",239.3,"Fastest",1]
[2016,"2016-08-07","TRF",null,"SIMPSON ERIN",85,"3.59.32",239.32,"",6]
[2016,"2016-08-07","TRF",null,"CONROY JESS",86,"3.59.33",239.33,"Fastest",1]
[2016,"2016-08-07","TRF",null,"BRENNAN GABRIEL",87,"3.59.45",239.45,"Fastest",2]
[2016,"2016-08-07","TRF",null,"BAKER-PERI DEBBIE",88,"3.59.54",239.54,"Fastest",1]
[2016,"2016-08-07","TRF",null,"NUTTALL JOHN",89,"4.00.19",240.19,"",14]
[2016,"2016-08-07","TRF",null,"CHEERS SCOTT",90,"4.04.18",244.18,"Fastest",1]
[2016,"2016-08-07","TRF",null,"HARGREAVES BRUCE",91,"4.04.40",244.4,"",4]
[2016,"2016-08-07","TRF",null,"HOGAN DANIEL",92,"4.06.01",246.01,"",3]
[2016,"2016-08-07","TRF",null,"TIDEMAN ROB",93,"4.06.24",246.24,"Fastest",1]
[2016,"2016-08-07","TRF",null,"PEMBERTON GRAHAM",94,"4.07.06",247.06,"Fastest",1]
[2016,"2016-08-07","TRF",null,"DAWSON ROSS",95,"4.07.31",247.31,"Fastest",1]
[2016,"2016-08-07","TRF",null,"POLETTI ALANA",96,"4.07.49",247.49,"",7]
[2016,"2016-08-07","TRF",null,"WATERFIELD JOHN",97,"4.08.04",248.04,"",3]
[2016,"2016-08-07","TRF",null,"ROBSON SHARON",98,"4.08.54",248.54,"",3]
[2016,"2016-08-07","TRF",null,"JACKSON STUART",99,"4.09.57",249.57,"Fastest",3]
[2016,"2016-08-07","TRF",null,"GORDON TONY",100,"4.10.04",250.04,"",10]
[2016,"2016-08-07","TRF",null,"BAINBRIDGE DEAN",101,"4.11.04",251.04,"Fastest",7]
[2016,"2016-08-07","TRF",null,"ROBERTS WILL",102,"4.11.14",251.14,"Fastest",1]
[2016,"2016-08-07","TRF",null,"HULL ALEX",103,"4.11.14",251.14,"Fastest",2]
[2016,"2016-08-07","TRF",null,"MORROW NICK",104,"4.11.14",251.14,"Fastest",1]
[2016,"2016-08-07","TRF",null,"MADDERS JACK",105,"4.11.15",251.15,"Fastest",1]
[2016,"2016-08-07","TRF",null,"BENSON DARREN",106,"4.11.15",251.15,"Fastest",1]
[2016,"2016-08-07","TRF",null,"DINGAI TAM",107,"4.11.15",251.15,"Fastest",1]
[2016,"2016-08-07","TRF",null,"SAYED RENNA",108,"4.11.50",251.5,"Fastest",1]
[2016,"2016-08-07","TRF",null,"BELLA JANINE",109,"4.13.47",253.47,"Fastest",1]
[2016,"2016-08-07","TRF",null,"SANSALONE LUCA",110,"4.14.01",254.01,"",2]
[2016,"2016-08-07","TRF",null,"O'CONNOR THERESA",111,"4.15.20",255.2,"",10]
[2016,"2016-08-07","TRF",null,"BROSTROM ELDERENE",112,"4.15.21",255.21,"",11]
[2016,"2016-08-07","TRF",null,"RUTHERFORD TRISH",113,"4.16.18",256.18,"Fastest",1]
[2016,"2016-08-07","TRF",null,"ROBERTS GUY",114,"4.16.31",256.31,"Fastest",1]
[2016,"2016-08-07","TRF",null,"FLYNN-PITTAR DEE",115,"4.16.33",256.33,"",5]
[2016,"2016-08-07","TRF",null,"BRADING TOM",116,"4.16.34",256.33999999999997,"Fastest",1]
[2016,"2016-08-07","TRF",null,"LEVRIER SASHA",117,"4.19.47",259.47000000000003,"Fastest",1]
[2016,"2016-08-07","TRF",null,"HUMBER MELANIE",118,"4.19.54",259.54000000000002,"",2]
[2016,"2016-08-07","TRF",null,"MURPHY JOSHUA",119,"4.20.33",260.33,"Fastest",2]
[2016,"2016-08-07","TRF",null,"WOOD TALEESA",120,"4.20.35",260.35000000000002,"Fastest",1]
[2016,"2016-08-07","TRF",null,"SNELL MATTHEW",121,"4.20.53",260.52999999999997,"Fastest",4]
[2016,"2016-08-07","TRF",null,"MACDONALD JENNY",122,"4.20.55",260.55,"Fastest",1]
[2016,"2016-08-07","TRF",null,"RAUT BIMAL",123,"4.21.28",261.27999999999997,"Fastest",1]
[2016,"2016-08-07","TRF",null,"ANASSON TOM",124,"4.21.51",261.51,"Fastest",1]
[2016,"2016-08-07","TRF",null,"BOU-SAMRA LEEANNE",125,"4.21.58",261.58,"Fastest",1]
[2016,"2016-08-07","TRF",null,"TITMUS STEVEN",126,"4.21.58",261.58,"",19]
[2016,"2016-08-07","TRF",null,"DAY PAUL",127,"4.23.41",263.41000000000003,"Fastest",3]
[2016,"2016-08-07","TRF",null,"BYRNES TAYLOR",128,"4.23.49",263.49,"Fastest",1]
[2016,"2016-08-07","TRF",null,"WHEELER JUDE",129,"4.24.06",264.06,"Fastest",2]
[2016,"2016-08-07","TRF",null,"TODD SCOTT",130,"4.24.27",264.27,"Fastest",2]
[2016,"2016-08-07","TRF",null,"CONNOR TIMOTHY",131,"4.25.25",265.25,"",3]
[2016,"2016-08-07","TRF",null,"BOSHAMMER SHANE",132,"4.25.29",265.29000000000002,"Fastest",1]
[2016,"2016-08-07","TRF",null,"WESTON ANDREA",133,"4.25.38",265.38,"Fastest",1]
[2016,"2016-08-07","TRF",null,"QUINNEY DARRYL",134,"4.26.16",266.16000000000003,"",6]
[2016,"2016-08-07","TRF",null,"GENGE MARK",135,"4.26.49",266.49,"Fastest",1]
[2016,"2016-08-07","TRF",null,"FIRTH PAUL",136,"4.27.02",267.02,"Fastest",1]
[2016,"2016-08-07","TRF",null,"HANLEY AARON",137,"4.27.31",267.31,"Fastest",1]
[2016,"2016-08-07","TRF",null,"MACKIE TESSA",138,"4.28.04",268.04000000000002,"",2]
[2016,"2016-08-07","TRF",null,"HANLEY AMY",139,"4.28.13",268.13,"Fastest",1]
[2016,"2016-08-07","TRF",null,"MAWDSLEY DAVID",140,"4.29.18",269.18,"Fastest",1]
[2016,"2016-08-07","TRF",null,"FADDY SANDI",141,"4.30.31",270.31,"Fastest",2]
[2016,"2016-08-07","TRF",null,"RADFORD DAVID",142,"4.31.10",271.10000000000002,"Fastest",1]
[2016,"2016-08-07","TRF",null,"JERVIS BETHAN",143,"4.31.35",271.35000000000002,"Fastest",1]
[2016,"2016-08-07","TRF",null,"NORTHFIELD RODNEY",144,"4.32.02",272.02,"",14]
[2016,"2016-08-07","TRF",null,"SANOUILLER ALAIN",145,"4.33.17",273.17,"Fastest",1]
[2016,"2016-08-07","TRF",null,"HIGGINS CAMERON",146,"4.33.19",273.19,"Fastest",1]
[2016,"2016-08-07","TRF",null,"BURCIN CHRIS",147,"4.35.38",275.38,"Fastest",1]
[2016,"2016-08-07","TRF",null,"O'BRIEN SUE",148,"4.36.12",276.12,"",5]
[2016,"2016-08-07","TRF",null,"STANTON GEOFF",149,"4.36.14",276.14,"",20]
[2016,"2016-08-07","TRF",null,"SAUNDERS CHARLENE",150,"4.36.20",276.2,"Fastest",1]
[2016,"2016-08-07","TRF",null,"WHITTY MICK",151,"4.36.20",276.2,"Fastest",1]
[2016,"2016-08-07","TRF",null,"POWELL GAVIN",152,"4.37.09",277.08999999999997,"",5]
[2016,"2016-08-07","TRF",null,"MATTHEWS ROY",153,"4.38.00",278,"",4]
[2016,"2016-08-07","TRF",null,"MICHAELIS SOPHIA",154,"4.38.16",278.16000000000003,"Fastest",1]
[2016,"2016-08-07","TRF",null,"ANDERSON BEN",155,"4.40.10",280.10000000000002,"Fastest",1]
[2016,"2016-08-07","TRF",null,"RODGER-BURTWELL TRACEY",156,"4.40.38",280.38,"Fastest",1]
[2016,"2016-08-07","TRF",null,"CROSS PAUL",157,"4.40.39",280.39,"Fastest",1]
[2016,"2016-08-07","TRF",null,"GUY WILLIAM",158,"4.41.11",281.11,"",4]
[2016,"2016-08-07","TRF",null,"NEIMANIS PETER",159,"4.41.14",281.14,"",8]
[2016,"2016-08-07","TRF",null,"HOGGAN JOHN",160,"4.41.16",281.16000000000003,"",11]
[2016,"2016-08-07","TRF",null,"MCINNES SCOTT",161,"4.42.35",282.35000000000002,"",7]
[2016,"2016-08-07","TRF",null,"KOMOTO SHUNYA",162,"4.43.10",283.10000000000002,"",5]
[2016,"2016-08-07","TRF",null,"MARINO HELEN",163,"4.44.18",284.18,"Fastest",1]
[2016,"2016-08-07","TRF",null,"BARTON JOHN",164,"4.44.38",284.38,"Fastest",1]
[2016,"2016-08-07","TRF",null,"RAINS ALEX",165,"4.46.21",286.20999999999998,"",4]
[2016,"2016-08-07","TRF",null,"LIM SOON CHUNG",166,"4.46.24",286.24,"Fastest",1]
[2016,"2016-08-07","TRF",null,"HALTINER LYN",167,"4.47.17",287.17,"Fastest",1]
[2016,"2016-08-07","TRF",null,"HALL-MATTHEWS BERNERS",168,"4.47.42",287.42,"Fastest",2]
[2016,"2016-08-07","TRF",null,"BRENTON PAUL",169,"4.48.50",288.5,"",3]
[2016,"2016-08-07","TRF",null,"ROWLAND KIERAN",170,"4.49.28",289.27999999999997,"Fastest",1]
[2016,"2016-08-07","TRF",null,"COLLARD KAREN",171,"4.51.31",291.31,"",3]
[2016,"2016-08-07","TRF",null,"HOOPER KERRY",172,"4.51.45",291.45,"Fastest",1]
[2016,"2016-08-07","TRF",null,"RUTHERFORD CHRIS",173,"4.51.51",291.51,"Fastest",1]
[2016,"2016-08-07","TRF",null,"WEIDNER CAROLA",174,"4.52.28",292.27999999999997,"Fastest",1]
[2016,"2016-08-07","TRF",null,"TASSELLI STEPHEN",175,"4.53.28",293.27999999999997,"",3]
[2016,"2016-08-07","TRF",null,"DOCTOR RUNNING",176,"4.53.47",293.47000000000003,"",2]
[2016,"2016-08-07","TRF",null,"WALKOM BRENDAN",177,"4.55.24",295.24,"",6]
[2016,"2016-08-07","TRF",null,"AKINS DANNY",178,"4.56.54",296.54000000000002,"Fastest",3]
[2016,"2016-08-07","TRF",null,"PEMBERTON PAMELA",179,"4.58.20",298.2,"Fastest",1]
[2016,"2016-08-07","TRF",null,"FLYNN-PITTAR ISHKA",180,"4.58.54",298.54000000000002,"Fastest",1]
[2016,"2016-08-07","TRF",null,"HA DANIEL",181,"4.59.07",299.07,"Fastest",1]
[2016,"2016-08-07","TRF",null,"STOMAN DANIEL",182,"4.59.41",299.41000000000003,"",2]
[2016,"2016-08-07","TRF",null,"HASTEWELL BRAD",183,"5.00.43",300.43,"",8]
[2016,"2016-08-07","TRF",null,"QUAINE JULIANNE",184,"5.01.58",301.58,"Fastest",1]
[2016,"2016-08-07","TRF",null,"CRASE WAYNE",185,"5.02.21",302.20999999999998,"",12]
[2016,"2016-08-07","TRF",null,"VAN LEEUWEN JANE",186,"5.04.31",304.31,"Fastest",1]
[2016,"2016-08-07","TRF",null,"SIMMONS SALLY",187,"5.07.56",307.56,"",2]
[2016,"2016-08-07","TRF",null,"WATERFIELD THOMAS",188,"5.08.23",308.23,"Fastest",1]
[2016,"2016-08-07","TRF",null,"MENZIES JODI",189,"5.09.58",309.58,"Fastest",1]
[2016,"2016-08-07","TRF",null,"PRIOR SAM",190,"5.13.02",313.02,"Fastest",1]
[2016,"2016-08-07","TRF",null,"BROOKE SEAMUS",191,"5.13.58",313.58,"Fastest",1]
[2016,"2016-08-07","TRF",null,"CIVIDIN MATTHEW",192,"5.14.51",314.51,"Fastest",1]
[2016,"2016-08-07","TRF",null,"EVANS DEAN",193,"5.18.24",318.24,"Fastest",1]
[2016,"2016-08-07","TRF",null,"FLYNN-PITTAR AJIA-MOON",194,"5.19.31",319.31,"Fastest",2]
[2016,"2016-08-07","TRF",null,"WALLER SHARON",195,"5.20.21",320.20999999999998,"",4]
[2016,"2016-08-07","TRF",null,"FERGUSON CLAIRE",196,"5.22.57",322.57,"",2]
[2016,"2016-08-07","TRF",null,"ATKINSON BEN",197,"5.24.23",324.23,"Fastest",1]
[2016,"2016-08-07","TRF",null,"JEANNERET RACHEL",198,"5.27.29",327.29000000000002,"Fastest",1]
[2016,"2016-08-07","TRF",null,"PEARCE JEFF",199,"5.29.58",329.58,"Fastest",1]
[2016,"2016-08-07","TRF",null,"MCKEAN TIMOTHY",200,"5.31.45",331.45,"Fastest",1]
[2016,"2016-08-07","TRF",null,"HOOD MARC",201,"5.40.30",340.3,"",4]
[2016,"2016-08-07","TRF",null,"GREEN LORYN",202,"5.50.20",350.2,"Fastest",1]
[2016,"2016-08-07","TRF",null,"DIAMOND MICHAEL",203,"5.50.20",350.2,"Fastest",1]
[2016,"2016-08-07","TRF",null,"NEAL MATTHEW",204,"5.54.58",354.58,"",5]
[2016,"2016-08-07","TRF",null,"CANNINGS DAVID",205,"5.57.16",357.16,"",21]
[2016,"2016-08-07","TRF",null,"ISHIDA MASAKO",206,"5.57.28",357.28,"Fastest",1]
[2016,"2016-08-07","TRF",null,"RUTHERFORD ROD",207,"6.07.21",367.21,"",14]
[2017,"2017-08-06","TRF",null,"GEBREMICHAEL SAMMY",1,"2.23.02",143.02000000000001,"Fastest",1]
[2017,"2017-08-06","TRF",null,"PICOT JULIAN",2,"2.50.46",170.46,"Fastest",1]
[2017,"2017-08-06","TRF",null,"HIRAYAMA MASAKI",3,"2.51.00",171,"Fastest",1]
[2017,"2017-08-06","TRF",null,"TAKANO MIYUKI",4,"2.53.39",173.39,"Fastest",1]
[2017,"2017-08-06","TRF",null,"MULLER KEVIN",5,"2.57.16",177.16,"Fastest",1]
[2017,"2017-08-06","TRF",null,"CAMILLERI JONATHAN",6,"2.58.40",178.4,"",4]
[2017,"2017-08-06","TRF",null,"DICKINS MICHAEL",7,"2.58.44",178.44,"Fastest",1]
[2017,"2017-08-06","TRF",null,"KEENAN BRENDON",8,"2.59.20",179.2,"Fastest",1]
[2017,"2017-08-06","TRF",null,"MAGUIRE LIZ",9,"2.59.36",179.36,"Fastest",4]
[2017,"2017-08-06","TRF",null,"GORDON TONY",10,"3.07.57",187.57,"",10]
[2017,"2017-08-06","TRF",null,"RALPH ANTHONY",11,"3.12.25",192.25,"Fastest",1]
[2017,"2017-08-06","TRF",null,"FRAZER JAEMIN",12,"3.12.33",192.33,"",6]
[2017,"2017-08-06","TRF",null,"VON SENDEN DAVID",13,"3.12.34",192.34,"Fastest",4]
[2017,"2017-08-06","TRF",null,"WATERFIELD JOHN",14,"3.17.24",197.24,"Fastest",3]
[2017,"2017-08-06","TRF",null,"SCHOEPFLIN LEO",15,"3.17.43",197.43,"",2]
[2017,"2017-08-06","TRF",null,"GREEN TIM",16,"3.20.12",200.12,"Fastest",1]
[2017,"2017-08-06","TRF",null,"BANKS RICHARD",17,"3.25.27",205.27,"",9]
[2017,"2017-08-06","TRF",null,"READ COLETTE",18,"3.27.24",207.24,"",12]
[2017,"2017-08-06","TRF",null,"VENZ GARY",19,"3.28.55",208.55,"Fastest",1]
[2017,"2017-08-06","TRF",null,"ROYALL AARON",20,"3.28.59",208.59,"Fastest",1]
[2017,"2017-08-06","TRF",null,"COPP PHIL",21,"3.29.01",209.01,"",10]
[2017,"2017-08-06","TRF",null,"LUCK MICHEAL",22,"3.31.03",211.03,"Fastest",3]
[2017,"2017-08-06","TRF",null,"WATKINS MEREDITH",23,"3.31.42",211.42,"",2]
[2017,"2017-08-06","TRF",null,"DUNSTAN JAMES",24,"3.32.22",212.22,"",5]
[2017,"2017-08-06","TRF",null,"METTAM TIM",25,"3.33.31",213.31,"",4]
[2017,"2017-08-06","TRF",null,"CLAPP PATCH",26,"3.33.41",213.41,"Fastest",1]
[2017,"2017-08-06","TRF",null,"MCDONAGH DEREK",27,"3.36.52",216.52,"",4]
[2017,"2017-08-06","TRF",null,"SPROTT GEOFFREY",28,"3.37.11",217.11,"",10]
[2017,"2017-08-06","TRF",null,"PLA PERERNAU EDUARD",29,"3.38.06",218.06,"Fastest",1]
[2017,"2017-08-06","TRF",null,"FITZSIMMONS MICHAEL",30,"3.41.17",221.17,"",9]
[2017,"2017-08-06","TRF",null,"STAFFORD ERIN",31,"3.41.18",221.18,"",7]
[2017,"2017-08-06","TRF",null,"TIDMAS ADRIAN",32,"3.41.21",221.21,"",7]
[2017,"2017-08-06","TRF",null,"EAGLES RUTH",33,"3.41.27",221.27,"",6]
[2017,"2017-08-06","TRF",null,"MOCK ANDREW",34,"3.42.01",222.01,"Fastest",1]
[2017,"2017-08-06","TRF",null,"GUNN JARRED",35,"3.42.40",222.4,"Fastest",1]
[2017,"2017-08-06","TRF",null,"HOWES BILLY",36,"3.43.53",223.53,"Fastest",1]
[2017,"2017-08-06","TRF",null,"SUN SIZHONG",37,"3.45.16",225.16,"Fastest",1]
[2017,"2017-08-06","TRF",null,"EBDY KAREN",38,"3.45.46",225.46,"Fastest",4]
[2017,"2017-08-06","TRF",null,"WILSON GREG",39,"3.47.33",227.33,"",9]
[2017,"2017-08-06","TRF",null,"CHARLES DARRAN",40,"3.48.18",228.18,"Fastest",1]
[2017,"2017-08-06","TRF",null,"BLIESNER CHRISTINE",41,"3.49.29",229.29,"Fastest",1]
[2017,"2017-08-06","TRF",null,"FRASER HELEN",42,"3.51.29",231.29,"Fastest",1]
[2017,"2017-08-06","TRF",null,"BIRD DEVEN",43,"3.51.29",231.29,"",5]
[2017,"2017-08-06","TRF",null,"CLARK SCOTT",44,"3.52.00",232,"",2]
[2017,"2017-08-06","TRF",null,"OSBERGER MATTHEW",45,"3.52.38",232.38,"Fastest",1]
[2017,"2017-08-06","TRF",null,"STAMNAS KEL",46,"3.53.25",233.25,"Fastest",1]
[2017,"2017-08-06","TRF",null,"PERKINS DAVE",47,"3.54.20",234.2,"",16]
[2017,"2017-08-06","TRF",null,"EMERSON JOHN",48,"3.54.30",234.3,"",6]
[2017,"2017-08-06","TRF",null,"NEIMANIS PETER",49,"3.55.04",235.04,"",8]
[2017,"2017-08-06","TRF",null,"SIMPSON ERIN",50,"3.55.58",235.58,"Fastest",6]
[2017,"2017-08-06","TRF",null,"ROBSON SHARON",51,"3.56.09",236.09,"Fastest",3]
[2017,"2017-08-06","TRF",null,"NILSEN MICHELLE",52,"3.56.18",236.18,"Fastest",1]
[2017,"2017-08-06","TRF",null,"KINBACHER ANDREW",53,"3.57.40",237.4,"Fastest",1]
[2017,"2017-08-06","TRF",null,"BAKER MATT",54,"3.58.15",238.15,"",9]
[2017,"2017-08-06","TRF",null,"GILL MARTIN",55,"3.59.05",239.05,"",4]
[2017,"2017-08-06","TRF",null,"PAXTON JON",56,"3.59.33",239.33,"Fastest",1]
[2017,"2017-08-06","TRF",null,"MALY ANDI",57,"3.59.39",239.39,"Fastest",1]
[2017,"2017-08-06","TRF",null,"YOUNGMAN MICHAEL",58,"4.00.39",240.39,"Fastest",2]
[2017,"2017-08-06","TRF",null,"OBRIEN DAVID",59,"4.01.51",241.51,"",2]
[2017,"2017-08-06","TRF",null,"TITMUS STEVEN",60,"4.02.07",242.07,"",19]
[2017,"2017-08-06","TRF",null,"RYAN TAMARA",61,"4.03.02",243.02,"",9]
[2017,"2017-08-06","TRF",null,"FELESINA TONY",62,"4.04.08",244.08,"",23]
[2017,"2017-08-06","TRF",null,"FERIK NICK",63,"4.04.12",244.12,"",2]
[2017,"2017-08-06","TRF",null,"CONNOR TIMOTHY",64,"4.04.14",244.14,"Fastest",3]
[2017,"2017-08-06","TRF",null,"NUTTALL JOHN",65,"4.04.58",244.58,"",14]
[2017,"2017-08-06","TRF",null,"NORRIS BERNIE",66,"4.08.27",248.27,"",19]
[2017,"2017-08-06","TRF",null,"LLOYD ANDREW",67,"4.10.22",250.22,"",6]
[2017,"2017-08-06","TRF",null,"SWEENEY SEAN",68,"4.10.23",250.23,"Fastest",1]
[2017,"2017-08-06","TRF",null,"MAITLAND TEGAHN",69,"4.11.36",251.36,"Fastest",1]
[2017,"2017-08-06","TRF",null,"PONTI BENEDICT",70,"4.14.04",254.04,"Fastest",1]
[2017,"2017-08-06","TRF",null,"HOGAN DANIEL",71,"4.14.05",254.05,"",3]
[2017,"2017-08-06","TRF",null,"COLLARD KAREN",72,"4.14.29",254.29,"Fastest",3]
[2017,"2017-08-06","TRF",null,"FLYNN-PITTAR DEE",73,"4.14.29",254.29,"",5]
[2017,"2017-08-06","TRF",null,"JEFFERIS JENNI",74,"4.15.57",255.57,"",2]
[2017,"2017-08-06","TRF",null,"BROSTROM ELDERENE",75,"4.16.00",256,"",11]
[2017,"2017-08-06","TRF",null,"ATCHESON PARMY",76,"4.16.41",256.41000000000003,"Fastest",1]
[2017,"2017-08-06","TRF",null,"ATCHESON DON",77,"4.16.54",256.54000000000002,"Fastest",1]
[2017,"2017-08-06","TRF",null,"THOMAS DANE",78,"4.17.57",257.57,"Fastest",2]
[2017,"2017-08-06","TRF",null,"HOUGHTON PETER",79,"4.18.06",258.06,"",5]
[2017,"2017-08-06","TRF",null,"GUNN LEN",80,"4.18.12",258.12,"Fastest",1]
[2017,"2017-08-06","TRF",null,"KENNY EAMON",81,"4.18.38",258.38,"Fastest",2]
[2017,"2017-08-06","TRF",null,"JONES CAMERON",82,"4.21.26",261.26,"Fastest",1]
[2017,"2017-08-06","TRF",null,"BECK TREVOR",83,"4.22.03",262.02999999999997,"Fastest",1]
[2017,"2017-08-06","TRF",null,"VAN ANTWERP CHARLES",84,"4.22.48",262.48,"",5]
[2017,"2017-08-06","TRF",null,"HEDGES DAVID",85,"4.23.56",263.56,"",2]
[2017,"2017-08-06","TRF",null,"PETERSEN AMY",86,"4.24.56",264.56,"Fastest",1]
[2017,"2017-08-06","TRF",null,"HULL ALEX",87,"4.25.53",265.52999999999997,"",2]
[2017,"2017-08-06","TRF",null,"STRID ANGELA",88,"4.26.04",266.04000000000002,"Fastest",1]
[2017,"2017-08-06","TRF",null,"CRAWFORD LES",89,"4.26.12",266.12,"Fastest",2]
[2017,"2017-08-06","TRF",null,"GOENER JACK",90,"4.26.56",266.56,"Fastest",1]
[2017,"2017-08-06","TRF",null,"MARUFF TIMOTHY",91,"4.28.05",268.05,"",4]
[2017,"2017-08-06","TRF",null,"JACKSON STUART",92,"4.28.09",268.08999999999997,"",3]
[2017,"2017-08-06","TRF",null,"DESAILLY NICOLE",93,"4.28.32",268.32,"Fastest",1]
[2017,"2017-08-06","TRF",null,"KERRISK JOHN",94,"4.30.43",270.43,"",4]
[2017,"2017-08-06","TRF",null,"ZU CHENG",95,"4.30.49",270.49,"Fastest",1]
[2017,"2017-08-06","TRF",null,"MUNCKTON ANNETTE",96,"4.30.50",270.5,"Fastest",1]
[2017,"2017-08-06","TRF",null,"KRUEGER KAI",97,"4.33.36",273.36,"",2]
[2017,"2017-08-06","TRF",null,"POLETTI ALANA",98,"4.33.43",273.43,"",7]
[2017,"2017-08-06","TRF",null,"PIVA RONETTE",99,"4.33.44",273.44,"Fastest",1]
[2017,"2017-08-06","TRF",null,"STONE JANE",100,"4.34.49",274.49,"Fastest",2]
[2017,"2017-08-06","TRF",null,"DAVIS KATE",101,"4.35.18",275.18,"Fastest",1]
[2017,"2017-08-06","TRF",null,"HUNTER MATTHEW",102,"4.35.46",275.45999999999998,"",2]
[2017,"2017-08-06","TRF",null,"BRENTON PAUL",103,"4.36.16",276.16000000000003,"Fastest",3]
[2017,"2017-08-06","TRF",null,"MULLIGAN JOEL",104,"4.36.29",276.29000000000002,"Fastest",1]
[2017,"2017-08-06","TRF",null,"MCDONALD STEVEN",105,"4.36.31",276.31,"Fastest",1]
[2017,"2017-08-06","TRF",null,"NAPIER LUKE",106,"4.37.31",277.31,"Fastest",1]
[2017,"2017-08-06","TRF",null,"JORDAN ALISON",107,"4.38.12",278.12,"Fastest",1]
[2017,"2017-08-06","TRF",null,"MCCARTHY SHANNON",108,"4.38.28",278.27999999999997,"Fastest",1]
[2017,"2017-08-06","TRF",null,"NORTHFIELD RODNEY",109,"4.39.24",279.24,"",14]
[2017,"2017-08-06","TRF",null,"HOWELL TEGWEN",110,"4.39.27",279.27,"",2]
[2017,"2017-08-06","TRF",null,"FLYNN-PITTAR ISIS",111,"4.40.51",280.51,"",2]
[2017,"2017-08-06","TRF",null,"OTTO ANNALIESE",112,"4.41.13",281.13,"Fastest",3]
[2017,"2017-08-06","TRF",null,"JONES CHERYL",113,"4.41.17",281.17,"Fastest",3]
[2017,"2017-08-06","TRF",null,"CAMERON DONALD",114,"4.41.57",281.57,"Fastest",1]
[2017,"2017-08-06","TRF",null,"PIVA DREW",115,"4.42.02",282.02,"",3]
[2017,"2017-08-06","TRF",null,"JOHNSTON JOHNATHAN",116,"4.42.21",282.20999999999998,"Fastest",1]
[2017,"2017-08-06","TRF",null,"BAINBRIDGE DEAN",117,"4.42.24",282.24,"",7]
[2017,"2017-08-06","TRF",null,"TASSELLI STEPHEN",118,"4.42.24",282.24,"Fastest",3]
[2017,"2017-08-06","TRF",null,"HEATLEY JENNIFER",119,"4.43.25",283.25,"Fastest",1]
[2017,"2017-08-06","TRF",null,"BRENNAN GABRIEL",120,"4.44.52",284.52,"",2]
[2017,"2017-08-06","TRF",null,"HOGGAN JOHN",121,"4.45.27",285.27,"",11]
[2017,"2017-08-06","TRF",null,"PASKE DAVE",122,"4.45.43",285.43,"Fastest",1]
[2017,"2017-08-06","TRF",null,"GRAMUNT GUILLEM",123,"4.45.55",285.55,"Fastest",1]
[2017,"2017-08-06","TRF",null,"KAI NGAN XUE",124,"4.46.00",286,"Fastest",1]
[2017,"2017-08-06","TRF",null,"CI JIREH TEO EN",125,"4.46.00",286,"Fastest",1]
[2017,"2017-08-06","TRF",null,"HOOK SARAH",126,"4.49.02",289.02,"Fastest",1]
[2017,"2017-08-06","TRF",null,"O'BRIEN RAY",127,"4.51.02",291.02,"",6]
[2017,"2017-08-06","TRF",null,"ANDERSEN SHAWN",128,"4.52.02",292.02,"Fastest",1]
[2017,"2017-08-06","TRF",null,"KELLY DAVE",129,"4.52.54",292.54000000000002,"",5]
[2017,"2017-08-06","TRF",null,"MUNDY JUSTIN",130,"4.54.31",294.31,"Fastest",1]
[2017,"2017-08-06","TRF",null,"TOMS ADAM",131,"4.54.50",294.5,"Fastest",1]
[2017,"2017-08-06","TRF",null,"SNELL MATTHEW",132,"4.55.59",295.58999999999997,"",4]
[2017,"2017-08-06","TRF",null,"RANDALL IMOGEN",133,"4.56.24",296.24,"Fastest",1]
[2017,"2017-08-06","TRF",null,"MCDONALD KURT",134,"4.59.58",299.58,"Fastest",1]
[2017,"2017-08-06","TRF",null,"HOAD IAN",135,"5.00.14",300.14,"Fastest",1]
[2017,"2017-08-06","TRF",null,"SWEETING HEIDI",136,"5.02.22",302.22000000000003,"Fastest",1]
[2017,"2017-08-06","TRF",null,"HASTEWELL BRAD",137,"5.04.26",304.26,"",8]
[2017,"2017-08-06","TRF",null,"WALLER SHARON",138,"5.05.44",305.44,"",4]
[2017,"2017-08-06","TRF",null,"LAWSON LORRAINE",139,"5.05.44",305.44,"",4]
[2017,"2017-08-06","TRF",null,"MEHIGAN BENJAMIN",140,"5.06.39",306.39,"Fastest",1]
[2017,"2017-08-06","TRF",null,"MURPHY LORNA",141,"5.07.26",307.26,"Fastest",1]
[2017,"2017-08-06","TRF",null,"STANTON GEOFF",142,"5.10.34",310.33999999999997,"",20]
[2017,"2017-08-06","TRF",null,"BYRNE STEPHEN",143,"5.12.14",312.14,"Fastest",1]
[2017,"2017-08-06","TRF",null,"LAW LAURA",144,"5.13.02",313.02,"Fastest",1]
[2017,"2017-08-06","TRF",null,"JOHNSON CRAIG",145,"5.13.19",313.19,"Fastest",1]
[2017,"2017-08-06","TRF",null,"WALKOM BRENDAN",146,"5.14.50",314.5,"",6]
[2017,"2017-08-06","TRF",null,"DAVIES LAUREN",147,"5.15.27",315.27,"Fastest",1]
[2017,"2017-08-06","TRF",null,"KOEHLER MICHELLE",148,"5.15.58",315.58,"Fastest",1]
[2017,"2017-08-06","TRF",null,"STORM GEORGIA",149,"5.17.22",317.22000000000003,"",2]
[2017,"2017-08-06","TRF",null,"LOWE KAYO",150,"5.20.37",320.37,"Fastest",1]
[2017,"2017-08-06","TRF",null,"WHISTON SCOTT",151,"5.20.57",320.57,"Fastest",1]
[2017,"2017-08-06","TRF",null,"PRATT MATT",152,"5.21.53",321.52999999999997,"Fastest",1]
[2017,"2017-08-06","TRF",null,"MITAI JOSEPH",153,"5.28.37",328.37,"Fastest",1]
[2017,"2017-08-06","TRF",null,"WALQUIST WILL",154,"5.41.34",341.34,"Fastest",1]
[2017,"2017-08-06","TRF",null,"FAGG KEITH",155,"5.45.39",345.39,"",10]
[2017,"2017-08-06","TRF",null,"WHEELER JUDE",156,"5.47.58",347.58,"",2]
[2017,"2017-08-06","TRF",null,"LOFTUS JO",157,"5.52.11",352.11,"Fastest",3]
[2017,"2017-08-06","TRF",null,"RAINS JAYMIE",158,"5.54.48",354.48,"Fastest",1]
[2017,"2017-08-06","TRF",null,"RAINS ALEX",159,"5.54.48",354.48,"",4]
[2017,"2017-08-06","TRF",null,"POWELL GAVIN",160,"5.55.31",355.31,"",5]
[2017,"2017-08-06","TRF",null,"ELMS DAVID",161,"6.00.36",360.36,"",5]
[2017,"2017-08-06","TRF",null,"VAN AKKEREN STEPHEN",162,"6.14.32",374.32,"Fastest",1]
[2017,"2017-08-06","TRF",null,"VAN AKKEREN KALI",163,"6.14.32",374.32,"Fastest",1]
[2017,"2017-08-06","TRF",null,"NEAL MATTHEW",164,"6.22.43",382.43,"",5]
[2017,"2017-08-06","TRF",null,"NUTTALL GRAHAM",165,"6.26.52",386.52,"",2]
[2017,"2017-08-06","TRF",null,"RUTHERFORD ROD",166,"6.28.26",388.26,"",14]
[2017,"2017-08-06","TRF",null,"CROUCH-CHIVERS PAUL",167,"6.36.40",396.4,"",13]
[2017,"2017-08-06","TRF",null,"MANN ROBERT",168,"6.38.59",398.59,"Fastest",1]
[2017,"2017-08-06","TRF",null,"CANNINGS DAVID",169,"6.49.56",409.56,"",21]
[2017,"2017-08-06","TRF",null,"CHEN ZHIXIA","DNF","DNF","DNF","",0]
[2017,"2017-08-06","TRF",null,"YAO YUEHUA","DNF","DNF","DNF","",0]
[2017,"2017-08-06","TRF",null,"ZU YAOKAI","DNF","DNF","DNF","",0]
[2017,"2017-08-06","TRF",null,"DUDMAN CHRIS","DNF","DNF","DNF","",2]
[2017,"2017-08-06","TRF",null,"PULLELLA MATTHEW","DNF","DNF","DNF","",0]
[2017,"2017-08-06","TRF",null,"BANKS COLIN","DNF","DNF","DNF","",7]
[2017,"2017-08-06","TRF",null,"BUCHHOLZ MARK","DNF","DNF","DNF","",1]
[2017,"2017-08-06","TRF",null,"QUINNEY DARRYL","DNF","DNF","DNF","",6]
[2018,"2018-08-05","TRF",null,"GORDON TONY",1,"2.52.05",172.05,"",10]
[2018,"2018-08-05","TRF",null,"HIRUTA YUDAI",2,"3.04.03",184.03,"Fastest",1]
[2018,"2018-08-05","TRF",null,"JONES PETER",3,"3.07.39",187.39,"Fastest",1]
[2018,"2018-08-05","TRF",null,"DOODY JOHN",4,"3.11.07",191.07,"Fastest",1]
[2018,"2018-08-05","TRF",null,"NELSON JOHN",5,"3.14.07",194.18,"Fastest",1]
[2018,"2018-08-05","TRF",null,"SANDRASEGARAN ARAN",6,"3.14.34",194.18,"Fastest",1]
[2018,"2018-08-05","TRF",null,"BOWREY IAN",7,"3.15.18",195.82,"",3]
[2018,"2018-08-05","TRF",null,"DUNSTAN JAMES",8,"3.17.43",197.43,"",5]
[2018,"2018-08-05","TRF",null,"FITZSIMMONS MICHAEL",9,"3.17.47",197.47,"",9]
[2018,"2018-08-05","TRF",null,"STRIPP DEON",10,"3.19.47",199.47,"",3]
[2018,"2018-08-05","TRF",null,"BANKS RICHARD",11,"3.21.07",201.07,"",9]
[2018,"2018-08-05","TRF",null,"READ COLETTE",12,"3.22.37",202.37,"",12]
[2018,"2018-08-05","TRF",null,"SHANNON PATRICK",13,"3.24.43",204.43,"",5]
[2018,"2018-08-05","TRF",null,"BOSCHEN MATTHEW",14,"3.26.07",206.07,"",16]
[2018,"2018-08-05","TRF",null,"CULLEN DAVID",15,"3.27.19",207.18,"Fastest",6]
[2018,"2018-08-05","TRF",null,"ROBINSON HAL",16,"3.28.06",208.06,"Fastest",1]
[2018,"2018-08-05","TRF",null,"KONNO TAKUMA",17,"3.29.32",209.32,"Fastest",1]
[2018,"2018-08-05","TRF",null,"SCHONFELDT-ROY SONJA",18,"3.30.46",210.46,"",5]
[2018,"2018-08-05","TRF",null,"STAFFORD ERIN",19,"3.30.51",210.51,"",7]
[2018,"2018-08-05","TRF",null,"MCDONAGH DEREK",20,"3.33.17",213.18,"",4]
[2018,"2018-08-05","TRF",null,"WHITTY CHRIS",21,"3.33.46",213.46,"Fastest",2]
[2018,"2018-08-05","TRF",null,"NEWMAN PAT",22,"3.33.49",213.49,"Fastest",3]
[2018,"2018-08-05","TRF",null,"SCURRAH ALENA",23,"3.35.22",215.22,"",2]
[2018,"2018-08-05","TRF",null,"BANKS COLIN",24,"3.35.49",215.49,"",7]
[2018,"2018-08-05","TRF",null,"WIGGINS LINDSEY",25,"3.35.55",215.55,"Fastest",1]
[2018,"2018-08-05","TRF",null,"BROWN KEN",26,"3.36.41",216.41,"Fastest",1]
[2018,"2018-08-05","TRF",null,"RYAN TAMARA",27,"3.36.45",216.45,"",9]
[2018,"2018-08-05","TRF",null,"HOLMES ANTHONY",28,"3.37.15",217.18,"Fastest",2]
[2018,"2018-08-05","TRF",null,"HOSHINO KIMIKO",29,"3.37.43",217.43,"Fastest",1]
[2018,"2018-08-05","TRF",null,"KINBACHER DAWN",30,"3.38.23",218.18,"Fastest",3]
[2018,"2018-08-05","TRF",null,"TIDMAS ADRIAN",31,"3.38.33",218.33,"",7]
[2018,"2018-08-05","TRF",null,"LUCK MICHEAL",32,"3.38.41",218.41,"",3]
[2018,"2018-08-05","TRF",null,"MULHOLLAND NICOLE",33,"3.39.53",219.53,"Fastest",1]
[2018,"2018-08-05","TRF",null,"WILSON SEAN",34,"3.41.31",221.31,"Fastest",1]
[2018,"2018-08-05","TRF",null,"EVANS DERRICK",35,"3.41.48",221.18,"",6]
[2018,"2018-08-05","TRF",null,"WALSHAW MATTHEW",36,"3.42.45",222.45,"Fastest",2]
[2018,"2018-08-05","TRF",null,"NICOLOSI KARL",37,"3.44.22",224.22,"",2]
[2018,"2018-08-05","TRF",null,"NOLAN ADAM",38,"3.44.27",224.27,"Fastest",1]
[2018,"2018-08-05","TRF",null,"MANICI ARNO",39,"3.44.46",224.82,"Fastest",1]
[2018,"2018-08-05","TRF",null,"WILSON GREG",40,"3.46.22",226.22,"",9]
[2018,"2018-08-05","TRF",null,"MARSH DUNCAN",41,"3.48.36",228.36,"Fastest",1]
[2018,"2018-08-05","TRF",null,"SPENCE AL",42,"3.48.45",228.45,"",2]
[2018,"2018-08-05","TRF",null,"LLOYD ANDREW",43,"3.49.27",229.18,"Fastest",6]
[2018,"2018-08-05","TRF",null,"STEVENSON ALEC",44,"3.49.27",229.18,"Fastest",1]
[2018,"2018-08-05","TRF",null,"EMERSON JOHN",45,"3.49.39",229.39,"",6]
[2018,"2018-08-05","TRF",null,"KUNKEL SVEN",46,"3.49.41",229.82,"Fastest",1]
[2018,"2018-08-05","TRF",null,"MOTTI HELEN",47,"3.50.44",230.82,"Fastest",1]
[2018,"2018-08-05","TRF",null,"TAUFOOU JACOB",48,"3.51.32",231.32,"",2]
[2018,"2018-08-05","TRF",null,"VICKERS VICKI",49,"3.51.42",231.42,"",6]
[2018,"2018-08-05","TRF",null,"PERKINS DAVE",50,"3.51.42",231.42,"",16]
[2018,"2018-08-05","TRF",null,"VIGERZI FRANK",51,"3.52.17",232.82,"",7]
[2018,"2018-08-05","TRF",null,"BRERETON SARAH",52,"3.52.51",232.51,"",3]
[2018,"2018-08-05","TRF",null,"GARNHAM AARON",53,"3.53.12",233.12,"Fastest",1]
[2018,"2018-08-05","TRF",null,"O'GRADY JOHN",54,"3.54.20",234.82,"Fastest",3]
[2018,"2018-08-05","TRF",null,"DOHERTY BILL",55,"3.54.49",234.49,"",4]
[2018,"2018-08-05","TRF",null,"PIVA DREW",56,"3.55.14",235.14,"",3]
[2018,"2018-08-05","TRF",null,"SPROTT GEOFFREY",57,"3.55.39",235.18,"",10]
[2018,"2018-08-05","TRF",null,"HARDMAN TROY",58,"3.56.25",236.25,"Fastest",1]
[2018,"2018-08-05","TRF",null,"BLINCO TRENT",59,"3.56.29",236.29,"Fastest",1]
[2018,"2018-08-05","TRF",null,"SALINOVICH MATTHEW",60,"3.56.35",236.35,"Fastest",1]
[2018,"2018-08-05","TRF",null,"SMITH AARON",61,"3.56.38",236.38,"Fastest",2]
[2018,"2018-08-05","TRF",null,"WALTON MARI-MAR",62,"3.57.11",237.11,"Fastest",1]
[2018,"2018-08-05","TRF",null,"SMITH ESTHER",63,"3.57.18",237.18,"Fastest",6]
[2018,"2018-08-05","TRF",null,"BELL TESS",64,"3.57.47",237.47,"Fastest",1]
[2018,"2018-08-05","TRF",null,"JEFFERIS JENNI",65,"3.58.01",238.82,"Fastest",2]
[2018,"2018-08-05","TRF",null,"SIMPSON ERIN",66,"3.58.01",238.82,"",6]
[2018,"2018-08-05","TRF",null,"SPENCER DAVID",67,"3.58.12",238.18,"Fastest",2]
[2018,"2018-08-05","TRF",null,"DARVENIZA TRACY",68,"3.58.25",238.25,"Fastest",1]
[2018,"2018-08-05","TRF",null,"HOUGHTON PETER",69,"3.58.37",238.37,"",5]
[2018,"2018-08-05","TRF",null,"GILL MARTIN",70,"4.00.29",240.18,"",4]
[2018,"2018-08-05","TRF",null,"PALFREY-SNEDDON HARRY",71,"4.00.41",240.41,"Fastest",1]
[2018,"2018-08-05","TRF",null,"WYNTER SACHA",72,"4.01.59",242.12,"Fastest",2]
[2018,"2018-08-05","TRF",null,"NUTTALL JOHN",73,"4.02.59",243.12,"",14]
[2018,"2018-08-05","TRF",null,"MAY JARRAH",74,"4.03.42",243.42,"Fastest",1]
[2018,"2018-08-05","TRF",null,"FINET BASTIEN",75,"4.03.55",243.82,"Fastest",1]
[2018,"2018-08-05","TRF",null,"LUNT VICTOR",76,"4.06.45",246.45,"Fastest",1]
[2018,"2018-08-05","TRF",null,"CONNOR TIMOTHY",77,"4.07.26",247.26,"",3]
[2018,"2018-08-05","TRF",null,"FELESINA TONY",78,"4.08.12",248.12,"",23]
[2018,"2018-08-05","TRF",null,"NORRIS BERNIE",79,"4.08.12",248.12,"",19]
[2018,"2018-08-05","TRF",null,"KINBACHER JESSE",80,"4.09.01",249.82,"Fastest",1]
[2018,"2018-08-05","TRF",null,"VAN ANTWERP CHARLES",81,"4.13.48",253.82,"",5]
[2018,"2018-08-05","TRF",null,"BARBER DARREN",82,"4.14.16",254.16,"Fastest",1]
[2018,"2018-08-05","TRF",null,"QUINNEY DARRYL",83,"4.14.36",254.36,"",6]
[2018,"2018-08-05","TRF",null,"GIBBIE JOHN",84,"4.15.24",255.24,"",2]
[2018,"2018-08-05","TRF",null,"EVERNDEN MAREE",85,"4.15.32",255.82,"Fastest",1]
[2018,"2018-08-05","TRF",null,"RAFFERTY SALLY",86,"4.16.20",256.2,"Fastest",1]
[2018,"2018-08-05","TRF",null,"THOMPSON SIMON",87,"4.16.39",256.82,"Fastest",1]
[2018,"2018-08-05","TRF",null,"HUNTER MATTHEW",88,"4.17.25",257.18,"Fastest",2]
[2018,"2018-08-05","TRF",null,"ALROE KATHERINE",89,"4.18.35",258.82,"Fastest",1]
[2018,"2018-08-05","TRF",null,"PATZOLD RICK",90,"4.18.35",258.82,"",10]
[2018,"2018-08-05","TRF",null,"WINTER CRAIG",91,"4.19.42",259.42,"Fastest",1]
[2018,"2018-08-05","TRF",null,"UZAKI KENICHI",92,"4.21.20",261.82,"Fastest",1]
[2018,"2018-08-05","TRF",null,"TITMUS STEVEN",93,"4.22.58",262.58,"",19]
[2018,"2018-08-05","TRF",null,"HENDERAON GAVIN",94,"4.23.03",263.18,"Fastest",1]
[2018,"2018-08-05","TRF",null,"WYPER RYE",95,"4.23.23",263.82,"Fastest",2]
[2018,"2018-08-05","TRF",null,"STORM GEORGIA",96,"4.23.44",263.82,"Fastest",2]
[2018,"2018-08-05","TRF",null,"MILDRUM JOSHUA",97,"4.25.20",265.2,"Fastest",1]
[2018,"2018-08-05","TRF",null,"LYONS ROISIN",98,"4.26.01",266.01,"",2]
[2018,"2018-08-05","TRF",null,"VICKERS ROSS",99,"4.27.29",267.82,"",2]
[2018,"2018-08-05","TRF",null,"GORDON SHAILEIGH",100,"4.31.11",271.18,"Fastest",1]
[2018,"2018-08-05","TRF",null,"BYRNES RYAN",101,"4.31.51",271.82,"Fastest",1]
[2018,"2018-08-05","TRF",null,"HORNMAN MICHAEL",102,"4.31.56",271.56,"Fastest",1]
[2018,"2018-08-05","TRF",null,"JOHNSTONE ROBERT",103,"4.33.07",273.07,"",2]
[2018,"2018-08-05","TRF",null,"MENTOR ANDRE",104,"4.34.10",274.10000000000002,"",4]
[2018,"2018-08-05","TRF",null,"KENNY EAMON",105,"4.34.32",274.32,"",2]
[2018,"2018-08-05","TRF",null,"BROSTROM ELDERENE",106,"4.35.34",275.33999999999997,"",11]
[2018,"2018-08-05","TRF",null,"DUNBAR-REID KYLIE",107,"4.37.00",277,"Fastest",1]
[2018,"2018-08-05","TRF",null,"SMITH EVAN",108,"4.37.47",277.47000000000003,"",2]
[2018,"2018-08-05","TRF",null,"ERHART HAYLEY",109,"4.38.03",278.02999999999997,"Fastest",2]
[2018,"2018-08-05","TRF",null,"MCDONALD CHRIS",110,"4.39.09",279.08999999999997,"Fastest",1]
[2018,"2018-08-05","TRF",null,"POLETTI ALANA",111,"4.39.23",279.36,"",7]
[2018,"2018-08-05","TRF",null,"SNELL MATTHEW",112,"4.39.49",279.49,"",4]
[2018,"2018-08-05","TRF",null,"TAYLOR CHRIS",113,"4.40.15",280.14999999999998,"",2]
[2018,"2018-08-05","TRF",null,"WILLIAMS PAMELA",114,"4.41.35",281.35000000000002,"",4]
[2018,"2018-08-05","TRF",null,"LEWANDOWSKI MATTHEW",115,"4.42.31",282.31,"Fastest",1]
[2018,"2018-08-05","TRF",null,"KO WILSON",116,"4.44.47",284.64,"Fastest",1]
[2018,"2018-08-05","TRF",null,"WARMAN CHRISSY",117,"4.47.42",287.42,"",2]
[2018,"2018-08-05","TRF",null,"STONE JANE",118,"4.48.27",288.27,"",2]
[2018,"2018-08-05","TRF",null,"HALL-MATTHEWS BERNERS",119,"4.49.08",289.08,"",2]
[2018,"2018-08-05","TRF",null,"O'CONNOR THERESA",120,"4.50.53",290.52999999999997,"",10]
[2018,"2018-08-05","TRF",null,"HOBBS KATRINA",121,"4.51.24",291.24,"Fastest",1]
[2018,"2018-08-05","TRF",null,"EAVES HEATH",122,"4.51.40",291.64,"Fastest",1]
[2018,"2018-08-05","TRF",null,"HASTEWELL BRAD",123,"4.52.10",292.10000000000002,"",8]
[2018,"2018-08-05","TRF",null,"BAINBRIDGE DEAN",124,"4.52.23",292.23,"",7]
[2018,"2018-08-05","TRF",null,"CHASE KIM",125,"4.54.58",294.58,"",2]
[2018,"2018-08-05","TRF",null,"HOGGAN JOHN",126,"4.55.34",295.33999999999997,"",11]
[2018,"2018-08-05","TRF",null,"KELLY DAVE",127,"4.57.17",297.17,"",5]
[2018,"2018-08-05","TRF",null,"RYAN ROBBIE",128,"5.02.13",302.13,"",2]
[2018,"2018-08-05","TRF",null,"HICKEY SAMANTHA",129,"5.02.50",302.5,"Fastest",1]
[2018,"2018-08-05","TRF",null,"STANTON GEOFF",130,"5.02.50",302.5,"",20]
[2018,"2018-08-05","TRF",null,"O'BRIEN RAY",131,"5.04.15",304.36,"",6]
[2018,"2018-08-05","TRF",null,"COLLARD KAREN",132,"5.06.27",306.27,"",3]
[2018,"2018-08-05","TRF",null,"FINLAY CORAL",133,"5.07.35",307.35000000000002,"Fastest",1]
[2018,"2018-08-05","TRF",null,"STURZAKER JANE",134,"5.07.46",307.45999999999998,"",6]
[2018,"2018-08-05","TRF",null,"CARTER NATALIE",135,"5.10.48",310.48,"Fastest",1]
[2018,"2018-08-05","TRF",null,"SMITH NATHAN",136,"5.14.21",314.20999999999998,"Fastest",1]
[2018,"2018-08-05","TRF",null,"JONES CHERYL",137,"5.14.32",314.32,"",3]
[2018,"2018-08-05","TRF",null,"SLATCHER MATTHEW",138,"5.15.00",315,"Fastest",1]
[2018,"2018-08-05","TRF",null,"FULLER KYLIE",139,"5.15.32",315.64,"Fastest",1]
[2018,"2018-08-05","TRF",null,"WALKOM BRENDAN",140,"5.19.16",319.64,"",6]
[2018,"2018-08-05","TRF",null,"PAPA AMELIA",141,"5.22.25",322.25,"Fastest",1]
[2018,"2018-08-05","TRF",null,"SANT MONIQUE",142,"5.22.25",322.25,"Fastest",1]
[2018,"2018-08-05","TRF",null,"ROBSON SHARON",143,"5.26.06",326.06,"",3]
[2018,"2018-08-05","TRF",null,"FADDY SANDI",144,"5.26.06",326.36,"",2]
[2018,"2018-08-05","TRF",null,"TSIRONIS DIMITRIOS",145,"5.28.00",328,"Fastest",1]
[2018,"2018-08-05","TRF",null,"LEWIS ANDREA",146,"5.29.13",329.13,"Fastest",1]
[2018,"2018-08-05","TRF",null,"ZHU ZHIWEI RANDY",147,"5.29.17",329.17,"Fastest",1]
[2018,"2018-08-05","TRF",null,"DEAN GREG",148,"5.29.31",329.64,"Fastest",1]
[2018,"2018-08-05","TRF",null,"HOOD MARC",149,"5.34.09",334.09,"",4]
[2018,"2018-08-05","TRF",null,"FAGG KEITH",150,"5.39.34",339.34,"",10]
[2018,"2018-08-05","TRF",null,"DONOVAN DALE",151,"5.40.26",340.26,"Fastest",1]
[2018,"2018-08-05","TRF",null,"LANGE ANDREW",152,"5.40.32",340.32,"Fastest",1]
[2018,"2018-08-05","TRF",null,"PIKOULAS VALENTINO",153,"5.42.32",342.32,"Fastest",1]
[2018,"2018-08-05","TRF",null,"POWELL GAVIN",154,"5.48.55",348.64,"",5]
[2018,"2018-08-05","TRF",null,"PICCINELLI SCOTT",155,"5.52.11",352.11,"Fastest",1]
[2018,"2018-08-05","TRF",null,"RISKE KATIE",156,"5.52.55",352.55,"",2]
[2018,"2018-08-05","TRF",null,"LOFTUS JO",157,"5.57.28",357.28,"",3]
[2018,"2018-08-05","TRF",null,"OTTO ANNALIESE",158,"5.57.59",357.59,"",3]
[2018,"2018-08-05","TRF",null,"CANNINGS DAVID",159,"5.59.54",359.54,"",21]
[2018,"2018-08-05","TRF",null,"RAINS ALEX",160,"6.01.44",361.44,"",4]
[2018,"2018-08-05","TRF",null,"DYER ALEXANDRA",161,"6.01.55",361.64,"Fastest",1]
[2018,"2018-08-05","TRF",null,"EDGAR ALEXANDER",162,"6.12.31",372.31,"Fastest",1]
[2018,"2018-08-05","TRF",null,"EN CI JIREH TEO",163,"6.12.31",372.31,"Fastest",1]
[2018,"2018-08-05","TRF",null,"BEIL LYNDIE",164,"6.18.59",378.59,"Fastest",1]
[2018,"2018-08-05","TRF",null,"OATS CHERYL",165,"6.18.59",378.59,"Fastest",1]
[2018,"2018-08-05","TRF",null,"NEAL MATTHEW",166,"6.22.25",382.25,"",5]
[2018,"2018-08-05","TRF",null,"STEWART VIJAYA",167,"6.38.59",398.59,"Fastest",1]
[2018,"2018-08-05","TRF",null,"MACKENZIE BRIGITTE",168,"6.52.38",412.36,"Fastest",1]
[2018,"2018-08-05","TRF",null,"TORRENS ADAM",169,"7.34.58",454.64,"Fastest",1]
[2018,"2018-08-05","TRF",null,"TORRENS GABRIELA",170,"7.34.58",454.64,"Fastest",1]
[2019,"2019-08-04","TRF",null,"GEBRESELASSIE DEJEN",1,"2:31:23",151.22999999999999,"Fastest",2]
[2019,"2019-08-04","TRF",null,"DALY MICHAEL",2,"2:36:47",156.47,"Fastest",1]
[2019,"2019-08-04","TRF",null,"PEARSON NEIL",3,"2:40:24",160.24,"",3]
[2019,"2019-08-04","TRF",null,"DAVIES BRENDAN",4,"2:50:04",170.04,"Fastest",1]
[2019,"2019-08-04","TRF",null,"FRAZER JAEMIN",5,"2:57:06",177.06,"",6]
[2019,"2019-08-04","TRF",null,"BANKS RICHARD",6,"2:57:42",177.42,"",9]
[2019,"2019-08-04","TRF",null,"HALL JASON",7,"2:57:49",177.49,"Fastest",1]
[2019,"2019-08-04","TRF",null,"GORDON TONY",8,"2:59:14",179.14,"",10]
[2019,"2019-08-04","TRF",null,"CAMILLERI JONATHAN",9,"3:02:18",182.18,"",4]
[2019,"2019-08-04","TRF",null,"DUNSTAN JAMES",10,"3:07:08",187.08,"Fastest",5]
[2019,"2019-08-04","TRF",null,"BROWN SHANE",11,"3:10:00",190,"Fastest",1]
[2019,"2019-08-04","TRF",null,"KOHLITZ SHANNON",12,"3:10:43",190.43,"Fastest",1]
[2019,"2019-08-04","TRF",null,"HUTCHINSON MARK",13,"3:13:56",193.56,"Fastest",1]
[2019,"2019-08-04","TRF",null,"COPP PHIL",14,"3:15:59",195.59,"",10]
[2019,"2019-08-04","TRF",null,"HAWKINS ZOE",15,"3:16:37",196.37,"Fastest",1]
[2019,"2019-08-04","TRF",null,"GEORGOPOULOS KON",16,"3:21:31",201.31,"Fastest",1]
[2019,"2019-08-04","TRF",null,"BANKS COLIN",17,"3:22:38",202.38,"",7]
[2019,"2019-08-04","TRF",null,"WEBBER BRIDGET",18,"3:23:02",203.02,"",5]
[2019,"2019-08-04","TRF",null,"BOLES RACHAEL",19,"3:23:48",203.48,"Fastest",1]
[2019,"2019-08-04","TRF",null,"WOOLFE DAMIEN",20,"3:24:09",204.09,"Fastest",1]
[2019,"2019-08-04","TRF",null,"CULLEN DAVID",21,"3:27:46",207.46,"",6]
[2019,"2019-08-04","TRF",null,"THOMPSON LUKE",22,"3:29:56",209.56,"Fastest",1]
[2019,"2019-08-04","TRF",null,"MCDONAGH DEREK",23,"3:31:50",211.5,"",4]
[2019,"2019-08-04","TRF",null,"SCURRAH ALENA",24,"3:31:55",211.55,"Fastest",2]
[2019,"2019-08-04","TRF",null,"TIDMAS ADRIAN",25,"3:32:21",212.21,"Fastest",7]
[2019,"2019-08-04","TRF",null,"GOULD VINCENT",26,"3:32:54",212.54,"Fastest",2]
[2019,"2019-08-04","TRF",null,"SUANA ENRIQUE",27,"3:33:59",213.59,"Fastest",4]
[2019,"2019-08-04","TRF",null,"EVANS DERRICK",28,"3:34:08",214.08,"Fastest",6]
[2019,"2019-08-04","TRF",null,"DALEY JONATHAN",29,"3:34:37",214.37,"Fastest",1]
[2019,"2019-08-04","TRF",null,"HARGRAVE EDWARD",30,"3:34:38",214.38,"Fastest",1]
[2019,"2019-08-04","TRF",null,"VICKERS VICKI",31,"3:35:25",215.25,"Fastest",6]
[2019,"2019-08-04","TRF",null,"CHAND KUSH",32,"3:36:16",216.16,"Fastest",1]
[2019,"2019-08-04","TRF",null,"BELONOGOFF ALEXANDER",33,"3:37:31",217.31,"Fastest",1]
[2019,"2019-08-04","TRF",null,"MOORE STUART",34,"3:38:16",218.16,"",2]
[2019,"2019-08-04","TRF",null,"RYAN TAMARA",35,"3:38:36",218.36,"",9]
[2019,"2019-08-04","TRF",null,"MAUDSLEY CHRIS",36,"3:38:50",218.5,"Fastest",1]
[2019,"2019-08-04","TRF",null,"BOXSELL AYDEN",37,"3:38:51",218.51,"Fastest",1]
[2019,"2019-08-04","TRF",null,"CUMMINGS MITCHELL",38,"3:38:59",218.59,"Fastest",1]
[2019,"2019-08-04","TRF",null,"WILSON GREG",39,"3:39:01",219.01,"",9]
[2019,"2019-08-04","TRF",null,"EMERSON JOHN",40,"3:39:12",219.12,"",6]
[2019,"2019-08-04","TRF",null,"MORRIS ANDREW",41,"3:39:26",219.26,"Fastest",1]
[2019,"2019-08-04","TRF",null,"NICOLOSI KARL",42,"3:39:43",219.43,"Fastest",2]
[2019,"2019-08-04","TRF",null,"KINBACHER DAWN",43,"3:39:50",219.5,"",3]
[2019,"2019-08-04","TRF",null,"JEFFRIES STEVEN",44,"3:39:52",219.52,"Fastest",1]
[2019,"2019-08-04","TRF",null,"TOTH CSABA",45,"3:40:02",220.02,"Fastest",1]
[2019,"2019-08-04","TRF",null,"TAT YAN WONG PAUL",46,"3:40:04",220.04,"Fastest",1]
[2019,"2019-08-04","TRF",null,"WHITTY CHRIS",47,"3:41:11",221.11,"",2]
[2019,"2019-08-04","TRF",null,"BAIROS-NOVAK YOLOSWAG",48,"3:41:38",221.38,"Fastest",1]
[2019,"2019-08-04","TRF",null,"BOSCHEN MATTHEW",49,"3:41:44",221.44,"",16]
[2019,"2019-08-04","TRF",null,"NAN TIE RODNEY",50,"3:45:49",225.49,"Fastest",1]
[2019,"2019-08-04","TRF",null,"NEWMAN PAT",51,"3:47:18",227.18,"",3]
[2019,"2019-08-04","TRF",null,"BOOTH CHRIS",52,"3:47:18",227.18,"Fastest",1]
[2019,"2019-08-04","TRF",null,"FOSTER RODNEY",53,"3:47:29",227.29,"Fastest",1]
[2019,"2019-08-04","TRF",null,"LONERAGAN DANIEL",54,"3:47:33",227.33,"Fastest",1]
[2019,"2019-08-04","TRF",null,"LONG JAMES",55,"3:49:22",229.22,"Fastest",1]
[2019,"2019-08-04","TRF",null,"BRIGHT QUENTIN",56,"3:49:48",229.48,"Fastest",1]
[2019,"2019-08-04","TRF",null,"BARRETT ELLIE",57,"3:49:56",229.56,"Fastest",1]
[2019,"2019-08-04","TRF",null,"PATZOLD RICK",58,"3:50:12",230.12,"",10]
[2019,"2019-08-04","TRF",null,"COYLE GRAHAM",59,"3:50:28",230.28,"Fastest",1]
[2019,"2019-08-04","TRF",null,"PIVA DREW",60,"3:50:37",230.37,"Fastest",3]
[2019,"2019-08-04","TRF",null,"HOUGHTON PETER",61,"3:50:43",230.43,"",5]
[2019,"2019-08-04","TRF",null,"COLDITZ MICHAEL",62,"3:51:20",231.2,"Fastest",1]
[2019,"2019-08-04","TRF",null,"SCOTT MICHELLE",63,"3:51:47",231.47,"Fastest",2]
[2019,"2019-08-04","TRF",null,"NASH ETHAN",64,"3:51:52",231.52,"Fastest",1]
[2019,"2019-08-04","TRF",null,"PERKINS DAVE",65,"3:52:07",232.07,"",16]
[2019,"2019-08-04","TRF",null,"MOORE BRENDAN",66,"3:53:10",233.1,"Fastest",1]
[2019,"2019-08-04","TRF",null,"EAGLES RUTH",67,"3:54:03",234.03,"",6]
[2019,"2019-08-04","TRF",null,"TURNER RHYS",68,"3:54:23",234.23,"Fastest",1]
[2019,"2019-08-04","TRF",null,"EBDY KAREN",69,"3:54:25",234.25,"",4]
[2019,"2019-08-04","TRF",null,"ROBERTSON FLETCHER",70,"3:54:58",234.58,"Fastest",1]
[2019,"2019-08-04","TRF",null,"FITZSIMMONS MICHAEL",71,"3:56:50",236.5,"",9]
[2019,"2019-08-04","TRF",null,"WEBSTER CAMERON",72,"3:56:51",236.51,"Fastest",1]
[2019,"2019-08-04","TRF",null,"STAFFORD ERIN",73,"3:56:51",236.51,"",7]
[2019,"2019-08-04","TRF",null,"EASTWOOD MATTHEW",74,"3:57:05",237.05,"Fastest",1]
[2019,"2019-08-04","TRF",null,"IGNATOV ALEXANDER",75,"3:57:13",237.13,"Fastest",1]
[2019,"2019-08-04","TRF",null,"GILL MARTIN",76,"3:57:38",237.38,"",4]
[2019,"2019-08-04","TRF",null,"KRUEGER KAI",77,"3:57:44",237.44,"Fastest",2]
[2019,"2019-08-04","TRF",null,"MADGE LACHLAN",78,"3:58:11",238.11,"Fastest",1]
[2019,"2019-08-04","TRF",null,"SHARROCK LEANNE",79,"3:58:39",238.39,"Fastest",1]
[2019,"2019-08-04","TRF",null,"CLAUSS ROBERT",80,"3:58:41",238.41,"Fastest",1]
[2019,"2019-08-04","TRF",null,"HOGAN DANIEL",81,"3:58:55",238.55,"Fastest",3]
[2019,"2019-08-04","TRF",null,"CARRUTHERS BEN",82,"3:59:08",239.08,"Fastest",1]
[2019,"2019-08-04","TRF",null,"HOSKING JOSIAH",83,"4:01:44",241.44,"Fastest",1]
[2019,"2019-08-04","TRF",null,"HEDLEY SCOTT",84,"4:02:03",242.03,"",4]
[2019,"2019-08-04","TRF",null,"FULLER GRADON",85,"4:02:37",242.37,"Fastest",1]
[2019,"2019-08-04","TRF",null,"NAN TIE SHAREE LEE",86,"4:06:03",246.03,"",5]
[2019,"2019-08-04","TRF",null,"VAN BEKKUM PETA",87,"4:06:13",246.13,"Fastest",2]
[2019,"2019-08-04","TRF",null,"TITMUS STEVEN",88,"4:06:22",246.22,"",19]
[2019,"2019-08-04","TRF",null,"HERON MARK",89,"4:06:23",246.23,"Fastest",1]
[2019,"2019-08-04","TRF",null,"FRANEY NICK",90,"4:06:24",246.24,"Fastest",1]
[2019,"2019-08-04","TRF",null,"LEE JAMES",91,"4:06:24",246.24,"Fastest",1]
[2019,"2019-08-04","TRF",null,"BROSTROM ELDERENE",92,"4:07:07",247.07,"",11]
[2019,"2019-08-04","TRF",null,"SPENCER DAVID",93,"4:07:19",247.19,"",2]
[2019,"2019-08-04","TRF",null,"BOYCE ANDREA",94,"4:07:55",247.55,"Fastest",1]
[2019,"2019-08-04","TRF",null,"SCUDERI MARIA",95,"4:10:50",250.5,"Fastest",3]
[2019,"2019-08-04","TRF",null,"MACKIE TESSA",96,"4:11:00",251,"Fastest",2]
[2019,"2019-08-04","TRF",null,"VAN ANTWERP CHARLES",97,"4:11:00",251,"",5]
[2019,"2019-08-04","TRF",null,"SMITH ESTHER",98,"4:12:15",252.15,"",6]
[2019,"2019-08-04","TRF",null,"MENTOR ANDRE",99,"4:13:23",253.23,"",4]
[2019,"2019-08-04","TRF",null,"BIRD DEVEN",100,"4:14:05",254.05,"",5]
[2019,"2019-08-04","TRF",null,"SIMPSON ERIN",101,"4:14:37",254.37,"",6]
[2019,"2019-08-04","TRF",null,"WILLIAMS WARREN",102,"4:15:29",255.29,"Fastest",1]
[2019,"2019-08-04","TRF",null,"O'GRADY JOHN",103,"4:16:32",256.32,"",3]
[2019,"2019-08-04","TRF",null,"HENRY GAVIN",104,"4:17:49",257.49,"Fastest",1]
[2019,"2019-08-04","TRF",null,"KELLY DAVE",105,"4:18:08",258.08,"Fastest",5]
[2019,"2019-08-04","TRF",null,"WYNTER SACHA",106,"4:18:15",258.14999999999998,"",2]
[2019,"2019-08-04","TRF",null,"BUDD ROSLYN",107,"4:18:23",258.23,"",2]
[2019,"2019-08-04","TRF",null,"BARLOW AMANDA",108,"4:18:23",258.23,"Fastest",1]
[2019,"2019-08-04","TRF",null,"ARCHER MICHAEL",109,"4:18:32",258.32,"",4]
[2019,"2019-08-04","TRF",null,"READ COLETTE",110,"4:19:21",259.20999999999998,"",12]
[2019,"2019-08-04","TRF",null,"MALHERBE HENDRIK",111,"4:21:54",261.54000000000002,"Fastest",1]
[2019,"2019-08-04","TRF",null,"TREVOR THOMAS",112,"4:22:30",262.3,"Fastest",1]
[2019,"2019-08-04","TRF",null,"SOLDATI JAYDEN",113,"4:24:03",264.02999999999997,"Fastest",1]
[2019,"2019-08-04","TRF",null,"COOPER ARTHUR",114,"4:24:06",264.06,"Fastest",1]
[2019,"2019-08-04","TRF",null,"PEACH ROB",115,"4:24:23",264.23,"Fastest",1]
[2019,"2019-08-04","TRF",null,"VICKERS ROSS",116,"4:25:33",265.33,"Fastest",2]
[2019,"2019-08-04","TRF",null,"HOGGAN JOHN",117,"4:25:47",265.47000000000003,"",11]
[2019,"2019-08-04","TRF",null,"BROWN TREVOR",118,"4:25:47",265.47000000000003,"",6]
[2019,"2019-08-04","TRF",null,"TAYLOR CHRIS",119,"4:26:49",266.49,"Fastest",2]
[2019,"2019-08-04","TRF",null,"FISICARO MICHAEL",120,"4:26:49",266.49,"Fastest",1]
[2019,"2019-08-04","TRF",null,"SMITH EVAN",121,"4:26:59",266.58999999999997,"Fastest",2]
[2019,"2019-08-04","TRF",null,"SMID MICHAEL",122,"4:27:22",267.22000000000003,"Fastest",1]
[2019,"2019-08-04","TRF",null,"PALMERO ELLIE",123,"4:28:08",268.08,"Fastest",1]
[2019,"2019-08-04","TRF",null,"BAXTER JOHN",124,"4:29:29",269.29000000000002,"Fastest",1]
[2019,"2019-08-04","TRF",null,"WYPER RYE",125,"4:29:59",269.58999999999997,"",2]
[2019,"2019-08-04","TRF",null,"METCALFE DANIEL",126,"4:30:28",270.27999999999997,"Fastest",1]
[2019,"2019-08-04","TRF",null,"FAGG KEITH",127,"4:30:30",270.3,"",10]
[2019,"2019-08-04","TRF",null,"GREEN CAROLYN",128,"4:31:06",271.06,"Fastest",1]
[2019,"2019-08-04","TRF",null,"FELESINA TONY",129,"4:33:59",273.58999999999997,"",23]
[2019,"2019-08-04","TRF",null,"BRADRIDGE HUGH",130,"4:36:48",276.48,"Fastest",1]
[2019,"2019-08-04","TRF",null,"GORBAL DAVID",131,"4:37:14",277.14,"Fastest",2]
[2019,"2019-08-04","TRF",null,"LAWSON LORRAINE",132,"4:37:26",277.26,"",4]
[2019,"2019-08-04","TRF",null,"WILLIAMSON MARK",133,"4:37:44",277.44,"Fastest",1]
[2019,"2019-08-04","TRF",null,"BAINBRIDGE DEAN",134,"4:38:31",278.31,"",7]
[2019,"2019-08-04","TRF",null,"SNELL MATTHEW",135,"4:38:42",278.42,"",4]
[2019,"2019-08-04","TRF",null,"ROUSE AMY",136,"4:40:19",280.19,"Fastest",1]
[2019,"2019-08-04","TRF",null,"ERHART HAYLEY",137,"4:41:40",281.39999999999998,"",2]
[2019,"2019-08-04","TRF",null,"CAVANAGH BEN",138,"4:41:53",281.52999999999997,"Fastest",1]
[2019,"2019-08-04","TRF",null,"VAN EWYK JOANNE",139,"4:42:13",282.13,"Fastest",1]
[2019,"2019-08-04","TRF",null,"BAKER MATT",140,"4:42:51",282.51,"",9]
[2019,"2019-08-04","TRF",null,"SZABO DANIEL",141,"4:44:21",284.20999999999998,"Fastest",1]
[2019,"2019-08-04","TRF",null,"GILL RUSSELL",142,"4:49:31",289.31,"Fastest",1]
[2019,"2019-08-04","TRF",null,"DOUGLAS AMANDA",143,"4:52:25",292.25,"Fastest",1]
[2019,"2019-08-04","TRF",null,"FITZGERALD TOM",144,"4:53:00",293,"Fastest",1]
[2019,"2019-08-04","TRF",null,"LAIDLER MANSELL",145,"4:55:48",295.48,"Fastest",1]
[2019,"2019-08-04","TRF",null,"MITAI ANTOINETTE",146,"4:56:38",296.38,"Fastest",1]
[2019,"2019-08-04","TRF",null,"BILLOT JAMIE",147,"4:56:38",296.38,"Fastest",1]
[2019,"2019-08-04","TRF",null,"VAN IWAARDEN HANNAH",148,"4:56:41",296.41000000000003,"Fastest",1]
[2019,"2019-08-04","TRF",null,"DOULIS SCOT",149,"4:57:30",297.3,"Fastest",1]
[2019,"2019-08-04","TRF",null,"WESTON SIMON",150,"4:58:22",298.22000000000003,"Fastest",1]
[2019,"2019-08-04","TRF",null,"O'BRIEN RAY",151,"4:59:33",299.33,"",6]
[2019,"2019-08-04","TRF",null,"CASPANI ANGELINA",152,"5:01:39",301.39,"Fastest",1]
[2019,"2019-08-04","TRF",null,"NORRIS BERNIE",153,"5:06:41",306.41000000000003,"",19]
[2019,"2019-08-04","TRF",null,"NUTTALL JOHN",154,"5:06:41",306.41000000000003,"",14]
[2019,"2019-08-04","TRF",null,"HARRIS DIANE",155,"5:09:32",309.32,"Fastest",1]
[2019,"2019-08-04","TRF",null,"HASTEWELL BRAD",156,"5:10:41",310.41000000000003,"",8]
[2019,"2019-08-04","TRF",null,"WANG NANCY",157,"5:11:13",311.13,"Fastest",1]
[2019,"2019-08-04","TRF",null,"KOMOTO SHUNYA",158,"5:16:35",316.35000000000002,"",5]
[2019,"2019-08-04","TRF",null,"STANTON GEOFF",159,"5:19:31",319.31,"",20]
[2019,"2019-08-04","TRF",null,"OSTLER TOBY",160,"5:35:22",335.22,"Fastest",1]
[2019,"2019-08-04","TRF",null,"PAIN GAVIN",161,"5:35:47",335.47,"",2]
[2019,"2019-08-04","TRF",null,"TAMBLYN JODI",162,"5:37:03",337.03,"Fastest",1]
[2019,"2019-08-04","TRF",null,"O'CONNOR THERESA",163,"5:39:21",339.21,"",10]
[2019,"2019-08-04","TRF",null,"KERRISK JOHN",164,"5:39:21",339.21,"",4]
[2019,"2019-08-04","TRF",null,"HOOD MARC",165,"5:41:25",341.25,"",4]
[2019,"2019-08-04","TRF",null,"HESLOP IAN",166,"5:46:29",346.29,"",2]
[2019,"2019-08-04","TRF",null,"CRASE WAYNE",167,"5:48:20",348.2,"",12]
[2019,"2019-08-04","TRF",null,"VARDY JESSICA",168,"5:55:36",355.36,"",2]
[2019,"2019-08-04","TRF",null,"POWELL GAVIN",169,"5:59:57",359.57,"",5]
[2019,"2019-08-04","TRF",null,"SLATYER LINA",170,"6:37:01",397.01,"Fastest",1]
[2019,"2019-08-04","TRF",null,"REDDERHOF NICOLE",171,"6:55:14",415.14,"Fastest",1]
[2019,"2019-08-04","TRF",null,"CANNINGS DAVID",172,"6:56:57",416.57,"",21]
[2019,"2019-08-04","TRF",null,"O'KEEFFE CATHERINE",173,"6:57:09",417.09,"Fastest",1]
[2019,"2019-08-04","TRF",null,"SWALE VAUGHAN","DNF","DNF","DNF","",0]
[2019,"2019-08-04","TRF",null,"VON SENDEN DAVID","DNF","DNF","DNF","",4]
[2019,"2019-08-04","TRF",null,"OATS CHERYL","DNF","DNF","DNF","",1]
[2019,"2019-08-04","TRF",null,"SCHONFELDT-ROY SONJA","DNF","DNF","DNF","",5]
[2019,"2019-08-04","TRF",null,"CLEMENTS MICHAEL","DNF","DNF","DNF","",2]
[2019,"2019-08-04","TRF",null,"DUDMAN CHRIS","DNF","DNF","DNF","",2]
[2019,"2019-08-04","TRF",null,"JACKSON DONNA","DNF","DNF","DNF","",0]
[2019,"2019-08-04","TRF",null,"KO WILSON","DNF","DNF","DNF","",1]
[2019,"2019-08-04","TRF",null,"LEE YURA","DNF","DNF","DNF","",0]
[2019,"2019-08-04","TRF",null,"MORRISSON TIM","DNF","DNF","DNF","",0]
[2019,"2019-08-04","TRF",null,"MULLIGAN JOEL","DNF","DNF","DNF","",1]
[2019,"2019-08-04","TRF",null,"OTTO ANNALIESE","DNF","DNF","DNF","",3]
[2019,"2019-08-04","TRF",null,"DESAILLY NICOLE","DNF","DNF","DNF","",1]
[2019,"2019-08-04","TRF",null,"WALKOM BRENDAN","DNF","DNF","DNF","",6]
[2019,"2019-08-04","TRF",null,"FLORES MONIQUE","DNF","DNF","DNF","",0]
[2019,"2019-08-04","TRF",null,"JOHNSTONE ROBERT","DNF","DNF","DNF","",2]
[2019,"2019-08-04","TRF",null,"RICHES SHAYNE","DNF","DNF","DNF","",0]
[2019,"2019-08-04","TRF",null,"HARGRAVE JAMES","DNF","DNF","DNF","",0]
[2020,"2020-08-02","Virtual",null,"GORDON TONY",1,"02:48:11",168.11,"",10]
[2020,"2020-08-02","Virtual",null,"CAMILLERI JONATHAN",2,"03:11:28",191.28,"",4]
[2020,"2020-08-02","Virtual",null,"SHANNON PATRICK",3,"03:21:53",201.53,"Fastest",5]
[2020,"2020-08-02","Virtual",null,"BANKS COLIN",4,"03:23:32",203.32,"",7]
[2020,"2020-08-02","Virtual",null,"PARKINS SARAH",5,"03:25:11",205.11,"",3]
[2020,"2020-08-02","Virtual",null,"BRAMLEY CRAIG",6,"03:27:03",207.03,"Fastest",1]
[2020,"2020-08-02","Virtual",null,"WEBBER BRIDGET",7,"03:34:47",214.47,"",5]
[2020,"2020-08-02","Virtual",null,"HAMILTON LINDSAY",8,"03:36:38",216.38,"Fastest",2]
[2020,"2020-08-02","Virtual",null,"BOSCHEN MATTHEW",9,"03:38:27",218.27,"",16]
[2020,"2020-08-02","Virtual",null,"GUY BRAD",10,"03:43:54",223.54,"Fastest",1]
[2020,"2020-08-02","Virtual",null,"WILSON GREG",11,"03:44:30",224.3,"",9]
[2020,"2020-08-02","Virtual",null,"SCHICK GERARD",12,"03:45:56",225.56,"Fastest",1]
[2020,"2020-08-02","Virtual",null,"ZERVOS RODNEY",13,"03:46:58",226.58,"Fastest",1]
[2020,"2020-08-02","Virtual",null,"NEWMAN PAT",14,"03:48:10",228.1,"",3]
[2020,"2020-08-02","Virtual",null,"ARNOLD DAVID",15,"03:49:46",229.46,"",3]
[2020,"2020-08-02","Virtual",null,"STAFFORD ERIN",16,"03:55:42",235.42,"",7]
[2020,"2020-08-02","Virtual",null,"FITZSIMMONS MICHAEL",17,"03:55:44",235.44,"",9]
[2020,"2020-08-02","Virtual",null,"ARCHER MICHAEL",18,"03:55:51",235.51,"",4]
[2020,"2020-08-02","Virtual",null,"KELLY(2) DAVE",19,"03:56:21",236.21,"Fastest",1]
[2020,"2020-08-02","Virtual",null,"NEIMANIS PETER",20,"03:57:11",237.11,"",8]
[2020,"2020-08-02","Virtual",null,"BUDD ROSLYN",21,"03:58:20",238.2,"Fastest",2]
[2020,"2020-08-02","Virtual",null,"BIRD DEVEN",22,"03:58:29",238.29,"",5]
[2020,"2020-08-02","Virtual",null,"RYAN TAMARA",23,"04:01:57",241.57,"",9]
[2020,"2020-08-02","Virtual",null,"CROWTHER JASON",24,"04:12:44",252.44,"Fastest",1]
[2020,"2020-08-02","Virtual",null,"QUAGLIATA LAURA",25,"04:13:58",253.58,"Fastest",1]
[2020,"2020-08-02","Virtual",null,"SCUDERI MARIA",26,"04:18:15",258.14999999999998,"",3]
[2020,"2020-08-02","Virtual",null,"DABELSTEIN KELLI",27,"04:18:22",258.22000000000003,"Fastest",1]
[2020,"2020-08-02","Virtual",null,"HOGGAN JOHN",28,"04:24:07",264.07,"",11]
[2020,"2020-08-02","Virtual",null,"EVANS DERRICK",29,"04:24:51",264.51,"",6]
[2020,"2020-08-02","Virtual",null,"WALLIS CAMERON",30,"04:28:32",268.32,"Fastest",1]
[2020,"2020-08-02","Virtual",null,"TITMUS STEVEN",31,"04:38:55",278.55,"",19]
[2020,"2020-08-02","Virtual",null,"EWENS TIM",32,"04:44:14",284.14,"",4]
[2020,"2020-08-02","Virtual",null,"SIMPSON ERIN",33,"04:47:12",287.12,"",6]
[2020,"2020-08-02","Virtual",null,"LAURIE SARAH",34,"04:48:35",288.35000000000002,"Fastest",1]
[2020,"2020-08-02","Virtual",null,"HART DAVID",35,"04:55:21",295.20999999999998,"Fastest",1]
[2020,"2020-08-02","Virtual",null,"RISKE KATIE",36,"05:01:00",301,"Fastest",2]
[2020,"2020-08-02","Virtual",null,"MANFORD JAMES",37,"05:13:25",313.25,"Fastest",1]
[2020,"2020-08-02","Virtual",null,"BRUNNER CHRISTOPHER",38,"05:15:13",315.13,"Fastest",1]
[2020,"2020-08-02","Virtual",null,"LABUSCHAGNE ROSEMARIE",39,"05:18:57",318.57,"",5]
[2020,"2020-08-02","Virtual",null,"BAINBRIDGE DEAN",40,"05:23:32",323.32,"",7]
[2020,"2020-08-02","Virtual",null,"REYNOLDS ANDREA",41,"05:30:58",330.58,"Fastest",1]
[2020,"2020-08-02","Virtual",null,"STANTON GEOFF",42,"05:52:58",352.58,"",20]
[2020,"2020-08-02","Virtual",null,"HASTEWELL BRAD",43,"06:12:39",372.39,"",8]
[2020,"2020-08-02","Virtual",null,"WALLER SHARON",44,"06:45:49",405.49,"",4]
[2020,"2020-08-02","Virtual",null,"NORRIS BERNIE",45,"06:53:37",413.37,"",19]
[2020,"2020-08-02","Virtual",null,"FELESINA MICHELLE",46,"06:53:37",413.37,"Fastest",1]
[2020,"2020-08-02","Virtual",null,"FELESINA TONY",47,"06:53:37",413.37,"",23]
[2020,"2020-08-02","Virtual",null,"PERKINS DAVE",48,"06:53:40",413.4,"",16]
[2020,"2020-08-02","Virtual",null,"CANNINGS DAVID",49,"06:54:17",414.17,"",21]
[2020,"2020-08-02","Virtual",null,"TEWARI ANUBHAV",50,"07:16:01",436.01,"Fastest",1]
[2020,"2020-08-02","Virtual",null,"SMITH KEN",51,"07:40:19",460.19,"Fastest",1]
[2020,"2020-08-02","Virtual",null,"O'CONNOR THERESA","N/A","Virtual - NTR","Virtual - NTR","",10]
[2020,"2020-08-02","Virtual",null,"CULLEN DAVID","N/A","Virtual - NTR","Virtual - NTR","",6]
[2020,"2020-08-02","Virtual",null,"FAGG KEITH","N/A","Virtual - NTR","Virtual - NTR","",10]
[2021,"2021-08-01","TRF",null,"GORDON TONY",1,"02:31:41",151.41,"Fastest",10]
[2021,"2021-08-01","TRF",null,"MELVILLE BEN",2,"02:52:11",172.11,"Fastest",1]
[2021,"2021-08-01","TRF",null,"NEW RONALD",3,"02:56:59",176.59,"Fastest",1]
[2021,"2021-08-01","TRF",null,"FLORENCE CHRISTOPHER",4,"02:58:09",178.09,"Fastest",1]
[2021,"2021-08-01","TRF",null,"RYDER SHARON",5,"02:59:24",179.24,"Fastest",1]
[2021,"2021-08-01","TRF",null,"BLOOMFIELD MARK",6,"03:04:04",184.04,"Fastest",1]
[2021,"2021-08-01","TRF",null,"WARBURTON TREVOR",7,"03:05:00",185,"Fastest",1]
[2021,"2021-08-01","TRF",null,"WEBBER BRIDGET",8,"03:07:34",187.34,"Fastest",5]
[2021,"2021-08-01","TRF",null,"ARNOLD DAVID",9,"03:08:45",188.45,"",3]
[2021,"2021-08-01","TRF",null,"BANKS COLIN",10,"03:09:05",189.05,"",7]
[2021,"2021-08-01","TRF",null,"HODGE KERRI",11,"03:11:21",191.21,"Fastest",1]
[2021,"2021-08-01","TRF",null,"HEDLEY SCOTT",12,"03:12:22",192.22,"",4]
[2021,"2021-08-01","TRF",null,"MARSHALL CHARLES",13,"03:22:44",202.44,"Fastest",1]
[2021,"2021-08-01","TRF",null,"BAYLISS TRENT",14,"03:23:19",203.19,"",3]
[2021,"2021-08-01","TRF",null,"EMERSON JOHN",15,"03:23:44",203.44,"Fastest",6]
[2021,"2021-08-01","TRF",null,"GRECH JOE",16,"03:24:27",204.27,"Fastest",1]
[2021,"2021-08-01","TRF",null,"SCHOLER MICHAEL",17,"03:25:52",205.52,"Fastest",2]
[2021,"2021-08-01","TRF",null,"FUSTER ANTHONY",18,"03:27:49",207.49,"Fastest",1]
[2021,"2021-08-01","TRF",null,"KNIGHT-GRAY JUSTIN",19,"03:30:59",210.59,"Fastest",2]
[2021,"2021-08-01","TRF",null,"BOSCHEN MATTHEW",20,"03:31:48",211.48,"",16]
[2021,"2021-08-01","TRF",null,"RYAN TAMARA",21,"03:31:48",211.48,"Fastest",9]
[2021,"2021-08-01","TRF",null,"CULLEN DAVID",22,"03:32:20",212.2,"",6]
[2021,"2021-08-01","TRF",null,"MAROSI BERTALAN",23,"03:32:25",212.25,"Fastest",1]
[2021,"2021-08-01","TRF",null,"SCHONFELDT-ROY SONJA",24,"03:33:40",213.4,"",5]
[2021,"2021-08-01","TRF",null,"O'GRADY THOMAS",25,"03:36:25",216.25,"Fastest",1]
[2021,"2021-08-01","TRF",null,"CAREY OLIVER",26,"03:37:52",217.52,"",4]
[2021,"2021-08-01","TRF",null,"PEARSON KRYSTAL",27,"03:38:51",218.51,"Fastest",1]
[2021,"2021-08-01","TRF",null,"CORRADI JASON",28,"03:39:22",219.22,"",3]
[2021,"2021-08-01","TRF",null,"KINBACHER DAWN",29,"03:42:06",222.06,"",3]
[2021,"2021-08-01","TRF",null,"MURRAY KERRIN",30,"03:42:43",222.43,"",3]
[2021,"2021-08-01","TRF",null,"WATERFIELD JOHN",31,"03:43:52",223.52,"",3]
[2021,"2021-08-01","TRF",null,"SHANNON PATRICK",32,"03:43:59",223.59,"",5]
[2021,"2021-08-01","TRF",null,"SCHMITT TRAVIS",33,"03:44:29",224.29,"Fastest",1]
[2021,"2021-08-01","TRF",null,"MATTHEWS ROY",34,"03:48:00",228,"Fastest",4]
[2021,"2021-08-01","TRF",null,"HAMMOND TONI",35,"03:48:37",228.37,"Fastest",1]
[2021,"2021-08-01","TRF",null,"TOMMASINI EDI",36,"03:49:46",229.46,"Fastest",1]
[2021,"2021-08-01","TRF",null,"NELL LIENCA",37,"03:50:33",230.33,"Fastest",1]
[2021,"2021-08-01","TRF",null,"LYONS ROISIN",38,"03:51:12",231.12,"Fastest",2]
[2021,"2021-08-01","TRF",null,"LLOYD ANDREW",39,"03:53:54",233.54,"",6]
[2021,"2021-08-01","TRF",null,"HOUGHTON PETER",40,"03:54:14",234.14,"",5]
[2021,"2021-08-01","TRF",null,"WALSHAW MATTHEW",41,"03:54:32",234.32,"",2]
[2021,"2021-08-01","TRF",null,"JONES DAVE",42,"03:54:37",234.37,"Fastest",1]
[2021,"2021-08-01","TRF",null,"VICKERS VICKI",43,"03:55:47",235.47,"",6]
[2021,"2021-08-01","TRF",null,"MIBUS LUKE",44,"03:56:14",236.14,"Fastest",1]
[2021,"2021-08-01","TRF",null,"WILLIAMS MATT",45,"03:57:09",237.09,"",2]
[2021,"2021-08-01","TRF",null,"MESSMER ANTHEA",46,"03:57:10",237.1,"Fastest",1]
[2021,"2021-08-01","TRF",null,"FERGUSON CLAIRE",47,"03:57:12",237.12,"Fastest",2]
[2021,"2021-08-01","TRF",null,"EVANS DERRICK",48,"03:57:20",237.2,"",6]
[2021,"2021-08-01","TRF",null,"KEMEI JOSEPH",49,"03:58:59",238.59,"Fastest",1]
[2021,"2021-08-01","TRF",null,"HOCKINGS DAVID",50,"03:59:09",239.09,"",3]
[2021,"2021-08-01","TRF",null,"DAVEY JANE",51,"04:01:39",241.39,"Fastest",1]
[2021,"2021-08-01","TRF",null,"CLAIR LACHLAN",52,"04:02:00",242,"Fastest",1]
[2021,"2021-08-01","TRF",null,"CROMPTON PETER",53,"04:02:16",242.16,"",3]
[2021,"2021-08-01","TRF",null,"BOWES STUART",54,"04:03:02",243.02,"Fastest",1]
[2021,"2021-08-01","TRF",null,"GIVNEY TOM",55,"04:03:48",243.48,"",2]
[2021,"2021-08-01","TRF",null,"BRUGGEMANN ADAM",56,"04:03:57",243.57,"Fastest",1]
[2021,"2021-08-01","TRF",null,"DOHERTY BILL",57,"04:04:03",244.03,"",4]
[2021,"2021-08-01","TRF",null,"FITZSIMMONS MICHAEL",58,"04:04:39",244.39,"",9]
[2021,"2021-08-01","TRF",null,"STAFFORD ERIN",59,"04:04:39",244.39,"",7]
[2021,"2021-08-01","TRF",null,"SMITH ESTHER",60,"04:06:25",246.25,"",6]
[2021,"2021-08-01","TRF",null,"YOUNG BELINDA",61,"04:07:14",247.14,"Fastest",1]
[2021,"2021-08-01","TRF",null,"TORPELUND ANDREW",62,"04:10:01",250.01,"Fastest",1]
[2021,"2021-08-01","TRF",null,"O'GRADY JOHN",63,"04:11:49",251.49,"",3]
[2021,"2021-08-01","TRF",null,"WOUTERS ILANA",64,"04:12:07",252.07,"Fastest",1]
[2021,"2021-08-01","TRF",null,"BOEKAMP CHRIS",65,"04:13:10",253.1,"Fastest",1]
[2021,"2021-08-01","TRF",null,"SAXBY DAVID",66,"04:13:41",253.41,"",2]
[2021,"2021-08-01","TRF",null,"MATHESON CHRISTIAN",67,"04:17:05",257.05,"",3]
[2021,"2021-08-01","TRF",null,"HOSKING LAURENCE",68,"04:17:05",257.05,"Fastest",2]
[2021,"2021-08-01","TRF",null,"BIRD DEVEN",69,"04:18:21",258.20999999999998,"",5]
[2021,"2021-08-01","TRF",null,"LANING DAVID",70,"04:19:19",259.19,"Fastest",1]
[2021,"2021-08-01","TRF",null,"SUANA ENRIQUE",71,"04:20:17",260.17,"",4]
[2021,"2021-08-01","TRF",null,"STEVENS MATT",72,"04:20:17",260.17,"Fastest",1]
[2021,"2021-08-01","TRF",null,"GLAVIN MAEVE",73,"04:21:20",261.2,"Fastest",1]
[2021,"2021-08-01","TRF",null,"BRANNAN CARMEN",74,"04:21:31",261.31,"Fastest",1]
[2021,"2021-08-01","TRF",null,"HOUGHTON DARCY",75,"04:21:32",261.32,"Fastest",1]
[2021,"2021-08-01","TRF",null,"GRIFFITHS JASON",76,"04:23:01",263.01,"Fastest",1]
[2021,"2021-08-01","TRF",null,"MWARIA DAVID",77,"04:24:27",264.27,"Fastest",1]
[2021,"2021-08-01","TRF",null,"GAGE JEREMY",78,"04:27:04",267.04000000000002,"Fastest",1]
[2021,"2021-08-01","TRF",null,"PUGLISI ANNA",79,"04:27:52",267.52,"Fastest",1]
[2021,"2021-08-01","TRF",null,"O'REAGAIN JOSEPH",80,"04:28:09",268.08999999999997,"Fastest",1]
[2021,"2021-08-01","TRF",null,"FLYNN-PITTAR DEE",81,"04:33:25",273.25,"",5]
[2021,"2021-08-01","TRF",null,"YOUNG NATHAN",82,"04:33:40",273.39999999999998,"Fastest",1]
[2021,"2021-08-01","TRF",null,"TIDMAS ADRIAN",83,"04:36:25",276.25,"",7]
[2021,"2021-08-01","TRF",null,"BROSTROM ELDERENE",84,"04:37:09",277.08999999999997,"",11]
[2021,"2021-08-01","TRF",null,"SIMPSON ERIN",85,"04:37:37",277.37,"",6]
[2021,"2021-08-01","TRF",null,"MILBURN NATHAN",86,"04:38:09",278.08999999999997,"Fastest",1]
[2021,"2021-08-01","TRF",null,"BETTANIN ERIC",87,"04:38:33",278.33,"Fastest",1]
[2021,"2021-08-01","TRF",null,"WILLARD CLAIRE",88,"04:38:59",278.58999999999997,"Fastest",1]
[2021,"2021-08-01","TRF",null,"SCHRODTER ROB",89,"04:39:16",279.16000000000003,"Fastest",1]
[2021,"2021-08-01","TRF",null,"HARRIS BRENT",90,"04:39:16",279.16000000000003,"",2]
[2021,"2021-08-01","TRF",null,"GILLETT MELISSA",91,"04:40:46",280.45999999999998,"Fastest",1]
[2021,"2021-08-01","TRF",null,"PERKINS DAVE",92,"04:41:38",281.38,"",16]
[2021,"2021-08-01","TRF",null,"CARTER PAUL",93,"04:42:02",282.02,"Fastest",1]
[2021,"2021-08-01","TRF",null,"YOUNGMAN MICHAEL",94,"04:45:39",285.39,"",2]
[2021,"2021-08-01","TRF",null,"AYERS JOHN",95,"04:46:20",286.2,"Fastest",1]
[2021,"2021-08-01","TRF",null,"EVANS MIKE",96,"04:47:47",287.47000000000003,"Fastest",1]
[2021,"2021-08-01","TRF",null,"O'BRIEN RAY",97,"04:48:41",288.41000000000003,"",6]
[2021,"2021-08-01","TRF",null,"MCALLISTER HELEN",98,"04:49:10",289.10000000000002,"Fastest",1]
[2021,"2021-08-01","TRF",null,"WARD LISA",99,"04:49:10",289.10000000000002,"",2]
[2021,"2021-08-01","TRF",null,"NORTHFIELD RODNEY",100,"04:51:01",291.01,"",14]
[2021,"2021-08-01","TRF",null,"LANG'AT GEOFFREY",101,"04:53:22",293.22000000000003,"Fastest",1]
[2021,"2021-08-01","TRF",null,"ANDREWS WILLIAM",102,"04:53:23",293.23,"Fastest",1]
[2021,"2021-08-01","TRF",null,"GREEN CLAYTON",103,"04:53:54",293.54000000000002,"Fastest",1]
[2021,"2021-08-01","TRF",null,"EWENS TIM",104,"04:55:16",295.16000000000003,"",4]
[2021,"2021-08-01","TRF",null,"SMITH ARI",105,"04:58:52",298.52,"Fastest",1]
[2021,"2021-08-01","TRF",null,"HILL CAMERON",106,"04:58:52",298.52,"Fastest",1]
[2021,"2021-08-01","TRF",null,"TITMUS STEVEN",107,"04:59:06",299.06,"",19]
[2021,"2021-08-01","TRF",null,"HEADS BECKY",108,"05:03:13",303.13,"",3]
[2021,"2021-08-01","TRF",null,"LABUSCHAGNE ROSEMARIE",109,"05:04:12",304.12,"",5]
[2021,"2021-08-01","TRF",null,"FELESINA TONY",110,"05:11:08",311.08,"",23]
[2021,"2021-08-01","TRF",null,"KILOH KEITH",111,"05:11:08",311.08,"",4]
[2021,"2021-08-01","TRF",null,"GORBAL DAVID",112,"05:12:12",312.12,"",2]
[2021,"2021-08-01","TRF",null,"LORIMER DAVID",113,"05:12:33",312.33,"Fastest",1]
[2021,"2021-08-01","TRF",null,"MCCLINTOCK MATTHEW",114,"05:15:50",315.5,"Fastest",1]
[2021,"2021-08-01","TRF",null,"PAIN GAVIN",115,"05:17:20",317.2,"Fastest",2]
[2021,"2021-08-01","TRF",null,"NEAL MATTHEW",116,"05:18:57",318.57,"Fastest",5]
[2021,"2021-08-01","TRF",null,"WILD DENNIS",117,"05:19:42",319.42,"Fastest",1]
[2021,"2021-08-01","TRF",null,"BAINBRIDGE DEAN",118,"05:20:22",320.22000000000003,"",7]
[2021,"2021-08-01","TRF",null,"HOGGAN JOHN",119,"05:21:21",321.20999999999998,"",11]
[2021,"2021-08-01","TRF",null,"HASTEWELL BRAD",120,"05:22:50",322.5,"",8]
[2021,"2021-08-01","TRF",null,"GURRY PAUL",121,"05:24:29",324.29000000000002,"Fastest",1]
[2021,"2021-08-01","TRF",null,"DICKS CALVIN",122,"05:24:34",324.33999999999997,"Fastest",1]
[2021,"2021-08-01","TRF",null,"STANTON GEOFF",123,"05:32:43",332.43,"",20]
[2021,"2021-08-01","TRF",null,"TIETZ ANDREW",124,"05:32:43",332.43,"Fastest",1]
[2021,"2021-08-01","TRF",null,"ELLERSHAW ROBERT",125,"05:35:19",335.19,"",5]
[2021,"2021-08-01","TRF",null,"O'SHAUGHNESSSY KELLY",126,"05:37:48",337.48,"Fastest",1]
[2021,"2021-08-01","TRF",null,"DOYLE RACHEL",127,"05:45:50",345.5,"Fastest",1]
[2021,"2021-08-01","TRF",null,"BERRY JOSHUA",128,"05:47:17",347.17,"Fastest",1]
[2021,"2021-08-01","TRF",null,"Z_ RUNNER 192",129,"05:52:43",352.43,"Fastest",1]
[2021,"2021-08-01","TRF",null,"NORTON NANCY",130,"05:59:12",359.12,"Fastest",1]
[2021,"2021-08-01","TRF",null,"BRENTON PAUL",131,"05:59:41",359.41,"",3]
[2021,"2021-08-01","TRF",null,"JONES CHERYL",132,"05:59:41",359.41,"",3]
[2021,"2021-08-01","TRF",null,"O'CONNOR THERESA",133,"05:59:41",359.41,"",10]
[2021,"2021-08-01","TRF",null,"MIDDLETON HELEN",134,"06:33:30",393.3,"",2]
[2021,"2021-08-01","TRF",null,"FIOR SUZANNE",135,"06:42:20",402.2,"Fastest",1]
[2021,"2021-08-01","TRF",null,"CANNINGS DAVID",136,"06:52:32",412.32,"",21]
[2021,"2021-08-01","TRF",null,"HILL STEPHEN","DNF","DNF","DNF","",0]
[2021,"2021-08-01","TRF",null,"HUNTER CATHERINE","DNF","DNF","DNF","",1]
[2021,"2021-08-01","TRF",null,"MUSUMBA CRISPIN","DNF","DNF","DNF","",0]
[2021,"2021-08-01","Virtual",null,"NORRIS BERNIE",999,"04:16:07",256.07,"",19]
[2022,"2022-08-07","TRF",null,"SENSE RICHMOND",1,"02:40:30",160.30000000000001,"Fastest",1]
[2022,"2022-08-07","TRF",null,"BUENEN DANIEL",2,"02:43:26",163.26,"Fastest",1]
[2022,"2022-08-07","TRF",null,"MCINTOSH LACHLAN",3,"02:48:14",168.14,"Fastest",1]
[2022,"2022-08-07","TRF",null,"HEDLEY SCOTT",4,"02:58:18",178.18,"",4]
[2022,"2022-08-07","TRF",null,"NEW RON",5,"03:03:48",183.48000000000002,"Fastest",1]
[2022,"2022-08-07","TRF",null,"STANTON KRISHNA",6,"03:06:33",186.33,"Fastest",1]
[2022,"2022-08-07","TRF",null,"GORDON TONY",7,"03:18:24",198.24,"",10]
[2022,"2022-08-07","TRF",null,"WEBBER BRIDGET",8,"03:18:40",198.4,"",5]
[2022,"2022-08-07","TRF",null,"CARRETTE WILL",9,"03:18:48",198.48000000000002,"Fastest",1]
[2022,"2022-08-07","TRF",null,"BACHE MICHAEL",10,"03:21:20",201.2,"Fastest",1]
[2022,"2022-08-07","TRF",null,"RITTER CARMEN",11,"03:21:23",201.23,"Fastest",1]
[2022,"2022-08-07","TRF",null,"BAYLISS TRENT",12,"03:26:19",206.19,"",3]
[2022,"2022-08-07","TRF",null,"VIVIAN MICK",13,"03:27:29",207.29,"Fastest",1]
[2022,"2022-08-07","TRF",null,"SCHOLER MICHAEL",14,"03:27:31",207.31,"",2]
[2022,"2022-08-07","TRF",null,"CANDLER JAMES",15,"03:30:08",210.08,"Fastest",1]
[2022,"2022-08-07","TRF",null,"CLARK SCOTT",16,"03:30:23",210.23,"Fastest",2]
[2022,"2022-08-07","TRF",null,"READ COLETTE",17,"03:30:44",210.44,"",12]
[2022,"2022-08-07","TRF",null,"ROLFE MATT",18,"03:32:20",212.2,"Fastest",1]
[2022,"2022-08-07","TRF",null,"GADSBY CARL",19,"03:33:22",213.22,"Fastest",1]
[2022,"2022-08-07","TRF",null,"EMERSON JOHN",20,"03:34:09",214.09,"",6]
[2022,"2022-08-07","TRF",null,"KIM SAM",21,"03:34:28",214.28,"Fastest",1]
[2022,"2022-08-07","TRF",null,"NYENUH KAY",22,"03:38:18",218.17999999999998,"Fastest",1]
[2022,"2022-08-07","TRF",null,"SUANA ENRIQUE",23,"03:38:25",218.25,"",4]
[2022,"2022-08-07","TRF",null,"HOCKINGS DAVID",24,"03:39:07",219.07,"Fastest",3]
[2022,"2022-08-07","TRF",null,"WILSON GREG",25,"03:43:33",223.32999999999998,"",9]
[2022,"2022-08-07","TRF",null,"MURRAY KERRIN",26,"03:44:07",224.07,"",3]
[2022,"2022-08-07","TRF",null,"GIVNEY TOM",27,"03:44:23",224.23000000000002,"Fastest",2]
[2022,"2022-08-07","TRF",null,"HAMILTON LINDSAY",28,"03:44:37",224.37,"",2]
[2022,"2022-08-07","TRF",null,"CULLEN DAVID",29,"03:44:44",224.44,"",6]
[2022,"2022-08-07","TRF",null,"NORRIS BERNIE",30,"03:45:07",225.07,"",19]
[2022,"2022-08-07","TRF",null,"RYAN TAMARA",31,"03:45:23",225.23,"",9]
[2022,"2022-08-07","TRF",null,"ZEVENBERGEN MARCEL",32,"03:46:21",226.21,"Fastest",2]
[2022,"2022-08-07","TRF",null,"CAREY OLIVER",33,"03:49:39",229.39000000000001,"",4]
[2022,"2022-08-07","TRF",null,"DRURY ADAM",34,"03:50:07",230.07,"Fastest",1]
[2022,"2022-08-07","TRF",null,"DIBELLA MAREE",35,"03:52:09",232.09,"Fastest",1]
[2022,"2022-08-07","TRF",null,"HARMSEN TIM",36,"03:54:08",234.07999999999998,"Fastest",1]
[2022,"2022-08-07","TRF",null,"BADHAM ANKUR",37,"03:54:22",234.22000000000003,"Fastest",1]
[2022,"2022-08-07","TRF",null,"ROBERTS ZAC",38,"03:55:11",235.11,"Fastest",1]
[2022,"2022-08-07","TRF",null,"CROMPTON PETER",39,"03:55:24",235.23999999999998,"",3]
[2022,"2022-08-07","TRF",null,"FITZSIMMONS MICHAEL",40,"03:55:24",235.23999999999998,"",9]
[2022,"2022-08-07","TRF",null,"BARRA JASON",41,"03:56:20",236.20000000000002,"Fastest",1]
[2022,"2022-08-07","TRF",null,"SHIELDS JEREMY",42,"03:56:20",236.20000000000002,"Fastest",1]
[2022,"2022-08-07","TRF",null,"PATZOLD RICK",43,"03:56:22",236.22,"",10]
[2022,"2022-08-07","TRF",null,"SHAND ADAM",44,"03:57:08",237.07999999999998,"Fastest",1]
[2022,"2022-08-07","TRF",null,"TRICARICO GEORGE",45,"03:57:10",237.1,"Fastest",1]
[2022,"2022-08-07","TRF",null,"PAPADOPOULOS JAKE",46,"03:57:29",237.29000000000002,"Fastest",1]
[2022,"2022-08-07","TRF",null,"MATTHEWS ROY",47,"03:58:20",238.20000000000002,"",4]
[2022,"2022-08-07","TRF",null,"LITTLE GARY",48,"03:58:20",238.20000000000002,"Fastest",1]
[2022,"2022-08-07","TRF",null,"THOMPSON GARY",49,"03:58:44",238.44,"Fastest",1]
[2022,"2022-08-07","TRF",null,"HOLMES ANTHONY",50,"03:58:44",238.44,"",2]
[2022,"2022-08-07","TRF",null,"FIELD JARRED",51,"03:59:27",239.26999999999998,"Fastest",1]
[2022,"2022-08-07","TRF",null,"BELL DYLAN",52,"04:01:12",241.12,"Fastest",1]
[2022,"2022-08-07","TRF",null,"CURLEY HEATH",53,"04:02:36",242.35999999999999,"Fastest",1]
[2022,"2022-08-07","TRF",null,"NATHAN MONIQUE",54,"04:02:44",242.44,"Fastest",1]
[2022,"2022-08-07","TRF",null,"NEWSOME DARRELL",55,"04:05:11",245.11,"Fastest",1]
[2022,"2022-08-07","TRF",null,"VANCE DAVID",56,"04:05:30",245.3,"",3]
[2022,"2022-08-07","TRF",null,"COOPER BEN",57,"04:06:42",246.42,"",2]
[2022,"2022-08-07","TRF",null,"LLOYD ANDREW",58,"04:07:08",247.07999999999998,"",6]
[2022,"2022-08-07","TRF",null,"BOSCHEN MATTHEW",59,"04:07:21",247.20999999999998,"",16]
[2022,"2022-08-07","TRF",null,"STEVENS ALEC",60,"04:09:46",249.45999999999998,"Fastest",1]
[2022,"2022-08-07","TRF",null,"CHAPMAN IAN",61,"04:10:28",250.27999999999997,"Fastest",1]
[2022,"2022-08-07","TRF",null,"SAXBY DAVID",62,"04:11:43",251.43,"Fastest",2]
[2022,"2022-08-07","TRF",null,"ANDERSON LORNE",63,"04:11:43",251.43,"Fastest",1]
[2022,"2022-08-07","TRF",null,"ROBERTS TAKAE",64,"04:12:09",252.08999999999997,"Fastest",1]
[2022,"2022-08-07","TRF",null,"EVANS DERRICK",65,"04:12:23",252.23000000000002,"",6]
[2022,"2022-08-07","TRF",null,"GUINEE NICHOLAS",66,"04:12:45",252.45000000000002,"Fastest",1]
[2022,"2022-08-07","TRF",null,"MCGRATH NILE",67,"04:14:50",254.5,"Fastest",1]
[2022,"2022-08-07","TRF",null,"MCARTHUR SAMANTHA",68,"04:15:10",255.10000000000002,"Fastest",1]
[2022,"2022-08-07","TRF",null,"MATHESON CHRISTIAN",69,"04:15:36",255.35999999999999,"Fastest",3]
[2022,"2022-08-07","TRF",null,"HUNTER CATHERINE",70,"04:15:47",255.47000000000003,"Fastest",1]
[2022,"2022-08-07","TRF",null,"VENKATARAMAN AJAY",71,"04:17:39",257.39,"Fastest",1]
[2022,"2022-08-07","TRF",null,"LEAK JACLYN",72,"04:18:23",258.23,"Fastest",1]
[2022,"2022-08-07","TRF",null,"LUM LUKE",73,"04:20:12",260.12,"Fastest",1]
[2022,"2022-08-07","TRF",null,"LAW PHIL",74,"04:21:09",261.08999999999997,"Fastest",1]
[2022,"2022-08-07","TRF",null,"AULBURY CHRIS",75,"04:21:23",261.23,"",2]
[2022,"2022-08-07","TRF",null,"LAW KARINNE",76,"04:21:31",261.31,"Fastest",1]
[2022,"2022-08-07","TRF",null,"PARKINSON RICHARD",77,"04:22:40",262.40000000000003,"Fastest",1]
[2022,"2022-08-07","TRF",null,"ANDERSON CHELSEA",78,"04:23:41",263.41000000000003,"Fastest",1]
[2022,"2022-08-07","TRF",null,"DYER GEORGE",79,"04:25:09",265.08999999999997,"Fastest",1]
[2022,"2022-08-07","TRF",null,"MCBRIDE ERIN",80,"04:25:27",265.27,"Fastest",1]
[2022,"2022-08-07","TRF",null,"SMALL TYRONE",81,"04:25:48",265.47999999999996,"Fastest",1]
[2022,"2022-08-07","TRF",null,"HORE BRIANNA",82,"04:26:10",266.09999999999997,"Fastest",1]
[2022,"2022-08-07","TRF",null,"VAN BEKKUM PETA",83,"04:28:26",268.26,"",2]
[2022,"2022-08-07","TRF",null,"SMITH ESTHER",84,"04:28:26",268.26,"",6]
[2022,"2022-08-07","TRF",null,"VICARY SARAH",85,"04:29:22",269.22000000000003,"Fastest",1]
[2022,"2022-08-07","TRF",null,"BROSTROM ELDERENE",86,"04:29:26",269.26,"",11]
[2022,"2022-08-07","TRF",null,"PARKINS SARAH",87,"04:29:43",269.43,"",3]
[2022,"2022-08-07","TRF",null,"ARCHER MICHAEL",88,"04:30:21",270.21000000000004,"",4]
[2022,"2022-08-07","TRF",null,"SCUDERI MARIA",89,"04:32:09",272.09000000000003,"",3]
[2022,"2022-08-07","TRF",null,"NICHOLSON GLENN",90,"04:35:09",275.08999999999997,"Fastest",1]
[2022,"2022-08-07","TRF",null,"WOOD KYLE",91,"04:35:10",275.10000000000002,"",2]
[2022,"2022-08-07","TRF",null,"MILES JACOB",92,"04:35:37",275.36999999999995,"Fastest",1]
[2022,"2022-08-07","TRF",null,"CLARE ELSIE",93,"04:35:37",275.36999999999995,"",2]
[2022,"2022-08-07","TRF",null,"OWEN ETHYN",94,"04:37:09",277.08999999999997,"Fastest",1]
[2022,"2022-08-07","TRF",null,"O'BRIEN RAY",95,"04:37:09",277.08999999999997,"",6]
[2022,"2022-08-07","TRF",null,"PAGE HAYLEY",96,"04:37:09",277.08999999999997,"Fastest",1]
[2022,"2022-08-07","TRF",null,"COPP PHIL",97,"04:38:21",278.20999999999998,"",10]
[2022,"2022-08-07","TRF",null,"PERKINS DAVE",98,"04:40:25",280.25,"",16]
[2022,"2022-08-07","TRF",null,"PECKHAM ANNA",99,"04:40:39",280.39000000000004,"Fastest",1]
[2022,"2022-08-07","TRF",null,"MINNS RILEY",100,"04:42:11",282.11,"Fastest",1]
[2022,"2022-08-07","TRF",null,"WALKER DAVID",101,"04:42:25",282.25,"Fastest",1]
[2022,"2022-08-07","TRF",null,"TAHANA CAROLINE",102,"04:42:25",282.25,"Fastest",1]
[2022,"2022-08-07","TRF",null,"HARTWELL NGAIRIE",103,"04:43:11",283.11,"Fastest",1]
[2022,"2022-08-07","TRF",null,"FELESINA TONY",104,"04:44:31",284.31,"",23]
[2022,"2022-08-07","TRF",null,"BARTUREN DANIEL",105,"04:46:24",286.24,"Fastest",1]
[2022,"2022-08-07","TRF",null,"LABUSCHAGNE ROSEMARIE",106,"04:48:10",288.10000000000002,"Fastest",5]
[2022,"2022-08-07","TRF",null,"MICALLEF STEPHANIE",107,"04:48:53",288.52999999999997,"Fastest",1]
[2022,"2022-08-07","TRF",null,"WOON CHEUNG CHAN KAREN",108,"04:49:28",289.28000000000003,"",3]
[2022,"2022-08-07","TRF",null,"DRUMMOND TOM",109,"04:50:10",290.10000000000002,"Fastest",1]
[2022,"2022-08-07","TRF",null,"LOUSICH LEVI",110,"04:51:10",291.10000000000002,"Fastest",1]
[2022,"2022-08-07","TRF",null,"ROSENGREN PATRICK",111,"04:51:36",291.36,"Fastest",1]
[2022,"2022-08-07","TRF",null,"EDKINS SHERREN",112,"04:51:36",291.36,"Fastest",1]
[2022,"2022-08-07","TRF",null,"VASSALLO LEAH",113,"04:52:24",292.24,"Fastest",1]
[2022,"2022-08-07","TRF",null,"OXENBURGH NICHOLAS",114,"04:54:25",294.25,"Fastest",1]
[2022,"2022-08-07","TRF",null,"HEADS BECKY",115,"04:55:39",295.39000000000004,"",3]
[2022,"2022-08-07","TRF",null,"CLOWES MONTY",116,"04:58:42",298.42,"Fastest",1]
[2022,"2022-08-07","TRF",null,"CLEMENTS MICHAEL",117,"05:02:10",302.10000000000002,"",2]
[2022,"2022-08-07","TRF",null,"KELLY DAVE",118,"05:03:23",303.23,"",5]
[2022,"2022-08-07","TRF",null,"EWENS TIM",119,"05:04:46",304.45999999999998,"",4]
[2022,"2022-08-07","TRF",null,"ADAMS NATHAN",120,"05:05:25",305.25,"Fastest",1]
[2022,"2022-08-07","TRF",null,"HOGGAN JOHN",121,"05:05:26",305.26,"",11]
[2022,"2022-08-07","TRF",null,"PFOEFFER LUKE",122,"05:06:24",306.24,"",2]
[2022,"2022-08-07","TRF",null,"WILTON BRAD",123,"05:06:28",306.27999999999997,"Fastest",1]
[2022,"2022-08-07","TRF",null,"REED CHRIS",124,"05:07:25",307.25,"Fastest",1]
[2022,"2022-08-07","TRF",null,"HASTEWELL BRAD",125,"05:09:23",309.23,"",8]
[2022,"2022-08-07","TRF",null,"BUXTON JOSH",126,"05:12:12",312.12,"",2]
[2022,"2022-08-07","TRF",null,"WILSON BRENTON",127,"05:13:12",313.12,"",2]
[2022,"2022-08-07","TRF",null,"NORTHFIELD RODNEY",128,"05:15:10",315.10000000000002,"",14]
[2022,"2022-08-07","TRF",null,"ZIENAU PETER",129,"05:16:48",316.48,"Fastest",1]
[2022,"2022-08-07","TRF",null,"BELL DANIEL",130,"05:17:24",317.24,"Fastest",1]
[2022,"2022-08-07","TRF",null,"CONDUIT ALEX",131,"05:17:24",317.24,"Fastest",1]
[2022,"2022-08-07","TRF",null,"HOILES AMANDA",132,"05:18:24",318.24,"Fastest",1]
[2022,"2022-08-07","TRF",null,"BYRNE ZOE",133,"05:19:10",319.10000000000002,"Fastest",1]
[2022,"2022-08-07","TRF",null,"STURZAKER JANE",134,"05:21:11",321.11,"",6]
[2022,"2022-08-07","TRF",null,"HUNTLEY WAYNE",135,"05:22:33",322.33,"Fastest",1]
[2022,"2022-08-07","TRF",null,"TITMUS STEVEN",136,"05:23:34",323.33999999999997,"",19]
[2022,"2022-08-07","TRF",null,"WHARTON DAVE",137,"05:25:12",325.12,"",6]
[2022,"2022-08-07","TRF",null,"DAWS PETER",138,"05:33:22",333.22,"Fastest",1]
[2022,"2022-08-07","TRF",null,"STANTON GEOFF",139,"05:36:26",336.26,"",20]
[2022,"2022-08-07","TRF",null,"O'CONNOR THERESA",140,"05:44:11",344.11,"",10]
[2022,"2022-08-07","TRF",null,"FAHERTY CONOR",141,"05:46:44",346.44,"Fastest",1]
[2022,"2022-08-07","TRF",null,"LYNCH ROBERT",142,"05:48:26",348.26,"",2]
[2022,"2022-08-07","TRF",null,"KINLEY ADAM",143,"05:49:23",349.23,"Fastest",1]
[2022,"2022-08-07","TRF",null,"MIDDLETON HELEN",144,"05:51:12",351.12,"Fastest",2]
[2022,"2022-08-07","TRF",null,"COX SHERRY",145,"05:51:26",351.26,"Fastest",1]
[2022,"2022-08-07","TRF",null,"PAYNE ZACHARY",146,"05:58:31",358.31,"Fastest",1]
[2022,"2022-08-07","TRF",null,"FAGG KEITH",147,"06:00:43",360.43,"",10]
[2022,"2022-08-07","TRF",null,"MYERS ASHTON",148,"06:15:54",375.54,"Fastest",1]
[2022,"2022-08-07","TRF",null,"CANNINGS DAVID",149,"06:31:11",391.11,"",21]
[2022,"2022-08-07","TRF",null,"ALLEN CRAIG","DNF","DNF","DNF","",0]
[2022,"2022-08-07","TRF",null,"BAINBRIDGE DEAN","DNF","DNF","DNF","",7]
[2022,"2022-08-07","TRF",null,"BRAMHAM LYNN","DNF","DNF","DNF","",0]
[2022,"2022-08-07","TRF",null,"DONALD TYLER","DNF","DNF","DNF","",0]
[2022,"2022-08-07","TRF",null,"GREEN JASON","DNF","DNF","DNF","",0]
[2022,"2022-08-07","TRF",null,"JESS SARAH","DNF","DNF","DNF","",0]
[2022,"2022-08-07","TRF",null,"POTGIETER HERMAN","DNF","DNF","DNF","",0]
[2022,"2022-08-07","TRF",null,"SCHRODTER ROB","DNF","DNF","DNF","",1]
[2022,"2022-08-07","TRF",null,"SELMAN JASON","DNF","DNF","DNF","",2]
[2022,"2022-08-07","TRF",null,"SOUTHWELL DANIEL","DNF","DNF","DNF","",0]
[2022,"2022-08-07","TRF","Wheelchair","JAENKE DAMON",1,"03:12:24",192.23999999999998,"Fastest",2]
[2022,"2022-08-07","TRF","Wheelchair","ANSELL TERRY",2,"05:06:10",306.10000000000002,"Fastest",1]
[2023,"2023-08-06","TRF",null,"WARAGAI SEIYA",1,"2.36.16",156.16,"Fastest",1]
[2023,"2023-08-06","TRF",null,"HEDLEY SCOTT",2,"2.49.08",169.08,"Fastest",4]
[2023,"2023-08-06","TRF",null,"CHING CHAN SHAN",3,"2.59.53",179.53,"Fastest",1]
[2023,"2023-08-06","TRF",null,"ARNOLD DAVID",4,"3.05.52",185.52,"Fastest",3]
[2023,"2023-08-06","TRF",null,"BANKS COLIN",5,"3.07.31",187.31,"Fastest",7]
[2023,"2023-08-06","TRF",null,"SULZBERGER AIMEE",6,"3.11.05",191.05,"Fastest",1]
[2023,"2023-08-06","TRF",null,"DEWAR MATTHEW",7,"3.15.05",195.05,"Fastest",1]
[2023,"2023-08-06","TRF",null,"FERNANDO BRIME LEONEL",8,"3.15.05",195.05,"Fastest",1]
[2023,"2023-08-06","TRF",null,"BAYLISS TRENT",9,"3.16.05",196.05,"Fastest",3]
[2023,"2023-08-06","TRF",null,"PLATT STEELE",10,"3.17.06",197.06,"Fastest",1]
[2023,"2023-08-06","TRF",null,"LINTON FINNIAN",11,"3.18.23",198.23,"Fastest",1]
[2023,"2023-08-06","TRF",null,"FLEER KYLE",12,"3.18.34",198.34,"Fastest",1]
[2023,"2023-08-06","TRF",null,"PARKINS SARAH",13,"3.18.53",198.53,"Fastest",3]
[2023,"2023-08-06","TRF",null,"WALKER JARREN",14,"3.20.37",200.37,"Fastest",1]
[2023,"2023-08-06","TRF",null,"WEBBER BRIDGET",15,"3.24.31",204.31,"",5]
[2023,"2023-08-06","TRF",null,"KAWATANI NOBUHIRO",16,"3.27.09",207.09,"Fastest",1]
[2023,"2023-08-06","TRF",null,"KIM BJ",17,"3.28.32",208.32,"Fastest",1]
[2023,"2023-08-06","TRF",null,"EMERSON JOHN",18,"3.28.41",208.41,"",6]
[2023,"2023-08-06","TRF",null,"STRACHAN ANDREW",19,"3.30.48",210.48,"Fastest",1]
[2023,"2023-08-06","TRF",null,"SPRINGBORG JENS",20,"3.31.15",211.15,"Fastest",1]
[2023,"2023-08-06","TRF",null,"SHANNON PATRICK",21,"3.31.18",211.18,"",5]
[2023,"2023-08-06","TRF",null,"EAGLES RUTH",22,"3.31.36",211.36,"Fastest",6]
[2023,"2023-08-06","TRF",null,"MURRAY KERRIN",23,"3.32.00",212,"Fastest",3]
[2023,"2023-08-06","TRF",null,"WILLIAMS MATT",24,"3.34.11",214.11,"Fastest",2]
[2023,"2023-08-06","TRF",null,"CONDON IAN",25,"3.35.36",215.36,"Fastest",1]
[2023,"2023-08-06","TRF",null,"STEEN MISCHA",26,"3.35.39",215.39,"Fastest",1]
[2023,"2023-08-06","TRF",null,"WILSON GREG",27,"3.37.16","217.16","",9]
[2023,"2023-08-06","TRF",null,"MCMAHON CALLUM",28,"3.37.18",217.18,"Fastest",1]
[2023,"2023-08-06","TRF",null,"CAREY OLIVER",29,"3.37.19",217.19,"",4]
[2023,"2023-08-06","TRF",null,"SWEENEY FRASER",30,"3.37.35",217.35,"Fastest",1]
[2023,"2023-08-06","TRF",null,"MCCARTHY TIMOTHY",31,"3.39.14",219.14,"Fastest",1]
[2023,"2023-08-06","TRF",null,"WOOD KYLE",32,"3.39.27",219.27,"Fastest",2]
[2023,"2023-08-06","TRF",null,"READ COLETTE",33,"3.40.13",220.13,"",12]
[2023,"2023-08-06","TRF",null,"KNIGHT-GRAY JUSTIN",34,"3.40.26",220.26,"",2]
[2023,"2023-08-06","TRF",null,"SUANA ENRIQUE",35,"3.42.13",222.13,"",4]
[2023,"2023-08-06","TRF",null,"RYAN TAMARA",36,"3.42.34",222.34,"",9]
[2023,"2023-08-06","TRF",null,"BELL ROBERT",37,"3.42.36",222.36,"Fastest",1]
[2023,"2023-08-06","TRF",null,"THORBURN KARIN",38,"3.44.14",224.14,"Fastest",1]
[2023,"2023-08-06","TRF",null,"VANCE DAVID",39,"3.44.48","224.48","",3]
[2023,"2023-08-06","TRF",null,"CULLEN DAVID",40,"3.45.14",225.14,"",6]
[2023,"2023-08-06","TRF",null,"MELLOR SCOTT",41,"3.47.46",227.46,"Fastest",1]
[2023,"2023-08-06","TRF",null,"HOMMA TAMAKI",42,"3.48.13",228.13,"Fastest",1]
[2023,"2023-08-06","TRF",null,"MAMERS CHUCK",43,"3.48.19",228.19,"Fastest",1]
[2023,"2023-08-06","TRF",null,"MATTHEWS ROY",44,"3.48.32",228.32,"",4]
[2023,"2023-08-06","TRF",null,"HOUGHTON PETER",45,"3.49.14",229.14,"Fastest",5]
[2023,"2023-08-06","TRF",null,"SMITH MATTY",46,"3.50.01","230.01","",1]
[2023,"2023-08-06","TRF",null,"YELDHAM ANDREW",47,"3.50.46",230.46,"Fastest",1]
[2023,"2023-08-06","TRF",null,"CROMPTON PETER",48,"3.51.14",231.14,"Fastest",3]
[2023,"2023-08-06","TRF",null,"WISE AARON",49,"3.52.22",232.22,"Fastest",1]
[2023,"2023-08-06","TRF",null,"ARCHER MICHAEL",50,"3.53.15",233.15,"Fastest",4]
[2023,"2023-08-06","TRF",null,"CAHAYAG MICHAEL",51,"3.53.45",233.45,"Fastest",1]
[2023,"2023-08-06","TRF",null,"WILSON BRENTON",52,"3.54.26",234.26,"Fastest",2]
[2023,"2023-08-06","TRF",null,"HOCKINGS DAVID",53,"3.55.42",235.42,"",3]
[2023,"2023-08-06","TRF",null,"REID JACK",54,"3.56.29",236.29,"Fastest",1]
[2023,"2023-08-06","TRF",null,"COLLINGS LIAM",55,"3.57.37",237.37,"Fastest",1]
[2023,"2023-08-06","TRF",null,"GRANT BRADLEY",56,"3.57.49",237.49,"Fastest",1]
[2023,"2023-08-06","TRF",null,"HIGHDUCHECK BILL",57,"4.00.01",240.01,"Fastest",1]
[2023,"2023-08-06","TRF",null,"FORSTER NICK",58,"4.03.02",243.02,"Fastest",1]
[2023,"2023-08-06","TRF",null,"MCQUEEN NICK",59,"4.03.50",243.5,"Fastest",1]
[2023,"2023-08-06","TRF",null,"FOWLER CHRISTOPHER",60,"4.04.17",244.17,"Fastest",1]
[2023,"2023-08-06","TRF",null,"PATZOLD RICK",61,"4.05.02",245.02,"",10]
[2023,"2023-08-06","TRF",null,"COPP PHIL",62,"4.05.15",245.15,"",10]
[2023,"2023-08-06","TRF",null,"GODINEZ JANUEL",63,"4.05.45",245.45,"Fastest",1]
[2023,"2023-08-06","TRF",null,"SMITH BENJAMIN",64,"4.06.02",246.02,"Fastest",1]
[2023,"2023-08-06","TRF",null,"O'SULLIVAN ROBERT",65,"4.06.16",246.16,"Fastest",1]
[2023,"2023-08-06","TRF",null,"PERRY TODD",66,"4.06.50",246.5,"Fastest",1]
[2023,"2023-08-06","TRF",null,"MCCORMACK SCOTT",67,"4.09.16",249.16,"Fastest",1]
[2023,"2023-08-06","TRF",null,"SPEKKING ALEX",68,"4.10.20",250.2,"Fastest",1]
[2023,"2023-08-06","TRF",null,"BROSTROM ELDERENE",69,"4.12.16",252.16,"",11]
[2023,"2023-08-06","TRF",null,"HENDERSON ANTHEA",70,"4.12.23",252.23,"",2]
[2023,"2023-08-06","TRF",null,"O'BRIEN RAY",71,"4.13.16",253.16,"Fastest",6]
[2023,"2023-08-06","TRF",null,"COOKE BRENDAN",72,"4.13.40",253.4,"Fastest",1]
[2023,"2023-08-06","TRF",null,"LOGAN MACKENZIE",73,"4.13.44",253.44,"Fastest",1]
[2023,"2023-08-06","TRF",null,"SKINNER KRISTIAN",74,"4.14.23",254.23,"Fastest",1]
[2023,"2023-08-06","TRF",null,"NIEMI NOAH",75,"4.14.36",254.36,"Fastest",1]
[2023,"2023-08-06","TRF",null,"MCAULLAY JOEL",76,"4.14.39",254.39,"Fastest",1]
[2023,"2023-08-06","TRF",null,"WARD NIBODDHRI",77,"4.14.41",254.41,"Fastest",1]
[2023,"2023-08-06","TRF",null,"NAVARRO OTERO ALEJANDRO",78,"4.15.21",255.21,"Fastest",1]
[2023,"2023-08-06","TRF",null,"AULBURY CHRIS",79,"4.15.26",255.26,"Fastest",2]
[2023,"2023-08-06","TRF",null,"MOORE CHRIS",80,"4.15.34",255.34,"Fastest",1]
[2023,"2023-08-06","TRF",null,"PFOEFFER LUKE",81,"4.16.02",256.02,"Fastest",2]
[2023,"2023-08-06","TRF",null,"ZONTA ANA",82,"4.16.17",256.17,"Fastest",1]
[2023,"2023-08-06","TRF",null,"CLARE ELSIE",83,"4.16.42",256.42,"Fastest",2]
[2023,"2023-08-06","TRF",null,"DE SOUZA PAULO",84,"4.18.22",258.22000000000003,"Fastest",1]
[2023,"2023-08-06","TRF",null,"JEWELL JAI",85,"4.20.26",260.26,"Fastest",1]
[2023,"2023-08-06","TRF",null,"PERKINS DAVE",86,"4.22.30",262.3,"",16]
[2023,"2023-08-06","TRF",null,"GRIFFIN MIKAYLA",87,"4.22.42",262.42,"Fastest",1]
[2023,"2023-08-06","TRF",null,"BRINDLEY JAMES",88,"4.24.52",264.52,"Fastest",1]
[2023,"2023-08-06","TRF",null,"GEORGAKOPOULOS BLAKE",89,"4.25.02",265.02,"Fastest",1]
[2023,"2023-08-06","TRF",null,"MCGOWAN MADDY",90,"4.25.02",265.02,"Fastest",1]
[2023,"2023-08-06","TRF",null,"HEADS BECKY",91,"4.25.30",265.3,"Fastest",3]
[2023,"2023-08-06","TRF",null,"RIGBY ZACHARY",92,"4.26.17",266.17,"Fastest",1]
[2023,"2023-08-06","TRF",null,"PRESTIDGE MARK",93,"4.26.32",266.32,"Fastest",1]
[2023,"2023-08-06","TRF",null,"NAUGHTON SCOTT",94,"4.26.48",266.48,"Fastest",1]
[2023,"2023-08-06","TRF",null,"SIMPSON LACHLAN",95,"4.27.55",267.55,"Fastest",1]
[2023,"2023-08-06","TRF",null,"NORRIS BERNIE",96,"4.28.31",268.31,"",19]
[2023,"2023-08-06","TRF",null,"PAYNE REBECCA",97,"4.28.49",268.49,"Fastest",1]
[2023,"2023-08-06","TRF",null,"ENGLISH STEPHEN",98,"4.30.03",270.02999999999997,"",2]
[2023,"2023-08-06","TRF",null,"EWENS TIM",99,"4.30.41",270.41000000000003,"Fastest",4]
[2023,"2023-08-06","TRF",null,"BROWN MORGAN",100,"4.30.47",270.47000000000003,"Fastest",1]
[2023,"2023-08-06","TRF",null,"THIELTGES MAJA",101,"4.30.51",270.51,"Fastest",1]
[2023,"2023-08-06","TRF",null,"HORE LIZZY",102,"4.31.17",271.17,"Fastest",1]
[2023,"2023-08-06","TRF",null,"YOUNG PAUL",103,"4.31.17",271.17,"Fastest",1]
[2023,"2023-08-06","TRF",null,"SPRATLING MICK",104,"4.32.17",272.17,"Fastest",1]
[2023,"2023-08-06","TRF",null,"HASTEWELL BRAD",105,"4.32.17",272.17,"Fastest",8]
[2023,"2023-08-06","TRF",null,"HARRIS ILONA",106,"4.32.18",272.18,"Fastest",1]
[2023,"2023-08-06","TRF",null,"LAURITZ JAKE",107,"4.32.20",272.2,"Fastest",1]
[2023,"2023-08-06","TRF",null,"COHEN CHRIS",108,"4.33.44",273.44,"Fastest",1]
[2023,"2023-08-06","TRF",null,"NAU MATTHEW",109,"4.34.02",274.02,"Fastest",1]
[2023,"2023-08-06","TRF",null,"PRAVEEN VENKATA",110,"4.34.03",274.02999999999997,"Fastest",1]
[2023,"2023-08-06","TRF",null,"PEARS JACKIE",111,"4.34.51",274.51,"Fastest",1]
[2023,"2023-08-06","TRF",null,"MAHER BEN",112,"4.35.03",275.02999999999997,"Fastest",1]
[2023,"2023-08-06","TRF",null,"WOON CHEUNG CHAN KAREN",113,"4.36.26",276.26,"",3]
[2023,"2023-08-06","TRF",null,"ALDERSON BENJAMIN",114,"4.37.26",277.26,"Fastest",1]
[2023,"2023-08-06","TRF",null,"NEIMANIS GRETA",115,"4.37.39",277.39,"Fastest",2]
[2023,"2023-08-06","TRF",null,"BAINBRIDGE DEAN",116,"4.38.20",278.2,"",7]
[2023,"2023-08-06","TRF",null,"STOLZ NATHAN",117,"4.38.42",278.42,"Fastest",1]
[2023,"2023-08-06","TRF",null,"DUNN MITCH",118,"4.39.18",279.18,"Fastest",1]
[2023,"2023-08-06","TRF",null,"COMAN RORY",119,"4.39.27",279.27,"Fastest",1]
[2023,"2023-08-06","TRF",null,"FEAVER MICHAEL",120,"4.40.03",280.02999999999997,"Fastest",1]
[2023,"2023-08-06","TRF",null,"WOOLFE KYLE",121,"4.40.27",280.27,"Fastest",1]
[2023,"2023-08-06","TRF",null,"KELLY DAVE",122,"4.42.47",282.47000000000003,"",5]
[2023,"2023-08-06","TRF",null,"BUXTON JOSH",123,"4.43.18",283.18,"Fastest",2]
[2023,"2023-08-06","TRF",null,"RYAN ROBBIE",124,"4.43.30",283.3,"Fastest",2]
[2023,"2023-08-06","TRF",null,"BAKER EMILY",125,"4.45.18",285.18,"Fastest",1]
[2023,"2023-08-06","TRF",null,"BULLOCK LARA",126,"4.45.35",285.35000000000002,"Fastest",1]
[2023,"2023-08-06","TRF",null,"GIBSON MIKE",127,"4.45.46",285.45999999999998,"Fastest",1]
[2023,"2023-08-06","TRF",null,"O'CONNOR THERESA",128,"4.47.26",287.26,"",10]
[2023,"2023-08-06","TRF",null,"HOGGAN JOHN",129,"4.47.31",287.31,"",11]
[2023,"2023-08-06","TRF",null,"LABUSCHAGNE ROSEMARIE",130,"4.49.02",289.02,"",5]
[2023,"2023-08-06","TRF",null,"RICHARDS ALEXANDER",131,"4.49.51",289.51,"Fastest",1]
[2023,"2023-08-06","TRF",null,"NUTTALL GRAHAM",132,"4.50.45",290.45,"Fastest",2]
[2023,"2023-08-06","TRF",null,"MATHESON RENEE",133,"4.53.22",293.22000000000003,"Fastest",1]
[2023,"2023-08-06","TRF",null,"MATHESON CHRISTIAN",134,"4.53.24",293.24,"",3]
[2023,"2023-08-06","TRF",null,"SEMPLE GILLIAN",135,"4.55.02",295.02,"Fastest",1]
[2023,"2023-08-06","TRF",null,"MILES LUKE",136,"4.55.47",295.47000000000003,"Fastest",2]
[2023,"2023-08-06","TRF",null,"HOBBS SARAH",137,"4.56.35",296.35000000000002,"Fastest",1]
[2023,"2023-08-06","TRF",null,"SAXBY JUDITH",138,"4.56.39",296.39,"Fastest",1]
[2023,"2023-08-06","TRF",null,"SMITH ESTHER",139,"4.59.03",299.02999999999997,"",6]
[2023,"2023-08-06","TRF",null,"AVERY JACQUELINE",140,"4.59.18",299.18,"Fastest",1]
[2023,"2023-08-06","TRF",null,"KENNEDY OLIVIA",141,"4.59.30",299.3,"Fastest",1]
[2023,"2023-08-06","TRF",null,"LYDEAMORE JOANNA",142,"4.59.30",299.3,"Fastest",1]
[2023,"2023-08-06","TRF",null,"STAPLES JANET",143,"5.02.20",302.2,"Fastest",1]
[2023,"2023-08-06","TRF",null,"HOSKING LAURENCE",144,"5.04.26",304.26,"",2]
[2023,"2023-08-06","TRF",null,"STURGESS ROSS",145,"5.09.34",309.33999999999997,"Fastest",1]
[2023,"2023-08-06","TRF",null,"WHEELER CONNOR",146,"5.10.40",310.39999999999998,"Fastest",1]
[2023,"2023-08-06","TRF",null,"GURNEY MICHAEL",147,"5.10.51",310.51,"Fastest",1]
[2023,"2023-08-06","TRF",null,"TITMUS STEVEN",148,"5.12.02","312.02","",19]
[2023,"2023-08-06","TRF",null,"WRIGHT CIANNA",149,"5.12.18",312.18,"Fastest",1]
[2023,"2023-08-06","TRF",null,"MACDONALD DAVID",150,"5.16.40",316.39999999999998,"Fastest",1]
[2023,"2023-08-06","TRF",null,"STURZAKER JANE",151,"5.18.03",318.02999999999997,"",6]
[2023,"2023-08-06","TRF",null,"MCINNES SCOTT",152,"5.18.27",318.27,"",7]
[2023,"2023-08-06","TRF",null,"DRUMMOND DEREK",153,"5.18.52",318.52,"Fastest",1]
[2023,"2023-08-06","TRF",null,"FELESINA TONY",154,"5.19.18",319.18,"",23]
[2023,"2023-08-06","TRF",null,"LYNCH ROBERT",155,"5.22.20",322.2,"Fastest",2]
[2023,"2023-08-06","TRF",null,"BOLTON ROBBIE",156,"5.24.36",324.36,"Fastest",1]
[2023,"2023-08-06","TRF",null,"FORSYTH JULIAN",157,"5.24.37",324.37,"Fastest",1]
[2023,"2023-08-06","TRF",null,"FILBEE LAUREN",158,"5.24.37",324.37,"Fastest",1]
[2023,"2023-08-06","TRF",null,"FURLONG GRANT",159,"5.30.19",330.19,"Fastest",1]
[2023,"2023-08-06","TRF",null,"TE HUANG CHING",160,"5.36.53",336.53,"Fastest",1]
[2023,"2023-08-06","TRF",null,"BUCHANAN STUART",161,"5.37.37",337.37,"Fastest",1]
[2023,"2023-08-06","TRF",null,"JIGANG OU RAYMOND",162,"5.42.35",342.35,"Fastest",1]
[2023,"2023-08-06","TRF",null,"PATERSON SARAH",163,"5.46.49",346.49,"Fastest",1]
[2023,"2023-08-06","TRF",null,"FAGG KEITH",164,"5.47.50",347.5,"",10]
[2023,"2023-08-06","TRF",null,"STANTON GEOFF",165,"5.50.19",350.19,"",20]
[2023,"2023-08-06","TRF",null,"CASTLEY BARRY",166,"6.07.34",367.34,"Fastest",1]
[2023,"2023-08-06","TRF",null,"TRACEY JESSICA",167,"6.09.39",369.39,"Fastest",1]
[2023,"2023-08-06","TRF",null,"MCOMISH CAMERON",168,"6.17.25",377.25,"Fastest",1]
[2023,"2023-08-06","TRF",null,"CANNINGS DAVID",169,"6.19.21",379.21,"",21]
[2023,"2023-08-06","TRF",null,"CASTLEY ZAHNE",170,"6.21.36",381.36,"Fastest",1]
[2023,"2023-08-06","TRF",null,"WILSON RHYS",171,"6.23.32",383.32,"Fastest",1]
[2023,"2023-08-06","TRF",null,"WILSON HANNAH",172,"6.23.33",383.33,"Fastest",1]
[2023,"2023-08-06","TRF",null,"DOLL PETER",173,"6.44.18",404.18,"Fastest",1]
[2023,"2023-08-06","TRF","Wheelchair","JAENKE DAMON",1,"3.24.08",204.08,"",2]
[2023,"2023-08-06","TRF","Wheelchair","KEILLOR CHRIS",2,"4.35.50",275.5,"Fastest",1]
[2024,"2024-08-04","TRF",null,"IWAYA TSUBASA",1,"2.40.39",160.38999999999999,"Fastest",1]
[2024,"2024-08-04","TRF",null,"TSE CHUN HUNG",2,"2.54.58",174.58,"Fastest",1]
[2024,"2024-08-04","TRF",null,"BURKE JASON",3,"2.56.29",176.29,"Fastest",1]
[2024,"2024-08-04","TRF",null,"SMITH AARON",4,"2.57.56",177.56,"Fastest",3]
[2024,"2024-08-04","TRF",null,"OWEN RICKY",5,"2.59.28",179.28,"Fastest",1]
[2024,"2024-08-04","TRF",null,"SAFE NATHAN",6,"2.59.36",179.36,"Fastest",1]
[2024,"2024-08-04","TRF",null,"SWEENEY FRASER",7,"3.01.31",181.31,"Fastest",2]
[2024,"2024-08-04","TRF",null,"ELWORTHY RYAN",8,"3.03.11",183.11,"Fastest",1]
[2024,"2024-08-04","TRF",null,"PARKINS SARAH",9,"3.05.58",185.58,"Fastest",4]
[2024,"2024-08-04","TRF",null,"BRIME LEONEL FERNANDO",10,"3.06.32",186.32,"Fastest",1]
[2024,"2024-08-04","TRF",null,"FLEER KYLE",11,"3.07.53",187.53,"Fastest",2]
[2024,"2024-08-04","TRF",null,"COCHRANE TIM",12,"3.11.11",191.11,"Fastest",1]
[2024,"2024-08-04","TRF",null,"ELWORTHY MATTHEW",13,"3.12.15",192.15,"Fastest",1]
[2024,"2024-08-04","TRF",null,"BALTAIS JONATHON",14,"3.13.21",193.21,"Fastest",1]
[2024,"2024-08-04","TRF",null,"JURRIAANS SASKIA",15,"3.13.40",193.4,"Fastest",1]
[2024,"2024-08-04","TRF",null,"MCMAHON CALLUM",16,"3.14.54",194.54,"Fastest",2]
[2024,"2024-08-04","TRF",null,"WOOD KYLE",17,"3.15.24",195.24,"Fastest",3]
[2024,"2024-08-04","TRF",null,"AMBROSE KYLE",18,"3.16.44",196.44,"Fastest",1]
[2024,"2024-08-04","TRF",null,"RITTER CARMEN",19,"3.21.03",201.03,"Fastest",2]
[2024,"2024-08-04","TRF",null,"WOOSTER MICHAEL",20,"3.22.09",202.09,"Fastest",1]
[2024,"2024-08-04","TRF",null,"FURNESS SCOTT",21,"3.22.38",202.38,"Fastest",1]
[2024,"2024-08-04","TRF",null,"EAGLES RUTH",22,"3.23.00",203,"Fastest",7]
[2024,"2024-08-04","TRF",null,"MUSUMBA CRISPIN",23,"3.23.27",203.27,"Fastest",1]
[2024,"2024-08-04","TRF",null,"ARNOLD DAVID",24,"3.23.44",203.44,"",4]
[2024,"2024-08-04","TRF",null,"BELL ROBERT",25,"3.25.28",205.28,"Fastest",2]
[2024,"2024-08-04","TRF",null,"HERTEN PETER",26,"3.25.44",205.44,"Fastest",1]
[2024,"2024-08-04","TRF",null,"JOHNSON BEN",27,"3.26.31",206.31,"Fastest",1]
[2024,"2024-08-04","TRF",null,"DAITO CHIEMI",28,"3.26.35",206.35,"Fastest",1]
[2024,"2024-08-04","TRF",null,"WASSMUTH CHRISTIAN",29,"3.29.04",209.04,"Fastest",1]
[2024,"2024-08-04","TRF",null,"WEBBER BRIDGET",30,"3.29.34",209.34,"",6]
[2024,"2024-08-04","TRF",null,"JONES RYAN",31,"3.29.49",209.49,"Fastest",1]
[2024,"2024-08-04","TRF",null,"READ COLETTE",32,"3.29.53",209.53,"",13]
[2024,"2024-08-04","TRF",null,"HURD JOSH",33,"3.30.45",210.45,"Fastest",1]
[2024,"2024-08-04","TRF",null,"CRAWFORD MICHELLE",34,"3.31.15",211.15,"Fastest",1]
[2024,"2024-08-04","TRF",null,"KEMEI JOSEPH",35,"3.31.26",211.26,"Fastest",2]
[2024,"2024-08-04","TRF",null,"BOSCHEN MATTHEW",36,"3.31.50",211.5,"",17]
[2024,"2024-08-04","TRF",null,"MAITLAND COOPER",37,"3.31.50",211.5,"Fastest",1]
[2024,"2024-08-04","TRF",null,"DYER SAM",38,"3.32.20",212.2,"Fastest",1]
[2024,"2024-08-04","TRF",null,"MACPHERSON CAMERON",39,"3.32.25",212.25,"Fastest",1]
[2024,"2024-08-04","TRF",null,"NICHOLS TREVOR",40,"3.32.30",212.3,"",2]
[2024,"2024-08-04","TRF",null,"EMERSON JOHN",41,"3.33.00",213,"",7]
[2024,"2024-08-04","TRF",null,"GROEN ESTHER",42,"3.33.18",213.18,"Fastest",1]
[2024,"2024-08-04","TRF",null,"COMPTON LIV",43,"3.34.27",214.27,"Fastest",1]
[2024,"2024-08-04","TRF",null,"MWARIA DAVID",44,"3.35.30",215.3,"Fastest",2]
[2024,"2024-08-04","TRF",null,"HARTE THOMAS",45,"3.35.56",215.56,"Fastest",1]
[2024,"2024-08-04","TRF",null,"MORES JIMSON",46,"3.37.32",217.32,"Fastest",1]
[2024,"2024-08-04","TRF",null,"SKINNER KRISTIAN",47,"3.37.45",217.45,"Fastest",2]
[2024,"2024-08-04","TRF",null,"PENNINGTON RICHARD",48,"3.37.47",217.47,"Fastest",1]
[2024,"2024-08-04","TRF",null,"DONNOLLAN SHANE",49,"3.38.53",218.53,"Fastest",1]
[2024,"2024-08-04","TRF",null,"BEVERLEY JADE",50,"3.39.36",219.36,"Fastest",1]
[2024,"2024-08-04","TRF",null,"COOK HANNAH",51,"3.39.40",219.4,"Fastest",1]
[2024,"2024-08-04","TRF",null,"REID JACK",52,"3.40.20",220.2,"Fastest",2]
[2024,"2024-08-04","TRF",null,"NIEMI NOAH",53,"3.40.22",220.22,"Fastest",2]
[2024,"2024-08-04","TRF",null,"HERON MARK",54,"3.40.35",220.35,"Fastest",2]
[2024,"2024-08-04","TRF",null,"HIRATA TATSUYA",55,"3.41.36",221.36,"Fastest",1]
[2024,"2024-08-04","TRF",null,"BRADBURN BRITTANY",56,"3.41.55",221.55,"Fastest",1]
[2024,"2024-08-04","TRF",null,"KANG JIN-SEUNG",57,"3.42.05",222.05,"Fastest",1]
[2024,"2024-08-04","TRF",null,"LAW PHIL",58,"3.42.25",222.25,"Fastest",2]
[2024,"2024-08-04","TRF",null,"WATFERN KARL",59,"3.44.15",224.15,"Fastest",1]
[2024,"2024-08-04","TRF",null,"BARRA JASON",60,"3.44.30",224.3,"Fastest",2]
[2024,"2024-08-04","TRF",null,"MURRAY KERRIN",61,"3.44.37",224.37,"",4]
[2024,"2024-08-04","TRF",null,"MATTHEWS ROY",62,"3.45.10",225.1,"Fastest",5]
[2024,"2024-08-04","TRF",null,"HEDLEY SCOTT",63,"3.45.18",225.18,"",5]
[2024,"2024-08-04","TRF",null,"DAVIS LACHIE",64,"3.45.32",225.32,"Fastest",1]
[2024,"2024-08-04","TRF",null,"VORDING MARCUS",65,"3.47.04",227.04,"Fastest",1]
[2024,"2024-08-04","TRF",null,"MELLORS HOLLY",66,"3.47.06",227.06,"Fastest",1]
[2024,"2024-08-04","TRF",null,"KERR RYAN",67,"3.47.37",227.37,"Fastest",1]
[2024,"2024-08-04","TRF",null,"KNIGHT-GRAY JUSTIN",68,"3.48.06",228.06,"",3]
[2024,"2024-08-04","TRF",null,"HOCKINGS DAVID",69,"3.48.08",228.08,"",4]
[2024,"2024-08-04","TRF",null,"SMITH HAILEY",70,"3.48.22",228.22,"Fastest",1]
[2024,"2024-08-04","TRF",null,"WILSON GREG",71,"3.48.36",228.36,"",10]
[2024,"2024-08-04","TRF",null,"KIM BJ",72,"3.49.30",229.3,"",2]
[2024,"2024-08-04","TRF",null,"YUSUF DEE",73,"3.49.33",229.33,"Fastest",1]
[2024,"2024-08-04","TRF",null,"CULLEN DAVID",74,"3.50.05",230.05,"",7]
[2024,"2024-08-04","TRF",null,"DICKINSON ERICA",75,"3.50.10",230.1,"Fastest",1]
[2024,"2024-08-04","TRF",null,"PESCATORE MATTHEW",76,"3.51.36",231.36,"Fastest",1]
[2024,"2024-08-04","TRF",null,"BROWN CAMPBELL",77,"3.51.46",231.46,"Fastest",1]
[2024,"2024-08-04","TRF",null,"GOODWIN BLAKE",78,"3.51.50",231.5,"Fastest",1]
[2024,"2024-08-04","TRF",null,"SLEGERS SHANE",79,"3.52.13",232.13,"Fastest",1]
[2024,"2024-08-04","TRF",null,"BULLEY GEORGIA",80,"3.52.47",232.47,"Fastest",1]
[2024,"2024-08-04","TRF",null,"NIELSEN CRAIG",81,"3.53.26",233.26,"Fastest",1]
[2024,"2024-08-04","TRF",null,"HALBERG JONATHAN",82,"3.54.00",234,"Fastest",1]
[2024,"2024-08-04","TRF",null,"LANCINI LUKE",83,"3.54.21",234.21,"Fastest",1]
[2024,"2024-08-04","TRF",null,"VANCE DAVID",84,"3.55.13",235.13,"",4]
[2024,"2024-08-04","TRF",null,"BENSON ZACHARY",85,"3.55.27",235.27,"Fastest",1]
[2024,"2024-08-04","TRF",null,"MORRISON SAM",86,"3.56.45",236.45,"Fastest",1]
[2024,"2024-08-04","TRF",null,"WALKER MIKE",87,"3.57.27",237.27,"Fastest",1]
[2024,"2024-08-04","TRF",null,"PEARCE RYAN",88,"3.57.37",237.37,"Fastest",1]
[2024,"2024-08-04","TRF",null,"GRANT BRADLEY",89,"3.58.15",238.15,"",2]
[2024,"2024-08-04","TRF",null,"HEADS BECKY",90,"3.58.35",238.35,"Fastest",4]
[2024,"2024-08-04","TRF",null,"TAGGART JACK",91,"3.58.45",238.45,"Fastest",1]
[2024,"2024-08-04","TRF",null,"CAREY OLIVER",92,"4.00.48",240.48,"",5]
[2024,"2024-08-04","TRF",null,"CARMICHAEL KERRI",93,"4.01.12",241.12,"Fastest",1]
[2024,"2024-08-04","TRF",null,"STEVENS ALEC",94,"4.01.25",241.25,"Fastest",2]
[2024,"2024-08-04","TRF",null,"LP THOMAS",95,"4.01.36",241.36,"Fastest",1]
[2024,"2024-08-04","TRF",null,"FLOYD JORDAN",96,"4.01.57",241.57,"Fastest",1]
[2024,"2024-08-04","TRF",null,"KWA PAUL",97,"4.02.20",242.2,"Fastest",1]
[2024,"2024-08-04","TRF",null,"TELFORD JAMES",98,"4.02.47",242.47,"Fastest",1]
[2024,"2024-08-04","TRF",null,"ANDERSEN MICKAYLA",99,"4.02.51",242.51,"Fastest",1]
[2024,"2024-08-04","TRF",null,"ADAMS NATHAN",100,"4.05.00",245,"Fastest",2]
[2024,"2024-08-04","TRF",null,"HORN LILLY",101,"4.05.06",245.06,"Fastest",1]
[2024,"2024-08-04","TRF",null,"GILL RUSSELL",102,"4.05.10",245.1,"Fastest",2]
[2024,"2024-08-04","TRF",null,"MCCULLOUGH HOLLIE",103,"4.05.11",245.11,"Fastest",1]
[2024,"2024-08-04","TRF",null,"HACKNEY TERESA",104,"4.06.28",246.28,"Fastest",1]
[2024,"2024-08-04","TRF",null,"TORY SAM",105,"4.06.57",246.57,"Fastest",1]
[2024,"2024-08-04","TRF",null,"ALEXANDER KATIE",106,"4.07.59",247.59,"Fastest",1]
[2024,"2024-08-04","TRF",null,"CROSS ADAM",107,"4.08.03",248.03,"Fastest",1]
[2024,"2024-08-04","TRF",null,"JO YOUNGSU",108,"4.08.30",248.3,"Fastest",1]
[2024,"2024-08-04","TRF",null,"MCMANUS SEAN",109,"4.08.40",248.4,"Fastest",1]
[2024,"2024-08-04","TRF",null,"NISENBLAT MICHAL",110,"4.09.51",249.51,"Fastest",1]
[2024,"2024-08-04","TRF",null,"WEATHERSTONE KELLY",111,"4.10.12",250.12,"Fastest",1]
[2024,"2024-08-04","TRF",null,"DE SOUZA PAULO",112,"4.11.08",251.08,"Fastest",2]
[2024,"2024-08-04","TRF",null,"MACKENZIE PAUL",113,"4.13.31",253.31,"Fastest",1]
[2024,"2024-08-04","TRF",null,"REGAN ANDREW",114,"4.13.35",253.35,"Fastest",1]
[2024,"2024-08-04","TRF",null,"ADIE IWALI",115,"4.14.44",254.44,"Fastest",1]
[2024,"2024-08-04","TRF",null,"RISKE LACHLAN",116,"4.15.20",255.2,"Fastest",1]
[2024,"2024-08-04","TRF",null,"NEWBOND DAVID",117,"4.15.20",255.2,"Fastest",1]
[2024,"2024-08-04","TRF",null,"TELFORD TONY",118,"4.15.57",255.57,"Fastest",1]
[2024,"2024-08-04","TRF",null,"BAKER LUKE",119,"4.16.02",256.02,"Fastest",1]
[2024,"2024-08-04","TRF",null,"O'MALLEY JACK",120,"4.16.07",256.07,"Fastest",1]
[2024,"2024-08-04","TRF",null,"BYRNE ZOE",121,"4.16.30",256.3,"Fastest",2]
[2024,"2024-08-04","TRF",null,"RYAN TAMARA",122,"4.16.35",256.35000000000002,"",10]
[2024,"2024-08-04","TRF",null,"MAJEWSKI CAMERON",123,"4.16.50",256.5,"Fastest",1]
[2024,"2024-08-04","TRF",null,"RENOUF CODY",124,"4.17.07",257.07,"Fastest",1]
[2024,"2024-08-04","TRF",null,"GRIFFIN NICHOLAS",125,"4.19.58",259.58,"Fastest",1]
[2024,"2024-08-04","TRF",null,"PERKINS DAVE",126,"4.20.01",260.01,"",17]
[2024,"2024-08-04","TRF",null,"PATZOLD RICK",127,"4.20.30",260.3,"",11]
[2024,"2024-08-04","TRF",null,"RUSCOE BRITANI",128,"4.20.55",260.55,"Fastest",1]
[2024,"2024-08-04","TRF",null,"EWENS TIM",129,"4.21.10",261.10000000000002,"Fastest",5]
[2024,"2024-08-04","TRF",null,"HEDIN MADELEINE",130,"4.21.10",261.10000000000002,"Fastest",1]
[2024,"2024-08-04","TRF",null,"MCCORMICK CALLUM",131,"4.21.26",261.26,"Fastest",1]
[2024,"2024-08-04","TRF",null,"STOKES ELOISE",132,"4.21.33",261.33,"Fastest",1]
[2024,"2024-08-04","TRF",null,"WENTA BRENDEN",133,"4.21.35",261.35000000000002,"Fastest",1]
[2024,"2024-08-04","TRF",null,"JEROME IAKIMO",134,"4.21.36",261.36,"Fastest",1]
[2024,"2024-08-04","TRF",null,"LOTT JACSON",135,"4.22.25",262.25,"Fastest",1]
[2024,"2024-08-04","TRF",null,"SMART JASON",136,"4.23.08",263.08,"Fastest",1]
[2024,"2024-08-04","TRF",null,"FLEISCHFRESSER TRACEY",137,"4.24.55",264.55,"Fastest",1]
[2024,"2024-08-04","TRF",null,"CROMPTON PETER",138,"4.25.17",265.17,"",4]
[2024,"2024-08-04","TRF",null,"MARUNA BRANDON",139,"4.25.26",265.26,"Fastest",1]
[2024,"2024-08-04","TRF",null,"DAY DANIEL",140,"4.26.02",266.02,"Fastest",1]
[2024,"2024-08-04","TRF",null,"CARMODY SAM",141,"4.26.07",266.07,"Fastest",1]
[2024,"2024-08-04","TRF",null,"STEEN RACHEL",142,"4.26.10",266.10000000000002,"Fastest",1]
[2024,"2024-08-04","TRF",null,"CAMPBELL MARTIN",143,"4.28.51",268.51,"Fastest",1]
[2024,"2024-08-04","TRF",null,"YOUNG IZZY",144,"4.28.57",268.57,"Fastest",1]
[2024,"2024-08-04","TRF",null,"FENTIMAN CALEB",145,"4.29.26",269.26,"Fastest",1]
[2024,"2024-08-04","TRF",null,"SUTHERLAND MICHAEL",146,"4.29.45",269.45,"Fastest",1]
[2024,"2024-08-04","TRF",null,"THOMAS GARY",147,"4.29.45",269.45,"Fastest",1]
[2024,"2024-08-04","TRF",null,"FLYNN-PITTAR ISIS",148,"4.29.51",269.51,"",3]
[2024,"2024-08-04","TRF",null,"THORBURN KARIN",149,"4.29.55",269.55,"",2]
[2024,"2024-08-04","TRF",null,"KLINGNER TIM",150,"4.33.10",273.10000000000002,"Fastest",1]
[2024,"2024-08-04","TRF",null,"CAHAYAG MICHAEL",151,"4.33.40",273.39999999999998,"",2]
[2024,"2024-08-04","TRF",null,"AULBURY CHRIS",152,"4.33.40",273.39999999999998,"",3]
[2024,"2024-08-04","TRF",null,"NORRIS BERNIE",153,"4.33.46",273.45999999999998,"",20]
[2024,"2024-08-04","TRF",null,"RUSSELL PEITA",154,"4.34.15",274.14999999999998,"Fastest",1]
[2024,"2024-08-04","TRF",null,"DENYER LAZAREDES JEAN-LUC",155,"4.34.47",274.47000000000003,"Fastest",1]
[2024,"2024-08-04","TRF",null,"PRIDDLE BEN",156,"4.35.27",275.27,"Fastest",1]
[2024,"2024-08-04","TRF",null,"NEIMANIS PETER",157,"4.35.31",275.31,"",9]
[2024,"2024-08-04","TRF",null,"NEIMANIS GRETA",158,"4.35.31",275.31,"Fastest",3]
[2024,"2024-08-04","TRF",null,"TREE TRACEY",159,"4.36.25",276.25,"Fastest",1]
[2024,"2024-08-04","TRF",null,"ENGLISH STEPHEN",160,"4.36.58",276.58,"",3]
[2024,"2024-08-04","TRF",null,"NUI MARVIN",161,"4.37.11",277.11,"Fastest",1]
[2024,"2024-08-04","TRF",null,"FRY TIMOTHY",162,"4.37.30",277.3,"Fastest",1]
[2024,"2024-08-04","TRF",null,"SCHOENE KIRSTINE",163,"4.37.41",277.41000000000003,"Fastest",1]
[2024,"2024-08-04","TRF",null,"MCGOWAN MILLIE",164,"4.38.40",278.39999999999998,"Fastest",1]
[2024,"2024-08-04","TRF",null,"DAVILL CAITLYN",165,"4.38.55",278.55,"Fastest",1]
[2024,"2024-08-04","TRF",null,"WARDLE MARTIN",166,"4.39.18",279.18,"Fastest",1]
[2024,"2024-08-04","TRF",null,"SPEKKING ALEX",167,"4.40.00",280,"",2]
[2024,"2024-08-04","TRF",null,"O'BRIEN SUE",168,"4.41.02",281.02,"",6]
[2024,"2024-08-04","TRF",null,"O'BRIEN ANDREW",169,"4.41.05",281.05,"",5]
[2024,"2024-08-04","TRF",null,"KELLY DAVE",170,"4.41.51",281.51,"",6]
[2024,"2024-08-04","TRF",null,"KING CAMERON",171,"4.42.22",282.22000000000003,"Fastest",1]
[2024,"2024-08-04","TRF",null,"CANAPI ALEXANDRIA",172,"4.42.32",282.32,"Fastest",1]
[2024,"2024-08-04","TRF",null,"DEMIRCAN EKREM",173,"4.43.20",283.2,"Fastest",1]
[2024,"2024-08-04","TRF",null,"SABADINA CHRIS",174,"4.44.15",284.14999999999998,"Fastest",1]
[2024,"2024-08-04","TRF",null,"ELLSMORE VERONICA",175,"4.45.25",285.25,"Fastest",1]
[2024,"2024-08-04","TRF",null,"MORRIS DOUG",176,"4.45.42",285.42,"Fastest",1]
[2024,"2024-08-04","TRF",null,"PRAVEEN VENKATA",177,"4.45.46",285.45999999999998,"",2]
[2024,"2024-08-04","TRF",null,"STANEK NICHOLAS",178,"4.47.25",287.25,"Fastest",1]
[2024,"2024-08-04","TRF",null,"BRODRIBB KELSIE",179,"4.49.21",289.20999999999998,"Fastest",1]
[2024,"2024-08-04","TRF",null,"D'AMICO TONY",180,"4.49.32",289.32,"Fastest",1]
[2024,"2024-08-04","TRF",null,"CLEMENTS KIARA",181,"4.49.45",289.45,"Fastest",1]
[2024,"2024-08-04","TRF",null,"GILL MARTIN",182,"4.52.20",292.2,"",5]
[2024,"2024-08-04","TRF",null,"BACON LUKE",183,"4.53.01",293.01,"Fastest",1]
[2024,"2024-08-04","TRF",null,"BUXTON JOSH",184,"4.53.46",293.45999999999998,"",3]
[2024,"2024-08-04","TRF",null,"HOGGAN JOHN",185,"4.55.10",295.10000000000002,"",12]
[2024,"2024-08-04","TRF",null,"DEARAUGO SEAN",186,"4.55.50",295.5,"Fastest",1]
[2024,"2024-08-04","TRF",null,"COCKSHOTT JOE",187,"4.57.42",297.42,"Fastest",1]
[2024,"2024-08-04","TRF",null,"WOOKEY MARNEE",188,"4.57.42",297.42,"Fastest",1]
[2024,"2024-08-04","TRF",null,"BARFIELD CHRISTOPHER",189,"4.58.01",298.01,"Fastest",1]
[2024,"2024-08-04","TRF",null,"O'BRIEN RAY",190,"4.58.10",298.10000000000002,"",7]
[2024,"2024-08-04","TRF",null,"HASTEWELL BRAD",191,"4.58.20",298.2,"",9]
[2024,"2024-08-04","TRF",null,"LOWE DARREN",192,"4.58.26",298.26,"Fastest",1]
[2024,"2024-08-04","TRF",null,"COOLEE LIZ",193,"4.58.27",298.27,"Fastest",1]
[2024,"2024-08-04","TRF",null,"COLE TAYLAH",194,"5.00.30",300.3,"Fastest",1]
[2024,"2024-08-04","TRF",null,"SMITH ESTHER",195,"5.00.40",300.39999999999998,"",7]
[2024,"2024-08-04","TRF",null,"DREGER ANDREW",196,"5.01.57",301.57,"Fastest",1]
[2024,"2024-08-04","TRF",null,"DONNOLLAN ELLA",197,"5.02.53",302.52999999999997,"Fastest",1]
[2024,"2024-08-04","TRF",null,"CLOWES MONTY",198,"5.03.36",303.36,"",2]
[2024,"2024-08-04","TRF",null,"TITMUS STEVEN",199,"5.03.42",303.42,"",20]
[2024,"2024-08-04","TRF",null,"BROWN TREVOR",200,"5.05.25",305.25,"",7]
[2024,"2024-08-04","TRF",null,"DANN ZACHARY",201,"5.06.56",306.56,"Fastest",1]
[2024,"2024-08-04","TRF",null,"SMITH KYLE",202,"5.06.56",306.56,"Fastest",1]
[2024,"2024-08-04","TRF",null,"DE WEE ADELE",203,"5.07.22",307.22000000000003,"Fastest",1]
[2024,"2024-08-04","TRF",null,"AYERS JOHN",204,"5.09.15",309.14999999999998,"",2]
[2024,"2024-08-04","TRF",null,"DE LANGE BRONWEN",205,"5.09.20",309.2,"Fastest",1]
[2024,"2024-08-04","TRF",null,"O'NEILL SCOTT",206,"5.09.52",309.52,"Fastest",1]
[2024,"2024-08-04","TRF",null,"CONDUIT ALEX",207,"5.10.12",310.12,"Fastest",2]
[2024,"2024-08-04","TRF",null,"ISBISTER LILIANA",208,"5.13.10",313.10000000000002,"Fastest",1]
[2024,"2024-08-04","TRF",null,"BIWER ISAK",209,"5.13.10",313.10000000000002,"Fastest",1]
[2024,"2024-08-04","TRF",null,"MORRISSEY PAUL",210,"5.15.28",315.27999999999997,"Fastest",1]
[2024,"2024-08-04","TRF",null,"ERNST TOM",211,"5.18.39",318.39,"Fastest",1]
[2024,"2024-08-04","TRF",null,"NORTHFIELD RODNEY",212,"5.21.30",321.3,"",15]
[2024,"2024-08-04","TRF",null,"RAFTER JESSICA",213,"5.26.22",326.22000000000003,"Fastest",1]
[2024,"2024-08-04","TRF",null,"CHEYNE CLAIRE",214,"5.26.30",326.3,"Fastest",1]
[2024,"2024-08-04","TRF",null,"FELESINA TONY",215,"5.26.42",326.42,"",24]
[2024,"2024-08-04","TRF",null,"O'CONNOR CHRISTIAN",216,"5.29.26",329.26,"Fastest",1]
[2024,"2024-08-04","TRF",null,"O'CONNOR THERESA",217,"5.29.26",329.26,"",11]
[2024,"2024-08-04","TRF",null,"HOBBS SARAH",218,"5.30.35",330.35,"",2]
[2024,"2024-08-04","TRF",null,"WOODWARD MICHAEL",219,"5.32.15",332.15,"Fastest",1]
[2024,"2024-08-04","TRF",null,"PITCHER RODNEY",220,"5.34.10",334.1,"Fastest",1]
[2024,"2024-08-04","TRF",null,"CRASE WAYNE",221,"5.36.22",336.22,"",13]
[2024,"2024-08-04","TRF",null,"TAVILL RJ",222,"5.36.51",336.51,"Fastest",1]
[2024,"2024-08-04","TRF",null,"WANT MERLE",223,"5.38.50",338.5,"Fastest",1]
[2024,"2024-08-04","TRF",null,"MCINNES SCOTT",224,"5.41.11",341.11,"",8]
[2024,"2024-08-04","TRF",null,"GIRVEN SAM",225,"5.41.13",341.13,"Fastest",1]
[2024,"2024-08-04","TRF",null,"JENNINGS ALLIRRA",226,"5.43.46",343.46,"Fastest",1]
[2024,"2024-08-04","TRF",null,"EZEKIELA DARRYL",227,"5.45.25",345.25,"Fastest",1]
[2024,"2024-08-04","TRF",null,"FAGG KEITH",228,"5.47.21",347.21,"",11]
[2024,"2024-08-04","TRF",null,"ARNOLD VANESSA",229,"6.06.06",366.06,"Fastest",1]
[2024,"2024-08-04","TRF",null,"ALDERSON JACKSON",230,"6.11.14",371.14,"Fastest",1]
[2024,"2024-08-04","TRF",null,"ALDERSON BENJAMIN",231,"6.11.16",371.16,"",2]
[2024,"2024-08-04","TRF",null,"MCLEAN ABBY",232,"6.16.30",376.3,"Fastest",1]
[2024,"2024-08-04","TRF",null,"LABUSCHAGNE ROSEMARIE",233,"6.24.53",384.53,"",6]
[2024,"2024-08-04","TRF",null,"ZELESCO KARINA",234,"6.34.05",394.05,"Fastest",1]
[2024,"2024-08-04","TRF",null,"BANKS COLIN","DNF","DNF","DNF","",7]
[2024,"2024-08-04","TRF",null,"O'HAGAN BRAD","DNF","DNF","DNF","",0]
[2024,"2024-08-04","TRF",null,"PICKERING REES","DNF","DNF","DNF","",0]
[2024,"2024-08-04","TRF",null,"KIRKPATRICK MICHAEL","DNF","DNF","DNF","",0]
[2024,"2024-08-04","TRF",null,"GRANGE LEWIS","DNF","DNF","DNF","",0]
[2024,"2024-08-04","TRF",null,"OLIVER DEON","DNF","DNF","DNF","",0]
[2024,"2024-08-04","TRF",null,"DUNCAN RILEY","DNF","DNF","DNF","",0]
[2024,"2024-08-04","TRF",null,"RICHES SHAYNE","DNF","DNF","DNF","",0]
[2024,"2024-08-04","TRF",null,"WITT SARAH-ANN","DNF","DNF","DNF","",0]
[2024,"2024-08-04","TRF",null,"WATTS MADISON","DNF","DNF","DNF","",0]
[2024,"2024-08-04","TRF","Wheelchair","JAENKE DAMON",1,"3.22.59",202.59,"",3]
[2024,"2024-08-04","TRF","Wheelchair","ANSELL TERRY",2,"4.47.45",287.45,"Fastest",2]

{"sheet":"Notes","index":3,"n_rows":3,"n_cols":1,"rows_kept":3,"cut":false,"hidden":true,"merged":[]}
["1973 and 1974 has several people without times - 1 year there was an issue with the course length being significantly short but some people were given a time so I can only assume they completed the distance."]
["In 2000, there was a timing issue and no times were available."]
["Be careful with Matt Baker - There is a Matt Baker who has done 9 runs and another younger Matt Baker who done 1 run in 2012.  Both did the 2012 TRF.  The Age group and Year is used to separate them.  "]